000
CXUS56 KSGX 012233
CLMRNM
CLIMATE REPORT
NATIONAL WEATHER SERVICE SAN DIEGO, CA
333 PM PDT SAT APR 01 2023
...................................
...THE RAMONA AIRPORT CA CLIMATE SUMMARY FOR THE MONTH OF MARCH 2023...
CLIMATE NORMAL PERIOD: 1991 TO 2020
CLIMATE RECORD PERIOD: 1974 TO 2023
WEATHER OBSERVED NORMAL DEPART LAST YEAR`S
VALUE DATE(S) VALUE FROM VALUE DATE(S)
NORMAL
................................................................
TEMPERATURE (F)
RECORD
HIGH 94 03/26/1988
LOW 24 03/15/1977
03/02/1977
03/01/1977
HIGHEST 74 03/18 68 6 86 03/24
03/25
LOWEST 27 03/02 41 -14 27 03/11
AVG. MAXIMUM 61.2 67.7 -6.5 71.7
AVG. MINIMUM 38.5 39.8 -1.3 37.8
MEAN 49.8 53.8 -4.0 54.8
DAYS MAX >= 90 0 0.2 -0.2 0
DAYS MAX <= 32 0 0.0 0.0 0
DAYS MAX >= 45 30 31
DAYS MAX >= 120 0 0
DAYS MIN <= 32 6 3.6 2.4 6
DAYS MIN <= 0 0 0.0 0.0 0
PRECIPITATION (INCHES)
RECORD
MAXIMUM 10.55 1991
MINIMUM 0.00 1997
TOTALS 6.51 2.30 4.21 2.02
DAILY AVG. 0.22 0.07 0.15 0.07
DAYS >= .01 12 7.2 4.8 6
DAYS >= .10 9 3.5 5.5 4
DAYS >= .50 4 1.0 3.0 2
DAYS >= 1.00 2 0.2 1.8 0
DAYS >= %-5.2F 0 0
DAYS >= %-5.2F 0 0
GREATEST
24 HR. TOTAL 1.87 03/21 TO 03/21 0.98 03/28 TO 03/29
STORM TOTAL 1.87 0.97
(MM/DD(HH)) MM
DEGREE DAYS
HEATING TOTAL 451 349 102 309
SINCE 7/1 2274 1949 325 MM
COOLING TOTAL 0 0 0 0
SINCE 1/1 0 2 -2 MM
FREEZE DATES
RECORD
EARLIEST 10/10/1974
LATEST 05/07/1975
EARLIEST 11/04
LATEST 05/11
................................................................
WIND (MPH)
AVERAGE WIND SPEED 5.1
RESULTANT WIND SPEED/DIRECTION 3/250
HIGHEST WIND SPEED/DIRECTION 35/240 DATE 03/01
HIGHEST GUST SPEED/DIRECTION 47/250 DATE 03/01
SKY COVER
POSSIBLE SUNSHINE (PERCENT) MM
AVERAGE SKY COVER 0.54
NUMBER OF DAYS FAIR 8
NUMBER OF DAYS PC 12
NUMBER OF DAYS CLOUDY 11
AVERAGE RH (PERCENT) 75
WEATHER CONDITIONS. NUMBER OF DAYS WITH
THUNDERSTORM 0 MIXED PRECIP 0
HEAVY RAIN 8 RAIN 9
LIGHT RAIN 13 FREEZING RAIN 0
LT FREEZING RAIN 0 HAIL 0
HEAVY SNOW 0 SNOW 0
LIGHT SNOW 0 SLEET 0
FOG 31 FOG W/VIS <= 1/4 MILE 11
HAZE 10
- INDICATES NEGATIVE NUMBERS.
R INDICATES RECORD WAS SET OR TIED.
MM INDICATES DATA IS MISSING.
T INDICATES TRACE AMOUNT.
$$