000
CXUS55 KABQ 011115
CF6ROW
PRELIMINARY LOCAL CLIMATOLOGICAL DATA (WS FORM: F-6)
STATION: ROSWELL NM
MONTH: AUGUST
YEAR: 2021
LATITUDE: 33 17 N
LONGITUDE: 104 32 W
TEMPERATURE IN F: :PCPN: SNOW: WIND :SUNSHINE: SKY :PK WND
================================================================================
1 2 3 4 5 6A 6B 7 8 9 10 11 12 13 14 15 16 17 18
12Z AVG MX 2MIN
DY MAX MIN AVG DEP HDD CDD WTR SNW DPTH SPD SPD DIR MIN PSBL S-S WX SPD DR
================================================================================
1 90 72 81 -2 0 16 T 0.0 0 12.2 21 20 M M 3 28 30
2 84 68 76 -7 0 11 T 0.0 0 6.9 12 50 M M 6 8 17 50
3 88 67 78 -5 0 13 0.00 0.0 0 7.7 17 150 M M 3 8 32 190
4 87 68 78 -5 0 13 T 0.0 0 5.9 15 230 M M 5 19 230
5 93 64 79 -4 0 14 0.00 0.0 0 6.0 12 230 M M 0 16 220
6 97 63 80 -3 0 15 0.00 0.0 0 8.4 18 160 M M 0 28 170
7 100 68 84 1 0 19 0.00 0.0 0 11.1 31 240 M M 0 39 240
8 100 72 86 3 0 21 T 0.0 0 7.8 16 350 M M 0 8 23 10
9 105 67 86 3 0 21 T 0.0 0 8.0 21 290 M M 0 27 290
10 97 68 83 0 0 18 0.00 0.0 0 8.3 25 240 M M 0 33 230
11 92 73 83 1 0 18 0.00 0.0 0 8.6 24 240 M M 1 33 250
12 93 67 80 -2 0 15 0.00 0.0 0 9.4 20 170 M M 2 31 140
13 80 67 74 -8 0 9 0.61 0.0 0 6.5 15 70 M M 8 1 22 220
14 79 68 74 -8 0 9 0.09 0.0 0 4.7 15 160 M M 7 1 20 160
15 85 66 76 -6 0 11 0.00 0.0 0 5.5 18 170 M M 4 23 180
16 87 66 77 -5 0 12 0.00 0.0 0 8.6 23 90 M M 5 1238 31 80
17 88 66 77 -5 0 12 0.00 0.0 0 6.3 15 170 M M 1 20 160
18 93 66 80 -2 0 15 0.00 0.0 0 8.9 21 200 M M 1 1 28 190
19 95 66 81 0 0 16 0.00 0.0 0 6.4 18 180 M M 1 26 170
20 97 66 82 1 0 17 0.00 0.0 0 6.3 14 180 M M 1 22 240
21 97 65 81 0 0 16 0.00 0.0 0 7.4 23 160 M M 0 32 120
22 93 67 80 -1 0 15 0.00 0.0 0 7.9 18 200 M M 0 23 210
23 98 67 83 2 0 18 T 0.0 0 6.7 16 200 M M 0 22 170
24 99 66 83 3 0 18 0.00 0.0 0 5.6 16 270 M M 0 21 120
25 99 66 83 3 0 18 0.00 0.0 0 7.8 20 160 M M 0 8 27 150
26 94 66 80 0 0 15 0.00 0.0 0 7.9 18 170 M M 0 24 180
27 95 68 82 2 0 17 0.00 0.0 0 8.0 18 180 M M 1 23 170
28 96 66 81 1 0 16 0.00 0.0 0 7.2 20 290 M M 1 28 150
29 92 68 80 1 0 15 T 0.0 0 8.1 23 60 M M 3 3 30 50
30 91 68 80 1 0 15 0.00 0.0 0 7.6 18 350 M M 1 3 27 340
31 95 67 81 2 0 16 0.00 0.0 0 5.8 20 270 M M 1 25 270
================================================================================
SM 2879 2082 0 474 0.70 0.0 233.5 M 55
================================================================================
AV 92.9 67.2 7.5 FASTST M M 2 MAX(MPH)
MISC ----> 31 240 39 240
================================================================================
NOTES:
# LAST OF SEVERAL OCCURRENCES
COLUMN 17 PEAK WIND IN M.P.H.
PRELIMINARY LOCAL CLIMATOLOGICAL DATA (WS FORM: F-6) , PAGE 2
STATION: ROSWELL NM
MONTH: AUGUST
YEAR: 2021
LATITUDE: 33 17 N
LONGITUDE: 104 32 W
[TEMPERATURE DATA] [PRECIPITATION DATA] SYMBOLS USED IN COLUMN 16
AVERAGE MONTHLY: 80.0 TOTAL FOR MONTH: 0.70 1 = FOG OR MIST
DPTR FM NORMAL: -1.6 DPTR FM NORMAL: -0.98 2 = FOG REDUCING VISIBILITY
HIGHEST: 105 ON 9 GRTST 24HR 0.62 ON 12-13 TO 1/4 MILE OR LESS
LOWEST: 63 ON 6 3 = THUNDER
SNOW, ICE PELLETS, HAIL 4 = ICE PELLETS
TOTAL MONTH: 0.0 INCH 5 = HAIL
GRTST 24HR 0.0 6 = FREEZING RAIN OR DRIZZLE
GRTST DEPTH: 0 7 = DUSTSTORM OR SANDSTORM:
VSBY 1/2 MILE OR LESS
8 = SMOKE OR HAZE
[NO. OF DAYS WITH] [WEATHER - DAYS WITH] 9 = BLOWING SNOW
X = TORNADO
MAX 32 OR BELOW: 0 0.01 INCH OR MORE: 2
MAX 90 OR ABOVE: 23 0.10 INCH OR MORE: 1
MIN 32 OR BELOW: 0 0.50 INCH OR MORE: 1
MIN 0 OR BELOW: 0 1.00 INCH OR MORE: 0
[HDD (BASE 65) ]
TOTAL THIS MO. 0 CLEAR (SCALE 0-3) 24
DPTR FM NORMAL 0 PTCLDY (SCALE 4-7) 6
TOTAL FM JUL 1 0 CLOUDY (SCALE 8-10) 1
DPTR FM NORMAL 0
[CDD (BASE 65) ]
TOTAL THIS MO. 474
DPTR FM NORMAL -41 [PRESSURE DATA]
TOTAL FM JAN 1 1736 HIGHEST SLP 30.19 ON 14
DPTR FM NORMAL -140 LOWEST SLP 29.59 ON 31
[REMARKS]
#FINAL-08-21#