000
CXUS56 KFGZ 010910
CF6RQE
PRELIMINARY LOCAL CLIMATOLOGICAL DATA (WS FORM: F-6)
STATION: WINDOW ROCK AZ AIRPORT
MONTH: OCTOBER
YEAR: 2023
LATITUDE: 35 39 N
LONGITUDE: 109 4 W
TEMPERATURE IN F: :PCPN: SNOW: WIND :SUNSHINE: SKY :PK WND
================================================================================
1 2 3 4 5 6A 6B 7 8 9 10 11 12 13 14 15 16 17 18
12Z AVG MX 2MIN
DY MAX MIN AVG DEP HDD CDD WTR SNW DPTH SPD SPD DIR MIN PSBL S-S WX SPD DR
================================================================================
1 75 34 55 0 10 0 0.00 M M 7.6 30 210 M M 2 8 42 220
2 67 34 51 -4 14 0 0.00 M M 7.7 30 240 M M 2 3 36 250
3 67 28 48 -6 17 0 0.00 M M 3.5 14 320 M M 0 18 240
4 69 28 49 -5 16 0 0.00 M M 4.4 15 30 M M 0 19 20
5 75 25 50 -3 15 0 0.00 M M 2.8 13 70 M M 0 18 60
6 77 28 53 0 12 0 0.00 M M 1.7 10 330 M M 0 14 130
7 79 34 57 5 8 0 0.00 M M 2.8 13 60 M M 2 19 70
8 74 33 54 2 11 0 0.04 M M 2.9 21 270 M M 2 3 32 260
9 72 31 52 0 13 0 T M M 4.6 18 190 M M 2 25 180
10 72 31 52 1 13 0 0.00 M M 4.6 22 230 M M 1 27 220
11 73 37 55 4 10 0 0.00 M M 14.8 33 240 M M 1 8 44 230
12 58 32 45 -5 20 0 0.00 M M 7.2 22 290 M M 1 30 300
13 64 19 42 -8 23 0 0.00 M M 2.5 14 260 M M 0 26 240
14 71 25 48 -2 17 0 0.00 M M 2.1 13 70 M M 0 17 60
15 75 23 49 0 16 0 0.00 M M 1.6 12 60 M M 0 8 15 60
16 79 26 53 4 12 0 0.00 M M 2.1 12 280 M M 0 16 220
17 78 28 53 4 12 0 0.00 M M 1.8 13 320 M M 0 18 270
18 78 32 55 7 10 0 0.00 M M 4.7 18 350 M M 0 33 320
19 82 30 56 8 9 0 0.00 M M 2.9 15 330 M M 0 22 340
20 80 27 54 6 11 0 0.00 M M 2.2 14 290 M M 0 20 260
21 78 29 54 7 11 0 0.00 M M 3.9 21 230 M M 0 29 220
22 75 29 52 5 13 0 0.00 M M 3.5 18 180 M M 0 31 150
23 71 28 50 3 15 0 0.00 M M 4.3 26 200 M M 0 36 200
24 63 35 49 3 16 0 0.01 M M 3.2 15 10 M M 4 20 360
25 66 28 47 1 18 0 0.00 M M 4.9 18 260 M M 1 27 250
26 63 29 46 0 19 0 0.00 M M 5.7 20 240 M M 2 26 230
27 66 33 50 5 15 0 0.00 M M 4.5 18 250 M M 1 26 250
28 63 41 52 7 13 0 0.00 M M 9.5 26 250 M M 3 37 230
29 55 22 39 -6 26 0 0.00 M M 5.5 16 340 M M 1 24 350
30 50 8 29 -15 36 0 0.00 M M 3.1 12 80 M M 0 19 110
31 56 8 32 -12 33 0 0.00 M M 2.2 12 90 M M 0 17 90
================================================================================
SM 2171 875 484 0 0.05 M 134.8 M 25
================================================================================
AV 70.0 28.2 4.3 FASTST M M 1 MAX(MPH)
MISC ----> 33 240 44 230
================================================================================
NOTES:
# LAST OF SEVERAL OCCURRENCES
COLUMN 17 PEAK WIND IN M.P.H.
PRELIMINARY LOCAL CLIMATOLOGICAL DATA (WS FORM: F-6) , PAGE 2
STATION: WINDOW ROCK AZ AIRPORT
MONTH: OCTOBER
YEAR: 2023
LATITUDE: 35 39 N
LONGITUDE: 109 4 W
[TEMPERATURE DATA] [PRECIPITATION DATA] SYMBOLS USED IN COLUMN 16
AVERAGE MONTHLY: 49.1 TOTAL FOR MONTH: 0.05 1 = FOG OR MIST
DPTR FM NORMAL: -0.1 DPTR FM NORMAL: -0.87 2 = FOG REDUCING VISIBILITY
HIGHEST: 82 ON 19 GRTST 24HR 0.04 ON 8- 8 TO 1/4 MILE OR LESS
LOWEST: 8 ON 31,30 3 = THUNDER
SNOW, ICE PELLETS, HAIL 4 = ICE PELLETS
TOTAL MONTH: M 5 = HAIL
GRTST 24HR M ON M 6 = FREEZING RAIN OR DRIZZLE
GRTST DEPTH: M ON M 7 = DUSTSTORM OR SANDSTORM:
VSBY 1/2 MILE OR LESS
8 = SMOKE OR HAZE
[NO. OF DAYS WITH] [WEATHER - DAYS WITH] 9 = BLOWING SNOW
X = TORNADO
MAX 32 OR BELOW: 0 0.01 INCH OR MORE: 2
MAX 90 OR ABOVE: 0 0.10 INCH OR MORE: 0
MIN 32 OR BELOW: 23 0.50 INCH OR MORE: 0
MIN 0 OR BELOW: 0 1.00 INCH OR MORE: 0
[HDD (BASE 65) ]
TOTAL THIS MO. 484 CLEAR (SCALE 0-3) 30
DPTR FM NORMAL -6 PTCLDY (SCALE 4-7) 1
TOTAL FM JUL 1 613 CLOUDY (SCALE 8-10) 0
DPTR FM NORMAL -29
[CDD (BASE 65) ]
TOTAL THIS MO. 0
DPTR FM NORMAL 0 [PRESSURE DATA]
TOTAL FM JAN 1 387 HIGHEST SLP M ON M
DPTR FM NORMAL -26 LOWEST SLP 29.33 ON 11
[REMARKS]
#FINAL-10-23#