129
CXUS51 KBTV 010700
CF6RUT
PRELIMINARY LOCAL CLIMATOLOGICAL DATA (WS FORM: F-6)
STATION: RUTLAND VT
MONTH: JULY
YEAR: 2020
LATITUDE: 43 31 N
LONGITUDE: 72 57 W
TEMPERATURE IN F: :PCPN: SNOW: WIND :SUNSHINE: SKY :PK WND
================================================================================
1 2 3 4 5 6A 6B 7 8 9 10 11 12 13 14 15 16 17 18
12Z AVG MX 2MIN
DY MAX MIN AVG DEP HDD CDD WTR SNW DPTH SPD SPD DIR MIN PSBL S-S WX SPD DR
================================================================================
1 75 62 69 M 0 4 M M M 3.2 9 330 M M 7 1 M M
2 87 61 74 M 0 9 M M M 2.9 9 310 M M 4 12 M M
3 82 66 74 M 0 9 0.00 M M 5.5 21 120 M M 6 1 24 120
4 84 61 73 M 0 8 0.00 M M 5.7 13 330 M M 2 18 340
5 83 59 71 M 0 6 T M M 5.0 15 330 M M 5 22 330
6 83 59 71 M 0 6 0.00 M M 3.4 13 120 M M 2 M M
7 84 63 74 M 0 9 0.07 M M 7.9 10 110 M M 3 M M
8 85 67 76 M 0 11 T M M 5.8 14 240 M M 7 3 21 240
9 90 64 77 M 0 12 0.00 M M 4.7 9 140 M M 1 M M
10 88 67 78 M 0 13 0.01 M M 9.0 15 140 M M 3 23 140
11 88 70 79 M 0 14 0.03 M M 10.5 17 200 M M 7 1 25 220
12 85 69 77 M 0 12 0.14 M M 7.7 16 270 M M 6 1 25 260
13 85 65 75 M 0 10 T M M 5.4 13 320 M M 5 1 17 320
14 75 62 69 M 0 4 0.12 M M 3.8 9 40 M M 6 13 M M
15 81 58 70 M 0 5 0.00 M M 5.0 13 130 M M 5 12 M M
16 77 63 70 M 0 5 0.13 M M 10.7 15 140 M M 9 18 120
17 79 61 70 M 0 5 0.04 M M 7.8 18 120 M M 8 1 23 120
18 88 61 75 M 0 10 0.00 M M 6.3 10 260 M M 1 8 16 270
19 92 64 78 M 0 13 0.00 M M 7.1 14 230 M M 1 1 23 210
20 88 69 79 M 0 14 0.00 M M 7.1 14 270 M M 4 22 270
21 84 61 73 M 0 8 0.00 M M 5.7 10 130 M M 4 M M
22 76 64 70 M 0 5 0.21 M M 6.9 15 120 M M 7 18 16 150
23 82 66 74 M 0 9 0.13 M M 3.8 15 360 M M 8 123 33 10
24 82 64 73 M 0 8 0.00 M M 3.4 9 130 M M 5 12 M M
25 84 60 72 M 0 7 0.00 M M 4.7 8 310 M M 1 1 M M
26 85 62 74 M 0 9 0.00 M M 5.2 13 230 M M 0 18 220
27 91 73 82 M 0 17 T M M 6.5 13 230 M M 4 1 20 230
28 82 64 73 M 0 8 0.11 M M 5.6 10 220 M M 4 18 20 240
29 84 59 72 M 0 7 0.00 M M 7.1 14 120 M M 3 20 200
30 81 64 73 M 0 8 0.20 M M 4.7 12 120 M M 4 3 24 10
31 83 57 70 M 0 5 0.00 M M 5.3 9 310 M M 2 12 M M
================================================================================
SM 2593 1965 0 270 1.19 M 183.6 M 134
================================================================================
AV 83.6 63.4 5.9 FASTST M M 4 MAX(MPH)
MISC ----> 21 120 33 10
================================================================================
NOTES:
# LAST OF SEVERAL OCCURRENCES
COLUMN 17 PEAK WIND IN M.P.H.
PRELIMINARY LOCAL CLIMATOLOGICAL DATA (WS FORM: F-6) , PAGE 2
STATION: RUTLAND VT
MONTH: JULY
YEAR: 2020
LATITUDE: 43 31 N
LONGITUDE: 72 57 W
[TEMPERATURE DATA] [PRECIPITATION DATA] SYMBOLS USED IN COLUMN 16
AVERAGE MONTHLY: 73.5 TOTAL FOR MONTH: 1.19 1 = FOG OR MIST
DPTR FM NORMAL: 0.0 DPTR FM NORMAL: M 2 = FOG REDUCING VISIBILITY
HIGHEST: 92 ON 19 GRTST 24HR 0.21 ON 22-22 TO 1/4 MILE OR LESS
LOWEST: 57 ON 31 3 = THUNDER
SNOW, ICE PELLETS, HAIL 4 = ICE PELLETS
TOTAL MONTH: M 5 = HAIL
GRTST 24HR M ON M 6 = FREEZING RAIN OR DRIZZLE
GRTST DEPTH: M ON M 7 = DUSTSTORM OR SANDSTORM:
VSBY 1/2 MILE OR LESS
8 = SMOKE OR HAZE
[NO. OF DAYS WITH] [WEATHER - DAYS WITH] 9 = BLOWING SNOW
X = TORNADO
MAX 32 OR BELOW: 0 0.01 INCH OR MORE: 11
MAX 90 OR ABOVE: 3 0.10 INCH OR MORE: 7
MIN 32 OR BELOW: 0 0.50 INCH OR MORE: 0
MIN 0 OR BELOW: 0 1.00 INCH OR MORE: 0
[HDD (BASE 65) ]
TOTAL THIS MO. 0 CLEAR (SCALE 0-3) 11
DPTR FM NORMAL M PTCLDY (SCALE 4-7) 18
TOTAL FM JUL 1 0 CLOUDY (SCALE 8-10) 2
DPTR FM NORMAL M
[CDD (BASE 65) ]
TOTAL THIS MO. 270
DPTR FM NORMAL M [PRESSURE DATA]
TOTAL FM JAN 1 407 HIGHEST SLP M ON M
DPTR FM NORMAL M LOWEST SLP M ON M
[REMARKS]
#FINAL-07-20#