000
CXUS55 KCYS 011530
CLMRWL
CLIMATE REPORT
NATIONAL WEATHER SERVICE CHEYENNE WY
930 AM MDT FRI SEP 01 2023
...................................
...THE RAWLINS WYOMING AIRPORT CLIMATE SUMMARY FOR THE MONTH OF AUGUST 2023...
CLIMATE NORMAL PERIOD 1991 TO 2020
CLIMATE RECORD PERIOD 1951 TO 2023
WEATHER OBSERVED NORMAL DEPART LAST YEAR`S
VALUE DATE(S) VALUE FROM VALUE DATE(S)
NORMAL
................................................................
TEMPERATURE (F)
RECORD
HIGH 98 08/02/2000
LOW 28 08/31/1962
HIGHEST 92 08/17 MM MM 96
LOWEST 40 08/14 MM MM 45
AVG. MAXIMUM 82.2 82.6 -0.4 86.5
AVG. MINIMUM 51.9 49.1 2.8 53.2
MEAN 67.1 65.8 1.3 69.9
DAYS MAX >= 90 4 3.9 0.1 7
DAYS MAX <= 32 0 0.0 0.0 0
DAYS MIN <= 32 0 0.1 -0.1 0
DAYS MIN <= 0 0 0.0 0.0 0
PRECIPITATION (INCHES)
RECORD
MAXIMUM 2.08 1977
TOTALS T 0.73 -0.73 0.58
DAYS >= .01 0 6.2 -6.2 4
DAYS >= .10 0 2.0 -2.0 3
DAYS >= .50 0 0.1 -0.1 0
DAYS >= 1.00 0 0.0 0.0 0
GREATEST
24 HR. TOTAL T 08/28 TO 08/28 0.30 08/13 TO 08/13
DEGREE DAYS
HEATING TOTAL 33 51 -18 2
SINCE 7/1 50 77 -27 MM
COOLING TOTAL 105 77 28 162
SINCE 1/1 250 217 33 MM
................................................................
WIND (MPH)
AVERAGE WIND SPEED 9.6
HIGHEST WIND SPEED/DIRECTION 36/270 DATE 08/08
HIGHEST GUST SPEED/DIRECTION 67/260 DATE 08/10
SKY COVER
POSSIBLE SUNSHINE (PERCENT) MM
AVERAGE SKY COVER 0.18
NUMBER OF DAYS FAIR 24
NUMBER OF DAYS PC 5
NUMBER OF DAYS CLOUDY 2
AVERAGE RH (PERCENT) 48
WEATHER CONDITIONS. NUMBER OF DAYS WITH
THUNDERSTORM 8 MIXED PRECIP 0
HEAVY RAIN 3 RAIN 3
LIGHT RAIN 15 FREEZING RAIN 0
LT FREEZING RAIN 0 HAIL 0
HEAVY SNOW 0 SNOW 0
LIGHT SNOW 0 SLEET 0
FOG 4 FOG W/VIS <= 1/4 MILE 0
HAZE 0
- INDICATES NEGATIVE NUMBERS.
R INDICATES RECORD WAS SET OR TIED.
MM INDICATES DATA IS MISSING.
T INDICATES TRACE AMOUNT.
$$