000
CXUS55 KCYS 011826
CLMRWL
CLIMATE REPORT
NATIONAL WEATHER SERVICE CHEYENNE WY
1126 AM MST FRI DEC 01 2023
...................................
...THE RAWLINS WYOMING AIRPORT CLIMATE SUMMARY FOR THE MONTH OF NOVEMBER 2023...
CLIMATE NORMAL PERIOD 1991 TO 2020
CLIMATE RECORD PERIOD 1951 TO 2023
WEATHER OBSERVED NORMAL DEPART LAST YEAR`S
VALUE DATE(S) VALUE FROM VALUE DATE(S)
NORMAL
................................................................
TEMPERATURE (F)
RECORD
HIGH 70 11/14/1999
11/06/1999
LOW -24 11/13/2014
HIGHEST 61 11/05 MM MM 58
LOWEST 1 11/24 MM MM -14
AVG. MAXIMUM 45.7 41.8 3.9 36.2
AVG. MINIMUM 24.1 20.8 3.3 14.8
MEAN 34.9 31.3 3.6 25.5
DAYS MAX >= 90 0 0.0 0.0 0
DAYS MAX <= 32 4 6.3 -2.3 14
DAYS MIN <= 32 22 25.3 -3.3 29
DAYS MIN <= 0 0 1.1 -1.1 3
PRECIPITATION (INCHES)
RECORD
MAXIMUM 2.04 1983
TOTALS 0.54 0.47 0.07 0.44
DAYS >= .01 7 5.9 1.1 8
DAYS >= .10 1 1.7 -0.7 1
DAYS >= .50 0 0.0 0.0 0
DAYS >= 1.00 0 0.0 0.0 0
GREATEST
24 HR. TOTAL 0.32 11/24 TO 11/24 0.24 11/03 TO 11/03
DEGREE DAYS
HEATING TOTAL 895 1011 -116 1176
SINCE 7/1 1777 2013 -236 MM
COOLING TOTAL 0 0 0 0
SINCE 1/1 263 225 38 MM
................................................................
WIND (MPH)
AVERAGE WIND SPEED 11.9
HIGHEST WIND SPEED/DIRECTION 41/240 DATE 11/03
HIGHEST GUST SPEED/DIRECTION 64/240 DATE 11/03
SKY COVER
POSSIBLE SUNSHINE (PERCENT) MM
AVERAGE SKY COVER 0.27
NUMBER OF DAYS FAIR 18
NUMBER OF DAYS PC 8
NUMBER OF DAYS CLOUDY 2
AVERAGE RH (PERCENT) 52
WEATHER CONDITIONS. NUMBER OF DAYS WITH
THUNDERSTORM 0 MIXED PRECIP 0
HEAVY RAIN 0 RAIN 0
LIGHT RAIN 8 FREEZING RAIN 0
LT FREEZING RAIN 0 HAIL 0
HEAVY SNOW 1 SNOW 1
LIGHT SNOW 8 SLEET 0
FOG 7 FOG W/VIS <= 1/4 MILE 0
HAZE 5
- INDICATES NEGATIVE NUMBERS.
R INDICATES RECORD WAS SET OR TIED.
MM INDICATES DATA IS MISSING.
T INDICATES TRACE AMOUNT.
$$