000
CXUS54 KEWX 132133
CF6RYW
PRELIMINARY LOCAL CLIMATOLOGICAL DATA (WS FORM: F-6)
STATION: LAGO VISTA
MONTH: DECEMBER
YEAR: 2020
LATITUDE: 30 30 N
LONGITUDE: 97 58 W
TEMPERATURE IN F: :PCPN: SNOW: WIND :SUNSHINE: SKY :PK WND
================================================================================
1 2 3 4 5 6A 6B 7 8 9 10 11 12 13 14 15 16 17 18
12Z AVG MX 2MIN
DY MAX MIN AVG DEP HDD CDD WTR SNW DPTH SPD SPD DIR MIN PSBL S-S WX SPD DR
================================================================================
1 40 33 37 M 28 0 0.00 M M 4.9 7 200 M M 0 M M
2 M M M M M M M M M M M M M M M M M
3 M M M M M M 0.00 M M M M M M M M M M
4 M M M M M M 0.00 M M M M M M M M M M
5 M M M M M M 0.00 M M M M M M M M M M
6 M M M M M M 0.00 M M M M M M M M M M
7 M M M M M M 0.00 M M M M M M M M M M
8 M M M M M M 0.00 M M M M M M M M M M
9 M M M M M M 0.00 M M M M M M M M M M
10 M M M M M M 0.00 M M M M M M M M M M
11 66 58 62 M 3 0 0.00 M M 2.7 5 260 M M 2 1 M M
12 60 42 51 M 14 0 0.00 M M 8.1 14 20 M M 1 1 21 20
13 64 38 51 M 14 0 0.02 M M 9.8 20 330 M M 8 1 32 330
14 54 32 43 M 22 0 0.00 M M 6.3 13 340 M M 2 26 330
15 60 36 48 M 17 0 0.00 M M 4.1 18 310 M M 6 1 29 310
16 57 31 44 M 21 0 0.00 M M 7.5 14 320 M M 0 24 320
17 66 31 49 M 16 0 0.00 M M 5.0 8 150 M M 0 17 150
18 61 38 50 M 15 0 0.00 M M 7.3 12 160 M M 5 20 170
19 66 45 56 M 9 0 0.63 M M 5.3 12 300 M M 6 16 310
20 68 37 53 M 12 0 0.00 M M 5.4 10 260 M M 0 16 250
21 76 40 58 M 7 0 0.00 M M 4.8 8 260 M M 0 M M
22 73 51 62 M 3 0 0.00 M M 6.7 12 160 M M 3 18 160
23 80 41 61 M 4 0 0.00 M M 10.5 16 10 M M 5 29 350
24 56 29 43 M 22 0 0.00 M M 10.1 17 300 M M 0 32 350
25 69 35 52 M 13 0 0.00 M M 6.3 10 260 M M 0 M M
26 69 45 57 M 8 0 0.00 M M 8.4 16 210 M M 0 22 210
27 76 52 64 M 1 0 0.00 M M 8.6 14 210 M M 1 23 210
28 73 56 65 M 0 0 0.00 M M 5.6 9 120 M M 10 1 17 120
29 70 59 65 M 0 0 0.04 M M 10.6 17 160 M M 10 25 160
30 69 40 55 M 10 0 0.54 M M 10.6 22 30 M M 10 1 32 30
31 40 33 37 M 28 0 0.96 M M 10.2 17 270 M M 10 3 25 20
================================================================================
SM 1413 902 267 0 2.19 M 158.8 M 79
================================================================================
AV 64.2 41.0 7.2 FASTST M M 4 MAX(MPH)
MISC ----> 22 30 # 32 330
================================================================================
NOTES:
# LAST OF SEVERAL OCCURRENCES
COLUMN 17 PEAK WIND IN M.P.H.
PRELIMINARY LOCAL CLIMATOLOGICAL DATA (WS FORM: F-6) , PAGE 2
STATION: LAGO VISTA
MONTH: DECEMBER
YEAR: 2020
LATITUDE: 30 30 N
LONGITUDE: 97 58 W
[TEMPERATURE DATA] [PRECIPITATION DATA] SYMBOLS USED IN COLUMN 16
AVERAGE MONTHLY: 52.6 TOTAL FOR MONTH: 2.19 1 = FOG OR MIST
DPTR FM NORMAL: 0.0 DPTR FM NORMAL: M 2 = FOG REDUCING VISIBILITY
HIGHEST: 80 ON 23 GRTST 24HR 0.96 ON 31-31 TO 1/4 MILE OR LESS
LOWEST: 29 ON 24 3 = THUNDER
SNOW, ICE PELLETS, HAIL 4 = ICE PELLETS
TOTAL MONTH: M 5 = HAIL
GRTST 24HR M ON M 6 = FREEZING RAIN OR DRIZZLE
GRTST DEPTH: M ON M 7 = DUSTSTORM OR SANDSTORM:
VSBY 1/2 MILE OR LESS
8 = SMOKE OR HAZE
[NO. OF DAYS WITH] [WEATHER - DAYS WITH] 9 = BLOWING SNOW
X = TORNADO
MAX 32 OR BELOW: 0 0.01 INCH OR MORE: 5
MAX 90 OR ABOVE: 0 0.10 INCH OR MORE: 3
MIN 32 OR BELOW: 4 0.50 INCH OR MORE: 3
MIN 0 OR BELOW: 0 1.00 INCH OR MORE: 0
[HDD (BASE 65) ]
TOTAL THIS MO. 267 CLEAR (SCALE 0-3) 12
DPTR FM NORMAL M PTCLDY (SCALE 4-7) 6
TOTAL FM JUL 1 461 CLOUDY (SCALE 8-10) 13
DPTR FM NORMAL M
[CDD (BASE 65) ]
TOTAL THIS MO. 0
DPTR FM NORMAL M [PRESSURE DATA]
TOTAL FM JAN 1 2927 HIGHEST SLP M ON M
DPTR FM NORMAL M LOWEST SLP M ON M
[REMARKS]
#FINAL-12-20#