000
CXUS56 KSTO 080534
CF6SAC
PRELIMINARY LOCAL CLIMATOLOGICAL DATA (WS FORM: F-6)
STATION: SACRAMENTO EXEC. AIRPORT CA
MONTH: NOVEMBER
YEAR: 2022
LATITUDE: 38 31 N
LONGITUDE: 121 30 W
TEMPERATURE IN F: :PCPN: SNOW: WIND :SUNSHINE: SKY :PK WND
================================================================================
1 2 3 4 5 6A 6B 7 8 9 10 11 12 13 14 15 16 17 18
12Z AVG MX 2MIN
DY MAX MIN AVG DEP HDD CDD WTR SNW DPTH SPD SPD DIR MIN PSBL S-S WX SPD DR
================================================================================
1 61 48 55 -4 10 0 0.14 M M 7.6 18 220 M M 3 1 26 200
2 60 44 52 -6 13 0 T M M 5.7 13 250 M M 2 16 220
3 62 35 49 -9 16 0 0.00 M M 6.5 18 350 M M 0 23 340
4 64 38 51 -7 14 0 0.00 M M 3.2 8 170 M M 1 11 160
5 61 48 55 -2 10 0 T M M 7.6 14 160 M M 9 1 19 150
6 65 51 58 1 7 0 T M M 8.6 17 190 M M 6 25 190
7 60 45 53 -4 12 0 0.09 M M 5.3 16 220 M M 5 1 22 150
8 53 45 49 -7 16 0 0.71 M M 8.1 17 210 M M 8 1 25 200
9 60 42 51 -5 14 0 0.00 M M 5.0 10 70 M M 3 13 50
10 59 38 49 -7 16 0 0.00 M M 4.7 15 300 M M 0 1 19 310
11 60 35 48 -7 17 0 0.00 M M 1.2 7 300 M M 0 1 8 280
12 60 38 49 -6 16 0 0.01 M M 3.7 10 310 M M 6 1 12 300
13 64 37 51 -3 14 0 0.00 M M 7.9 20 340 M M 0 25 340
14 60 34 47 -7 18 0 0.00 M M 2.4 10 320 M M 0 18 14 300
15 71 35 53 -1 12 0 0.00 M M 7.5 17 330 M M 0 21 310
16 65 33 49 -5 16 0 0.00 M M 1.3 7 130 M M 0 9 170
17 65 35 50 -3 15 0 0.00 M M 1.1 8 320 M M 0 1 10 320
18 67 36 52 -1 13 0 0.00 M M 7.7 20 320 M M 0 1 27 310
19 64 37 51 -1 14 0 0.00 M M 4.5 14 340 M M 0 17 350
20 64 33 49 -3 16 0 0.00 M M 1.5 8 340 M M 0 13 360
21 64 30 47 -5 18 0 0.00 M M 1.1 7 330 M M 0 1 9 330
22 64 32 48 -4 17 0 0.00 0.0 M 0.5 8 280 M M 0 10 270
23 68 33 51 0 14 0 0.00 0.0 M 2.1 7 99 M M 0 M M
24 68 34 51 0 14 0 0.00 0.0 M 0.5 6 90 M M 0 18 7 130
25 68 36 52 1 13 0 0.00 M M 1.6 7 360 M M 0 18 10 30
26 69 38 54 4 11 0 0.00 M M 2.7 13 360 M M 0 1 15 330
27 66 34 50 0 15 0 0.00 M M 1.3 9 320 M M 0 1 10 320
28 63 35 49 -1 16 0 0.00 M M 2.6 14 290 M M 0 1 18 280
29 59 35 47 -3 18 0 0.00 M M 3.8 13 340 M M 0 17 330
30 59 30 45 -4 20 0 0.00 M M 3.7 12 220 M M 0 15 220
================================================================================
SM 1893 1124 435 0 0.95 0.0 121.0 M 43
================================================================================
AV 63.1 37.5 4.0 FASTST M M 1 MAX(MPH)
MISC ----> # 20 320 27 310
================================================================================
NOTES:
# LAST OF SEVERAL OCCURRENCES
COLUMN 17 PEAK WIND IN M.P.H.
PRELIMINARY LOCAL CLIMATOLOGICAL DATA (WS FORM: F-6) , PAGE 2
STATION: SACRAMENTO EXEC. AIRPORT CA
MONTH: NOVEMBER
YEAR: 2022
LATITUDE: 38 31 N
LONGITUDE: 121 30 W
[TEMPERATURE DATA] [PRECIPITATION DATA] SYMBOLS USED IN COLUMN 16
AVERAGE MONTHLY: 50.3 TOTAL FOR MONTH: 0.95 1 = FOG OR MIST
DPTR FM NORMAL: -3.6 DPTR FM NORMAL: -0.71 2 = FOG REDUCING VISIBILITY
HIGHEST: 71 ON 15 GRTST 24HR 0.71 ON 7- 8 TO 1/4 MILE OR LESS
LOWEST: 30 ON 30,21 3 = THUNDER
SNOW, ICE PELLETS, HAIL 4 = ICE PELLETS
TOTAL MONTH: 0.0 INCH 5 = HAIL
GRTST 24HR 0.0 6 = FREEZING RAIN OR DRIZZLE
GRTST DEPTH: M ON M 7 = DUSTSTORM OR SANDSTORM:
VSBY 1/2 MILE OR LESS
8 = SMOKE OR HAZE
[NO. OF DAYS WITH] [WEATHER - DAYS WITH] 9 = BLOWING SNOW
X = TORNADO
MAX 32 OR BELOW: 0 0.01 INCH OR MORE: 4
MAX 90 OR ABOVE: 0 0.10 INCH OR MORE: 2
MIN 32 OR BELOW: 3 0.50 INCH OR MORE: 1
MIN 0 OR BELOW: 0 1.00 INCH OR MORE: 0
[HDD (BASE 65) ]
TOTAL THIS MO. 435 CLEAR (SCALE 0-3) 23
DPTR FM NORMAL 100 PTCLDY (SCALE 4-7) 5
TOTAL FM JUL 1 489 CLOUDY (SCALE 8-10) 2
DPTR FM NORMAL 70
[CDD (BASE 65) ]
TOTAL THIS MO. 0
DPTR FM NORMAL -1 [PRESSURE DATA]
TOTAL FM JAN 1 1723 HIGHEST SLP 30.39 ON 16
DPTR FM NORMAL 430 LOWEST SLP 29.54 ON 8
[REMARKS]
#FINAL-11-22#