000
CXUS52 KCHS 041340 CCA
CF6SAV
PRELIMINARY LOCAL CLIMATOLOGICAL DATA (WS FORM: F-6)
STATION: SAVANNAH GA
MONTH: JANUARY
YEAR: 2023
LATITUDE: 32 7 N
LONGITUDE: 81 12 W
TEMPERATURE IN F: :PCPN: SNOW: WIND :SUNSHINE: SKY :PK WND
================================================================================
1 2 3 4 5 6A 6B 7 8 9 10 11 12 13 14 15 16 17 18
12Z AVG MX 2MIN
DY MAX MIN AVG DEP HDD CDD WTR SNW DPTH SPD SPD DIR MIN PSBL S-S WX SPD DR
================================================================================
1 70 56 63 12 2 0 0.00 0.0 0 1.9 9 160 M M 7 12 11 150
2 77 47 62 11 3 0 0.00 0.0 0 2.9 13 130 M M 4 12 14 140
3 79 49 64 13 1 0 0.00 0.0 0 7.4 17 160 M M 6 128 21 190
4 78 62 70 19 0 5 0.43 0.0 0 8.8 30 280 M M 7 13 43 260
5 74 53 64 13 1 0 0.00 0.0 0 6.0 17 280 M M 5 12 21 290
6 65 42 54 3 11 0 0.00 0.0 0 4.7 15 310 M M 0 19 310
7 67 38 53 2 12 0 0.00 0.0 0 3.3 12 280 M M 1 14 300
8 69 40 55 5 10 0 0.00 0.0 0 2.5 13 150 M M 6 1 17 150
9 64 42 53 3 12 0 T 0.0 0 8.0 18 340 M M 4 23 320
10 65 41 53 3 12 0 0.00 0.0 0 3.6 14 260 M M 3 1 18 240
11 71 39 55 5 10 0 0.00 0.0 0 4.8 13 150 M M 4 8 15 160
12 76 54 65 15 0 0 0.13 0.0 0 10.4 23 270 M M 7 1 30 270
13 59 44 52 2 13 0 0.22 0.0 0 13.6 24 300 M M 7 1 33 310
14 50 37 44 -6 21 0 0.00 0.0 0 13.6 24 300 M M 3 32 350
15 56 29 43 -7 22 0 0.00 0.0 0 5.1 13 320 M M 1 16 320
16 64 30 47 -3 18 0 0.00 0.0 0 3.4 13 180 M M 5 14 180
17 76 46 61 11 4 0 0.00 0.0 0 8.9 20 260 M M 4 26 240
18 73 57 65 15 0 0 T 0.0 0 5.2 15 260 M M 9 12 18 230
19 78 54 66 16 0 1 T 0.0 0 9.2 25 210 M M 5 34 210
20 68 49 59 9 6 0 0.00 0.0 0 9.3 18 270 M M 4 23 280
21 59 45 52 2 13 0 T 0.0 0 6.4 15 110 M M 6 18 120
22 63 45 54 3 11 0 1.49 0.0 0 6.2 35 310 M M 9 1 42 300
23 60 42 51 0 14 0 0.01 0.0 0 12.1 24 290 M M 3 1 31 290
24 60 32 46 -5 19 0 0.00 0.0 0 6.0 14 90 M M 1 16 100
25 73 48 61 10 4 0 0.66 0.0 0 10.8 28 270 M M 9 18 34 180
26 61 41 51 0 14 0 0.00 0.0 0 11.4 21 280 M M 2 28 270
27 55 34 45 -6 20 0 0.00 0.0 0 6.9 20 320 M M 2 24 340
28 60 29 45 -6 20 0 0.00 0.0 0 3.6 13 120 M M 4 16 130
29 61 38 50 -1 15 0 0.60 0.0 0 4.0 13 110 M M 7 1 15 110
30 72 54 63 12 2 0 1.02 0.0 0 4.4 15 10 M M 10 12 19 20
31 75 59 67 15 0 2 0.00 0.0 0 3.8 9 270 M M 9 128 14 240
================================================================================
SM 2078 1376 290 8 4.56 0.0 208.2 M 154
================================================================================
AV 67.0 44.4 6.7 FASTST M M 5 MAX(MPH)
MISC ----> 35 310 43 260
================================================================================
NOTES:
# LAST OF SEVERAL OCCURRENCES
COLUMN 17 PEAK WIND IN M.P.H.
PRELIMINARY LOCAL CLIMATOLOGICAL DATA (WS FORM: F-6) , PAGE 2
STATION: SAVANNAH GA
MONTH: JANUARY
YEAR: 2023
LATITUDE: 32 7 N
LONGITUDE: 81 12 W
[TEMPERATURE DATA] [PRECIPITATION DATA] SYMBOLS USED IN COLUMN 16
AVERAGE MONTHLY: 55.7 TOTAL FOR MONTH: 4.56 1 = FOG OR MIST
DPTR FM NORMAL: 5.0 DPTR FM NORMAL: 1.28 2 = FOG REDUCING VISIBILITY
HIGHEST: 79 ON 3 GRTST 24HR 1.62 ON 29-30 TO 1/4 MILE OR LESS
LOWEST: 29 ON 28,15 3 = THUNDER
SNOW, ICE PELLETS, HAIL 4 = ICE PELLETS
TOTAL MONTH: 0.0 INCH 5 = HAIL
GRTST 24HR 0.0 6 = FREEZING RAIN OR DRIZZLE
GRTST DEPTH: 0 7 = DUSTSTORM OR SANDSTORM:
VSBY 1/2 MILE OR LESS
8 = SMOKE OR HAZE
[NO. OF DAYS WITH] [WEATHER - DAYS WITH] 9 = BLOWING SNOW
X = TORNADO
MAX 32 OR BELOW: 0 0.01 INCH OR MORE: 8
MAX 90 OR ABOVE: 0 0.10 INCH OR MORE: 7
MIN 32 OR BELOW: 4 0.50 INCH OR MORE: 4
MIN 0 OR BELOW: 0 1.00 INCH OR MORE: 2
[HDD (BASE 65) ]
TOTAL THIS MO. 290 CLEAR (SCALE 0-3) 9
DPTR FM NORMAL -160 PTCLDY (SCALE 4-7) 17
TOTAL FM JUL 1 889 CLOUDY (SCALE 8-10) 5
DPTR FM NORMAL -201
[CDD (BASE 65) ]
TOTAL THIS MO. 8
DPTR FM NORMAL 1 [PRESSURE DATA]
TOTAL FM JAN 1 8 HIGHEST SLP 30.50 ON 28
DPTR FM NORMAL 1 LOWEST SLP 29.72 ON 22
[REMARKS]
#FINAL-01-23#