000
CXUS52 KCHS 010815
CF6SAV
PRELIMINARY LOCAL CLIMATOLOGICAL DATA (WS FORM: F-6)
STATION: SAVANNAH GA
MONTH: SEPTEMBER
YEAR: 2020
LATITUDE: 32 7 N
LONGITUDE: 81 12 W
TEMPERATURE IN F: :PCPN: SNOW: WIND :SUNSHINE: SKY :PK WND
================================================================================
1 2 3 4 5 6A 6B 7 8 9 10 11 12 13 14 15 16 17 18
12Z AVG MX 2MIN
DY MAX MIN AVG DEP HDD CDD WTR SNW DPTH SPD SPD DIR MIN PSBL S-S WX SPD DR
================================================================================
1 96 77 87 7 0 22 0.00 0.0 0 4.0 13 170 M M 3 15 160
2 96 77 87 7 0 22 T 0.0 0 4.7 13 170 M M 4 3 17 160
3 96 79 88 8 0 23 0.00 0.0 0 6.7 14 260 M M 2 17 240
4 98 75 87 7 0 22 0.00 0.0 0 6.3 14 270 M M 1 1 17 330
5 99 76 88 9 0 23 0.61 0.0 0 5.0 26 40 M M 4 1238 31 40
6 88 73 81 2 0 16 0.04 0.0 0 8.0 14 10 M M 8 17 30
7 89 73 81 2 0 16 1.87 0.0 0 6.9 26 20 M M 6 13 31 20
8 87 72 80 1 0 15 0.00 0.0 0 8.4 16 60 M M 6 20 40
9 86 74 80 1 0 15 0.28 0.0 0 7.6 15 60 M M 7 138 19 70
10 90 77 84 6 0 19 0.02 0.0 0 5.9 12 100 M M 7 138 18 20
11 89 77 83 5 0 18 0.31 0.0 0 6.8 16 60 M M 8 1238 20 50
12 91 77 84 6 0 19 0.04 0.0 0 10.0 22 120 M M 4 1 27 80
13 91 78 85 7 0 20 0.05 0.0 0 8.2 18 100 M M 6 1 23 110
14 92 75 84 6 0 19 0.00 0.0 0 5.0 13 100 M M 6 1 16 110
15 85 76 81 4 0 16 0.00 0.0 0 10.6 17 60 M M 8 24 60
16 77 70 74 -3 0 9 0.32 0.0 0 8.0 15 40 M M 10 1 20 40
17 88 77 83 6 0 18 1.35 0.0 0 11.8 26 210 M M 8 138 35 220
18 78 73 76 0 0 11 0.00 0.0 0 8.4 16 360 M M 10 18 19 360
19 82 65 74 -2 0 9 0.00 0.0 0 12.8 21 40 M M 9 27 40
20 76 62 69 -7 0 4 T 0.0 0 11.7 18 20 M M 7 24 10
21 77 59 68 -8 0 3 0.00 0.0 0 13.2 20 20 M M 5 26 30
22 78 57 68 -7 0 3 0.00 0.0 0 6.2 15 40 M M 4 20 40
23 79 57 68 -7 0 3 0.00 0.0 0 3.0 8 150 M M 5 1 10 110
24 85 61 73 -2 0 8 0.00 0.0 0 6.8 16 100 M M 6 21 130
25 90 74 82 8 0 17 0.63 0.0 0 8.7 18 180 M M 8 13 22 180
26 88 72 80 6 0 15 0.01 0.0 0 3.6 10 30 M M 7 12 12 30
27 83 69 76 2 0 11 0.11 0.0 0 4.6 10 150 M M 7 1 13 150
28 87 71 79 5 0 14 0.46 0.0 0 4.3 15 160 M M 9 13 18 160
29 86 60 73 0 0 8 0.57 0.0 0 7.3 32 320 M M 8 13 50 300
30 78 57 68 -5 0 3 0.00 0.0 0 5.7 13 290 M M 2 17 280
================================================================================
SM 2605 2120 0 421 6.67 0.0 220.2 M 185
================================================================================
AV 86.8 70.7 7.3 FASTST M M 6 MAX(MPH)
MISC ----> 32 320 50 300
================================================================================
NOTES:
# LAST OF SEVERAL OCCURRENCES
COLUMN 17 PEAK WIND IN M.P.H.
PRELIMINARY LOCAL CLIMATOLOGICAL DATA (WS FORM: F-6) , PAGE 2
STATION: SAVANNAH GA
MONTH: SEPTEMBER
YEAR: 2020
LATITUDE: 32 7 N
LONGITUDE: 81 12 W
[TEMPERATURE DATA] [PRECIPITATION DATA] SYMBOLS USED IN COLUMN 16
AVERAGE MONTHLY: 78.8 TOTAL FOR MONTH: 6.67 1 = FOG OR MIST
DPTR FM NORMAL: 1.8 DPTR FM NORMAL: 2.09 2 = FOG REDUCING VISIBILITY
HIGHEST: 99 ON 5 GRTST 24HR 1.87 ON 7- 7 TO 1/4 MILE OR LESS
LOWEST: 57 ON 30,23 3 = THUNDER
SNOW, ICE PELLETS, HAIL 4 = ICE PELLETS
TOTAL MONTH: 0.0 INCH 5 = HAIL
GRTST 24HR 0.0 6 = FREEZING RAIN OR DRIZZLE
GRTST DEPTH: 0 7 = DUSTSTORM OR SANDSTORM:
VSBY 1/2 MILE OR LESS
8 = SMOKE OR HAZE
[NO. OF DAYS WITH] [WEATHER - DAYS WITH] 9 = BLOWING SNOW
X = TORNADO
MAX 32 OR BELOW: 0 0.01 INCH OR MORE: 15
MAX 90 OR ABOVE: 10 0.10 INCH OR MORE: 10
MIN 32 OR BELOW: 0 0.50 INCH OR MORE: 5
MIN 0 OR BELOW: 0 1.00 INCH OR MORE: 2
[HDD (BASE 65) ]
TOTAL THIS MO. 0 CLEAR (SCALE 0-3) 4
DPTR FM NORMAL -2 PTCLDY (SCALE 4-7) 19
TOTAL FM JUL 1 0 CLOUDY (SCALE 8-10) 7
DPTR FM NORMAL 0
[CDD (BASE 65) ]
TOTAL THIS MO. 421
DPTR FM NORMAL 62 [PRESSURE DATA]
TOTAL FM JAN 1 2790 HIGHEST SLP 30.32 ON 21
DPTR FM NORMAL 524 LOWEST SLP 29.68 ON 17
[REMARKS]
#FINAL-09-20#