000
CXUS52 KCHS 020836
CF6SAV
PRELIMINARY LOCAL CLIMATOLOGICAL DATA (WS FORM: F-6)
STATION: SAVANNAH GA
MONTH: AUGUST
YEAR: 2023
LATITUDE: 32 7 N
LONGITUDE: 81 12 W
TEMPERATURE IN F: :PCPN: SNOW: WIND :SUNSHINE: SKY :PK WND
================================================================================
1 2 3 4 5 6A 6B 7 8 9 10 11 12 13 14 15 16 17 18
12Z AVG MX 2MIN
DY MAX MIN AVG DEP HDD CDD WTR SNW DPTH SPD SPD DIR MIN PSBL S-S WX SPD DR
================================================================================
1 91 73 82 -1 0 17 T 0.0 0 7.0 20 120 M M 5 3 23 60
2 90 75 83 0 0 18 0.04 0.0 0 8.7 20 80 M M 4 26 70
3 88 73 81 -2 0 16 0.12 0.0 0 4.9 21 230 M M 6 13 28 250
4 88 73 81 -2 0 16 0.01 0.0 0 7.8 17 230 M M 7 1 28 220
5 92 75 84 1 0 19 0.17 0.0 0 3.5 18 310 M M 6 13 25 310
6 95 73 84 1 0 19 0.91 0.0 0 3.9 29 340 M M 6 123 37 340
7 96 73 85 2 0 20 0.12 0.0 0 8.3 30 340 M M 4 3 36 330
8 97 73 85 2 0 20 0.41 0.0 0 8.7 38 250 M M 5 138 51 250
9 92 72 82 -1 0 17 0.00 0.0 0 5.5 14 260 M M 5 17 270
10 95 78 87 4 0 22 T 0.0 0 9.2 23 260 M M 5 13 32 240
11 94 76 85 2 0 20 1.31 0.0 0 5.6 26 270 M M 5 138 33 290
12 95 75 85 3 0 20 0.00 0.0 0 4.1 9 180 M M 4 12 170
13 97 81 89 7 0 24 0.00 0.0 0 6.6 17 160 M M 4 21 140
14 98 80 89 7 0 24 0.00 0.0 0 6.7 18 180 M M 4 3 22 150
15 96 74 85 3 0 20 0.17 0.0 0 8.1 23 10 M M 5 138 29 10
16 89 74 82 0 0 17 0.01 0.0 0 5.6 23 200 M M 5 3 35 220
17 92 75 84 2 0 19 0.00 0.0 0 5.9 14 190 M M 6 17 180
18 93 74 84 2 0 19 0.00 0.0 0 6.8 15 290 M M 3 20 270
19 93 77 85 3 0 20 0.00 0.0 0 3.8 16 130 M M 6 21 130
20 91 76 84 2 0 19 0.36 0.0 0 4.3 25 150 M M 3 29 140
21 94 76 85 3 0 20 0.00 0.0 0 4.3 17 120 M M 3 20 130
22 96 78 87 5 0 22 0.02 0.0 0 4.3 12 10 M M 6 3 14 30
23 90 75 83 1 0 18 0.00 0.0 0 7.4 16 60 M M 4 20 110
24 93 70 82 1 0 17 0.00 0.0 0 5.5 13 100 M M 2 16 100
25 96 73 85 4 0 20 0.35 0.0 0 4.3 25 280 M M 5 3 38 290
26 95 75 85 4 0 20 0.00 0.0 0 4.1 15 150 M M 1 18 160
27 93 77 85 4 0 20 0.00 0.0 0 5.3 16 170 M M 3 20 140
28 93 76 85 4 0 20 T 0.0 0 7.0 18 110 M M 5 25 130
29 91 78 85 4 0 20 0.05 0.0 0 5.2 14 90 M M 7 13 18 100
30 83 74 79 -2 0 14 1.51 0.0 0 15.7 39 160 M M 8 13 52 160
31 89 73 81 0 0 16 0.00 0.0 0 7.2 23 280 M M 5 32 270
================================================================================
SM 2875 2325 0 593 5.56 0.0 195.3 M 147
================================================================================
AV 92.7 75.0 6.3 FASTST M M 5 MAX(MPH)
MISC ----> 39 160 52 160
================================================================================
NOTES:
# LAST OF SEVERAL OCCURRENCES
COLUMN 17 PEAK WIND IN M.P.H.
PRELIMINARY LOCAL CLIMATOLOGICAL DATA (WS FORM: F-6) , PAGE 2
STATION: SAVANNAH GA
MONTH: AUGUST
YEAR: 2023
LATITUDE: 32 7 N
LONGITUDE: 81 12 W
[TEMPERATURE DATA] [PRECIPITATION DATA] SYMBOLS USED IN COLUMN 16
AVERAGE MONTHLY: 83.9 TOTAL FOR MONTH: 5.56 1 = FOG OR MIST
DPTR FM NORMAL: 1.8 DPTR FM NORMAL: 0.10 2 = FOG REDUCING VISIBILITY
HIGHEST: 98 ON 14 GRTST 24HR 1.51 ON 30-30 TO 1/4 MILE OR LESS
LOWEST: 70 ON 24 3 = THUNDER
SNOW, ICE PELLETS, HAIL 4 = ICE PELLETS
TOTAL MONTH: 0.0 INCH 5 = HAIL
GRTST 24HR 0.0 6 = FREEZING RAIN OR DRIZZLE
GRTST DEPTH: 0 7 = DUSTSTORM OR SANDSTORM:
VSBY 1/2 MILE OR LESS
8 = SMOKE OR HAZE
[NO. OF DAYS WITH] [WEATHER - DAYS WITH] 9 = BLOWING SNOW
X = TORNADO
MAX 32 OR BELOW: 0 0.01 INCH OR MORE: 15
MAX 90 OR ABOVE: 26 0.10 INCH OR MORE: 10
MIN 32 OR BELOW: 0 0.50 INCH OR MORE: 3
MIN 0 OR BELOW: 0 1.00 INCH OR MORE: 2
[HDD (BASE 65) ]
TOTAL THIS MO. 0 CLEAR (SCALE 0-3) 5
DPTR FM NORMAL 0 PTCLDY (SCALE 4-7) 25
TOTAL FM JUL 1 0 CLOUDY (SCALE 8-10) 1
DPTR FM NORMAL 0
[CDD (BASE 65) ]
TOTAL THIS MO. 593
DPTR FM NORMAL 65 [PRESSURE DATA]
TOTAL FM JAN 1 2163 HIGHEST SLP 30.16 ON 21
DPTR FM NORMAL 161 LOWEST SLP 29.16 ON 30
[REMARKS]
#FINAL-08-23#