000
CXUS52 KCHS 011504
CLMSAV
CLIMATE REPORT
NATIONAL WEATHER SERVICE CHARLESTON SC
1056 AM EDT WED NOV 01 2023
...................................
...THE SAVANNAH GA CLIMATE SUMMARY FOR THE MONTH OF OCTOBER 2023...
CLIMATE NORMAL PERIOD 1991 TO 2020
CLIMATE RECORD PERIOD 1871 TO 2023
WEATHER OBSERVED NORMAL DEPART LAST YEAR`S
VALUE DATE(S) VALUE FROM VALUE DATE(S)
NORMAL
................................................................
TEMPERATURE (F)
RECORD
HIGH 97 10/04/2019
10/02/1986
09/04/1944
LOW 28 10/30/1952
HIGHEST 87 10/06 86 10/07
10/08
LOWEST 46 10/09 38 10/19
10/17
10/21
AVG. MAXIMUM 79.8 79.0 0.8 77.0
AVG. MINIMUM 57.5 58.6 -1.1 53.6
MEAN 68.6 68.8 -0.2 65.3
DAYS MAX >= 90 0 0.9 -0.9 0
DAYS MAX <= 32 0 0.0 0.0 0
DAYS MIN <= 32 0 0.0 0.0 0
DAYS MIN <= 0 0 0.0 0.0 0
PRECIPITATION (INCHES)
RECORD
MAXIMUM 19.84 1994
MINIMUM T 2000
TOTALS 1.19 3.72 -2.53 0.93
DAYS >= .01 5 6.8 -1.8 2
DAYS >= .10 2 4.2 -2.2 2
DAYS >= .50 1 1.9 -0.9 1
DAYS >= 1.00 0 1.0 -1.0 0
GREATEST
24 HR. TOTAL 1.11 10/11 TO 10/12
SNOWFALL (INCHES)
TOTALS 0.0 0.0 0.0
SINCE 7/1 0.0 0.0 0.0
DEGREE DAYS
HEATING TOTAL 24 46 -22 68
SINCE 7/1 24 45 -21
COOLING TOTAL 144 164 -20 84
SINCE 1/1 2692 2548 144
................................................................
WIND (MPH)
AVERAGE WIND SPEED 6.8
HIGHEST WIND SPEED/DIRECTION 25/050
HIGHEST GUST SPEED/DIRECTION 35/040
WEATHER CONDITIONS. NUMBER OF DAYS WITH
THUNDERSTORM 1 MIXED PRECIP 0
HEAVY RAIN 1 RAIN 2
LIGHT RAIN 7 FREEZING RAIN 0
LT FREEZING RAIN 0 HAIL 0
HEAVY SNOW 0 SNOW 0
LIGHT SNOW 0 SLEET 0
FOG 18 FOG W/VIS <= 1/4 MILE 3
HAZE 4
- INDICATES NEGATIVE NUMBERS.
R INDICATES RECORD WAS SET OR TIED.
MM INDICATES DATA IS MISSING.
T INDICATES TRACE AMOUNT.
$$