000
CXUS56 KLOX 281155
CF6SBA
PRELIMINARY LOCAL CLIMATOLOGICAL DATA (WS FORM: F-6)
STATION: SANTA BARBARA AIRPORT CA
MONTH: MARCH
YEAR: 2024
LATITUDE: 34 25 N
LONGITUDE: 119 50 W
TEMPERATURE IN F: :PCPN: SNOW: WIND :SUNSHINE: SKY :PK WND
================================================================================
1 2 3 4 5 6A 6B 7 8 9 10 11 12 13 14 15 16 17 18
12Z AVG MX 2MIN
DY MAX MIN AVG DEP HDD CDD WTR SNW DPTH SPD SPD DIR MIN PSBL S-S WX SPD DR
================================================================================
1 60 53 57 2 8 0 0.30 M M 6.4 16 100 M M 10 1 22 110
2 64 52 58 3 7 0 0.37 M M 8.0 24 260 M M 8 1 31 260
3 66 50 58 3 7 0 0.26 M M 8.8 22 260 M M 5 1 28 250
4 67 47 57 2 8 0 0.00 M M 5.2 20 250 M M 0 28 250
5 64 45 55 0 10 0 0.00 M M 5.0 14 270 M M 1 21 280
6 60 46 53 -2 12 0 0.56 M M 6.2 20 90 M M 7 18 26 90
7 68 46 57 1 8 0 T M M 10.3 26 280 M M 2 8 33 270
8 67 45 56 0 9 0 0.00 M M 4.1 15 260 M M 0 20 260
9 69 46 58 2 7 0 0.00 M M 3.1 14 250 M M 0 18 260
10 65 47 56 0 9 0 0.00 M M 3.7 12 60 M M 0 16 270
11 64 49 57 1 8 0 T M M 6.4 22 260 M M 2 30 270
12 72 48 60 4 5 0 T M M 7.6 21 220 M M 1 30 240
13 76 48 62 6 3 0 T M M 6.9 20 340 M M 0 28 330
14 67 47 57 1 8 0 0.00 M M 7.2 16 270 M M 0 22 20
15 68 42 55 -1 10 0 0.00 M M 5.3 15 250 M M 0 18 270
16 64 43 54 -2 11 0 0.00 M M 4.9 17 250 M M 0 21 250
17 66 47 57 1 8 0 0.00 M M 4.0 10 250 M M 0 14 240
18 72 48 60 4 5 0 T M M 4.3 18 130 M M 1 24 120
19 64 50 57 1 8 0 0.00 M M 3.4 12 240 M M 6 12 15 240
20 63 54 59 3 6 0 0.00 M M 3.8 9 160 M M 9 18 13 200
21 65 51 58 2 7 0 0.00 M M 4.8 10 220 M M 6 18 15 160
22 64 49 57 1 8 0 0.02 M M 4.2 12 270 M M 5 18 14 280
23 67 50 59 3 6 0 0.64 M M 10.5 30 270 M M 4 1 40 260
24 66 49 58 1 7 0 0.01 M M 12.3 25 300 M M 4 39 300
25 65 49 57 0 8 0 0.00 M M 10.7 25 240 M M 1 39 240
26 65 45 55 -2 10 0 0.00 M M 4.6 13 360 M M 1 19 340
27 64 46 55 -2 10 0 0.00 M M 4.4 12 250 M M 1 1 15 250
================================================================================
SM 1782 1292 213 0 2.16 M 166.1 M 74
================================================================================
AV 66.0 47.9 6.2 FASTST M M 3 MAX(MPH)
MISC ----> 30 270 40 260
================================================================================
NOTES:
# LAST OF SEVERAL OCCURRENCES
COLUMN 17 PEAK WIND IN M.P.H.
PRELIMINARY LOCAL CLIMATOLOGICAL DATA (WS FORM: F-6) , PAGE 2
STATION: SANTA BARBARA AIRPORT CA
MONTH: MARCH
YEAR: 2024
LATITUDE: 34 25 N
LONGITUDE: 119 50 W
[TEMPERATURE DATA] [PRECIPITATION DATA] SYMBOLS USED IN COLUMN 16
AVERAGE MONTHLY: 56.9 TOTAL FOR MONTH: 2.16 1 = FOG OR MIST
DPTR FM NORMAL: 1.0 DPTR FM NORMAL: -0.61 2 = FOG REDUCING VISIBILITY
HIGHEST: 76 ON 13 GRTST 24HR 0.66 ON 22-23 TO 1/4 MILE OR LESS
LOWEST: 42 ON 15 3 = THUNDER
SNOW, ICE PELLETS, HAIL 4 = ICE PELLETS
TOTAL MONTH: M 5 = HAIL
GRTST 24HR M ON M 6 = FREEZING RAIN OR DRIZZLE
GRTST DEPTH: M ON M 7 = DUSTSTORM OR SANDSTORM:
VSBY 1/2 MILE OR LESS
8 = SMOKE OR HAZE
[NO. OF DAYS WITH] [WEATHER - DAYS WITH] 9 = BLOWING SNOW
X = TORNADO
MAX 32 OR BELOW: 0 0.01 INCH OR MORE: 7
MAX 90 OR ABOVE: 0 0.10 INCH OR MORE: 5
MIN 32 OR BELOW: 0 0.50 INCH OR MORE: 2
MIN 0 OR BELOW: 0 1.00 INCH OR MORE: 0
[HDD (BASE 65) ]
TOTAL THIS MO. 213 CLEAR (SCALE 0-3) 17
DPTR FM NORMAL -34 PTCLDY (SCALE 4-7) 8
TOTAL FM JUL 1 1200 CLOUDY (SCALE 8-10) 2
DPTR FM NORMAL -594
[CDD (BASE 65) ]
TOTAL THIS MO. 0
DPTR FM NORMAL 0 [PRESSURE DATA]
TOTAL FM JAN 1 0 HIGHEST SLP M ON M
DPTR FM NORMAL 0 LOWEST SLP 29.75 ON 15
[REMARKS]