841
CXUS53 KIWX 010800
CF6SBN
PRELIMINARY LOCAL CLIMATOLOGICAL DATA (WS FORM: F-6)
STATION: SOUTH BEND
MONTH: MARCH
YEAR: 2020
LATITUDE: 41 42 N
LONGITUDE: 86 19 W
TEMPERATURE IN F: :PCPN: SNOW: WIND :SUNSHINE: SKY :PK WND
================================================================================
1 2 3 4 5 6A 6B 7 8 9 10 11 12 13 14 15 16 17 18
12Z AVG MX 2MIN
DY MAX MIN AVG DEP HDD CDD WTR SNW DPTH SPD SPD DIR MIN PSBL S-S WX SPD DR
================================================================================
1 53 22 38 6 27 0 0.00 0.0 2 11.2 23 190 M M 1 30 190
2 52 31 42 10 23 0 0.10 0.0 0 7.7 21 220 M M 5 1 30 230
3 51 30 41 8 24 0 0.00 0.0 0 11.4 30 280 M M 6 1 43 300
4 44 25 35 2 30 0 0.01 T 0 7.4 21 300 M M 5 1 26 320
5 53 24 39 6 26 0 0.01 0.0 0 13.8 28 220 M M 2 37 200
6 38 22 30 -4 35 0 0.07 0.3 T 18.4 32 350 M M 8 18 45 310
7 49 17 33 -1 32 0 0.00 0.0 0 7.3 18 190 M M 0 24 200
8 64 38 51 17 14 0 0.00 0.0 0 15.0 25 200 M M 0 34 210
9 62 48 55 20 10 0 0.29 0.0 0 16.4 26 200 M M 6 1 37 180
10 54 26 40 5 25 0 0.12 0.0 0 11.4 25 330 M M 6 1 35 340
11 43 30 37 1 28 0 0.00 0.0 0 5.5 10 250 M M 9 18 16 230
12 57 28 43 7 22 0 T 0.0 0 9.3 32 320 M M 5 18 44 300
13 52 35 44 8 21 0 0.00 0.0 0 17.0 28 310 M M 3 44 310
14 41 32 37 0 28 0 T 0.1 T 6.7 18 360 M M 7 8 22 350
15 49 26 38 1 27 0 0.00 0.0 0 6.5 12 110 M M 2 18 100
16 40 29 35 -2 30 0 0.02 T 0 5.8 12 130 M M 7 1 15 130
17 44 27 36 -2 29 0 0.03 M 0 8.1 20 320 M M 5 1 26 320
18 45 30 38 0 27 0 0.47 0.0 0 8.1 16 130 M M 7 1 22 130
19 64 40 52 14 13 0 0.32 0.0 0 12.1 23 220 M M 10 12 32 230
20 64 26 45 6 20 0 0.01 T 0 18.3 29 360 M M 9 18 39 260
21 34 23 29 -10 36 0 0.00 0.0 0 5.9 13 20 M M 7 17 20
22 37 19 28 -12 37 0 0.18 1.6 0 8.1 21 130 M M 4 1 27 130
23 41 27 34 -6 31 0 0.08 1.0 2 4.6 12 310 M M 9 1 15 340
24 45 24 35 -5 30 0 0.00 0.0 0 5.8 16 120 M M 7 1 21 130
25 60 33 47 6 18 0 0.00 0.0 0 5.8 17 230 M M 5 128 20 230
26 57 45 51 10 14 0 0.01 0.0 0 7.1 15 220 M M 8 22 220
27 58 43 51 9 14 0 0.18 0.0 0 10.2 18 130 M M 9 12 25 100
28 65 45 55 13 10 0 0.32 0.0 0 10.9 22 330 M M 9 13 29 330
29 65 45 55 13 10 0 0.01 0.0 0 21.1 38 240 M M 8 53 240
30 45 35 40 -3 25 0 T 0.0 0 13.3 24 280 M M 10 33 280
31 46 36 41 -2 24 0 T 0.0 0 7.7 16 350 M M 10 18 20 340
================================================================================
SM 1572 961 740 0 2.23 3.0 317.9 M 189
================================================================================
AV 50.7 31.0 10.3 FASTST M M 6 MAX(MPH)
MISC ----> # 38 240 # 53 240
================================================================================
NOTES:
# LAST OF SEVERAL OCCURRENCES
COLUMN 17 PEAK WIND IN M.P.H.
PRELIMINARY LOCAL CLIMATOLOGICAL DATA (WS FORM: F-6) , PAGE 2
STATION: SOUTH BEND
MONTH: MARCH
YEAR: 2020
LATITUDE: 41 42 N
LONGITUDE: 86 19 W
[TEMPERATURE DATA] [PRECIPITATION DATA] SYMBOLS USED IN COLUMN 16
AVERAGE MONTHLY: 40.9 TOTAL FOR MONTH: 2.23 1 = FOG OR MIST
DPTR FM NORMAL: 3.4 DPTR FM NORMAL: -0.19 2 = FOG REDUCING VISIBILITY
HIGHEST: 65 ON 29,28 GRTST 24HR 0.47 ON 18-18 TO 1/4 MILE OR LESS
LOWEST: 17 ON 7 3 = THUNDER
SNOW, ICE PELLETS, HAIL 4 = ICE PELLETS
TOTAL MONTH: 3.0 INCHES 5 = HAIL
GRTST 24HR 1.6 ON 22-22 6 = FREEZING RAIN OR DRIZZLE
GRTST DEPTH: 2 ON 23, 1 7 = DUSTSTORM OR SANDSTORM:
VSBY 1/2 MILE OR LESS
8 = SMOKE OR HAZE
[NO. OF DAYS WITH] [WEATHER - DAYS WITH] 9 = BLOWING SNOW
X = TORNADO
MAX 32 OR BELOW: 0 0.01 INCH OR MORE: 17
MAX 90 OR ABOVE: 0 0.10 INCH OR MORE: 8
MIN 32 OR BELOW: 20 0.50 INCH OR MORE: 0
MIN 0 OR BELOW: 0 1.00 INCH OR MORE: 0
[HDD (BASE 65) ]
TOTAL THIS MO. 740 CLEAR (SCALE 0-3) 5
DPTR FM NORMAL -115 PTCLDY (SCALE 4-7) 16
TOTAL FM JUL 1 4976 CLOUDY (SCALE 8-10) 10
DPTR FM NORMAL -568
[CDD (BASE 65) ]
TOTAL THIS MO. 0
DPTR FM NORMAL -1 [PRESSURE DATA]
TOTAL FM JAN 1 0 HIGHEST SLP 30.66 ON 15
DPTR FM NORMAL -1 LOWEST SLP 29.47 ON 29
[REMARKS]
#FINAL-03-20#