000
CXUS53 KIWX 011822
CF6SBN
PRELIMINARY LOCAL CLIMATOLOGICAL DATA (WS FORM: F-6)
STATION: SOUTH BEND
MONTH: OCTOBER
YEAR: 2023
LATITUDE: 41 42 N
LONGITUDE: 86 19 W
TEMPERATURE IN F: :PCPN: SNOW: WIND :SUNSHINE: SKY :PK WND
================================================================================
1 2 3 4 5 6A 6B 7 8 9 10 11 12 13 14 15 16 17 18
12Z AVG MX 2MIN
DY MAX MIN AVG DEP HDD CDD WTR SNW DPTH SPD SPD DIR MIN PSBL S-S WX SPD DR
================================================================================
1 86 54 70 12 0 5 0.00 0.0 0 2.3 9 140 M M 0 18 13 100
2 87 56 72 14 0 7 0.00 0.0 0 1.6 9 190 M M 0 1 13 190
3 88 57 73 16 0 8 0.00 0.0 0 5.6 17 190 M M 0 18 23 140
4 87 66 77 20 0 12 0.00 0.0 0 9.2 25 200 M M 1 32 220
5 73 61 67 11 0 2 1.56 0.0 0 8.4 17 190 M M 9 18 26 190
6 64 45 55 -1 10 0 0.25 0.0 0 10.8 23 260 M M 4 1 33 250
7 57 43 50 -6 15 0 0.19 0.0 0 11.2 25 300 M M 6 1 37 290
8 55 41 48 -7 17 0 0.03 0.0 0 6.5 18 340 M M 7 1 24 330
9 57 41 49 -6 16 0 0.02 0.0 0 8.0 23 300 M M 5 1 33 290
10 57 41 49 -5 16 0 0.00 0.0 0 9.1 20 280 M M 8 24 300
11 67 39 53 -1 12 0 0.06 0.0 0 6.2 16 250 M M 4 1 21 260
12 64 50 57 3 8 0 0.17 0.0 0 6.4 15 100 M M 8 1 22 90
13 57 52 55 2 10 0 0.38 0.0 0 14.3 29 110 M M 9 1 38 110
14 53 48 51 -2 14 0 1.24 0.0 0 11.1 20 30 M M 10 1 30 10
15 56 42 49 -3 16 0 0.01 0.0 0 12.1 25 330 M M 9 33 340
16 54 41 48 -4 17 0 0.00 0.0 0 9.2 16 340 M M 9 22 330
17 61 37 49 -3 16 0 0.00 0.0 0 2.9 13 180 M M 5 1 16 190
18 65 42 54 3 11 0 0.00 0.0 0 9.5 21 200 M M 1 1 27 190
19 59 53 56 5 9 0 0.45 0.0 0 9.2 15 160 M M 10 1 21 190
20 56 40 48 -2 17 0 0.34 0.0 0 9.1 18 320 M M 9 1 30 330
21 56 38 47 -3 18 0 0.16 0.0 0 6.9 22 360 M M 7 12 30 20
22 57 36 47 -3 18 0 0.00 0.0 0 6.0 15 330 M M 7 1 21 10
23 64 34 49 0 16 0 0.00 0.0 0 6.4 18 170 M M 0 1 25 160
24 82 53 68 19 0 3 0.00 0.0 0 12.6 24 210 M M 1 33 200
25 66 59 63 15 2 0 0.14 0.0 0 8.8 16 200 M M 9 1 23 200
26 73 62 68 20 0 3 0.07 0.0 0 9.6 22 200 M M 7 1 31 200
27 76 53 65 17 0 0 0.34 0.0 0 11.7 24 320 M M 9 1 30 320
28 53 45 49 2 16 0 0.13 0.0 0 8.3 20 340 M M 8 1 26 350
29 48 42 45 -2 20 0 0.32 0.0 0 6.8 13 10 M M 10 1 18 10
30 45 30 38 -8 27 0 0.03 0.0 0 8.5 23 310 M M 8 1 31 330
31 36 26 31 -15 34 0 0.07 1.4 0 8.5 25 260 M M 7 128 33 270
================================================================================
SM 1959 1427 355 40 5.96 1.4 256.8 M 187
================================================================================
AV 63.2 46.0 8.3 FASTST M M 6 MAX(MPH)
MISC ----> 29 110 38 110
================================================================================
NOTES:
# LAST OF SEVERAL OCCURRENCES
COLUMN 17 PEAK WIND IN M.P.H.
PRELIMINARY LOCAL CLIMATOLOGICAL DATA (WS FORM: F-6) , PAGE 2
STATION: SOUTH BEND
MONTH: OCTOBER
YEAR: 2023
LATITUDE: 41 42 N
LONGITUDE: 86 19 W
[TEMPERATURE DATA] [PRECIPITATION DATA] SYMBOLS USED IN COLUMN 16
AVERAGE MONTHLY: 54.6 TOTAL FOR MONTH: 5.96 1 = FOG OR MIST
DPTR FM NORMAL: 2.6 DPTR FM NORMAL: 2.24 2 = FOG REDUCING VISIBILITY
HIGHEST: 88 ON 3 GRTST 24HR 1.62 ON 13-14 TO 1/4 MILE OR LESS
LOWEST: 26 ON 31 3 = THUNDER
SNOW, ICE PELLETS, HAIL 4 = ICE PELLETS
TOTAL MONTH: 1.4 INCHES 5 = HAIL
GRTST 24HR 1.4 ON 31-31 6 = FREEZING RAIN OR DRIZZLE
GRTST DEPTH: 0 7 = DUSTSTORM OR SANDSTORM:
VSBY 1/2 MILE OR LESS
8 = SMOKE OR HAZE
[NO. OF DAYS WITH] [WEATHER - DAYS WITH] 9 = BLOWING SNOW
X = TORNADO
MAX 32 OR BELOW: 0 0.01 INCH OR MORE: 20
MAX 90 OR ABOVE: 0 0.10 INCH OR MORE: 13
MIN 32 OR BELOW: 2 0.50 INCH OR MORE: 2
MIN 0 OR BELOW: 0 1.00 INCH OR MORE: 2
[HDD (BASE 65) ]
TOTAL THIS MO. 355 CLEAR (SCALE 0-3) 7
DPTR FM NORMAL -59 PTCLDY (SCALE 4-7) 14
TOTAL FM JUL 1 404 CLOUDY (SCALE 8-10) 10
DPTR FM NORMAL -147
[CDD (BASE 65) ]
TOTAL THIS MO. 40
DPTR FM NORMAL 31 [PRESSURE DATA]
TOTAL FM JAN 1 820 HIGHEST SLP 30.34 ON 1
DPTR FM NORMAL 97 LOWEST SLP 29.55 ON 20
[REMARKS]
#FINAL-10-23#