000
CXUS51 KAKQ 010710
CF6SBY
PRELIMINARY LOCAL CLIMATOLOGICAL DATA (WS FORM: F-6)
STATION: SALISBURY MD
MONTH: MAY
YEAR: 2022
LATITUDE: 38 20 N
LONGITUDE: 75 30 W
TEMPERATURE IN F: :PCPN: SNOW: WIND :SUNSHINE: SKY :PK WND
================================================================================
1 2 3 4 5 6A 6B 7 8 9 10 11 12 13 14 15 16 17 18
12Z AVG MX 2MIN
DY MAX MIN AVG DEP HDD CDD WTR SNW DPTH SPD SPD DIR MIN PSBL S-S WX SPD DR
================================================================================
1 71 39 55 -5 10 0 0.07 0.0 0 5.8 16 120 M M 5 20 130
2 82 59 71 11 0 6 T 0.0 0 4.4 12 260 M M 5 1 17 240
3 69 53 61 1 4 0 0.00 0.0 0 10.8 17 60 M M 6 1 21 50
4 79 53 66 5 0 1 0.01 0.0 0 5.4 17 310 M M 8 1 21 310
5 70 57 64 3 1 0 0.00 0.0 0 6.1 15 40 M M 8 1 21 40
6 69 52 61 0 4 0 1.09 0.0 0 7.7 18 60 M M 6 13 24 70
7 56 49 53 -9 12 0 0.43 0.0 0 17.9 32 50 M M 10 1 48 50
8 51 47 49 -13 16 0 0.20 0.0 0 17.2 29 40 M M 10 1 39 30
9 65 46 56 -6 9 0 0.00 0.0 0 14.9 28 30 M M 5 38 40
10 62 54 58 -4 7 0 T 0.0 0 19.8 30 40 M M 10 41 30
11 62 51 57 -5 8 0 0.04 0.0 0 14.1 26 40 M M 9 18 35 40
12 61 52 57 -6 8 0 0.18 0.0 0 11.6 18 40 M M 10 1 23 30
13 75 56 66 3 0 1 0.23 0.0 0 6.8 14 120 M M 10 123 17 110
14 74 62 68 5 0 3 0.21 0.0 0 4.8 13 170 M M 7 12 18 170
15 82 62 72 8 0 7 0.02 0.0 0 4.9 14 260 M M 6 128 16 260
16 83 59 71 7 0 6 1.61 0.0 0 7.8 22 230 M M 5 123 32 220
17 81 54 68 4 0 3 0.00 0.0 0 7.3 20 250 M M 0 27 240
18 75 51 63 -1 2 0 0.00 0.0 0 5.8 15 270 M M 0 19 270
19 83 61 72 8 0 7 0.13 0.0 0 8.7 17 270 M M 4 1 23 320
20 90 61 76 11 0 11 0.00 0.0 0 6.3 17 140 M M 1 1 24 170
21 92 72 82 17 0 17 T 0.0 0 10.4 23 220 M M 0 32 210
22 88 70 79 14 0 14 0.04 0.0 0 10.8 26 300 M M 1 41 320
23 78 61 70 4 0 5 0.00 0.0 0 6.7 17 10 M M 6 21 360
24 62 57 60 -6 5 0 1.20 0.0 0 8.0 20 90 M M 10 1 24 100
25 69 58 64 -2 1 0 0.00 0.0 0 10.7 20 70 M M 10 25 100
26 70 59 65 -1 0 0 T 0.0 0 6.8 13 120 M M 10 18 17 100
27 81 65 73 6 0 8 0.47 0.0 0 7.8 33 240 M M 8 1238 43 240
28 80 62 71 4 0 6 0.00 0.0 0 7.8 18 250 M M 3 24 250
29 84 60 72 5 0 7 0.00 0.0 0 3.0 13 130 M M 2 18 130
30 88 60 74 6 0 9 0.00 0.0 0 4.4 14 260 M M 0 17 260
31 95 65 80 12 0 15 0.00 0.0 0 4.9 13 210 M M 1 17 220
================================================================================
SM 2327 1767 87 126 5.93 0.0 269.4 M 176
================================================================================
AV 75.1 57.0 8.7 FASTST M M 6 MAX(MPH)
MISC ----> 33 240 48 50
================================================================================
NOTES:
# LAST OF SEVERAL OCCURRENCES
COLUMN 17 PEAK WIND IN M.P.H.
PRELIMINARY LOCAL CLIMATOLOGICAL DATA (WS FORM: F-6) , PAGE 2
STATION: SALISBURY MD
MONTH: MAY
YEAR: 2022
LATITUDE: 38 20 N
LONGITUDE: 75 30 W
[TEMPERATURE DATA] [PRECIPITATION DATA] SYMBOLS USED IN COLUMN 16
AVERAGE MONTHLY: 66.0 TOTAL FOR MONTH: 5.93 1 = FOG OR MIST
DPTR FM NORMAL: 2.2 DPTR FM NORMAL: 2.20 2 = FOG REDUCING VISIBILITY
HIGHEST: 95 ON 31 GRTST 24HR 1.63 ON 15-16 TO 1/4 MILE OR LESS
LOWEST: 39 ON 1 3 = THUNDER
SNOW, ICE PELLETS, HAIL 4 = ICE PELLETS
TOTAL MONTH: 0.0 INCH 5 = HAIL
GRTST 24HR 0.0 6 = FREEZING RAIN OR DRIZZLE
GRTST DEPTH: 0 7 = DUSTSTORM OR SANDSTORM:
VSBY 1/2 MILE OR LESS
8 = SMOKE OR HAZE
[NO. OF DAYS WITH] [WEATHER - DAYS WITH] 9 = BLOWING SNOW
X = TORNADO
MAX 32 OR BELOW: 0 0.01 INCH OR MORE: 15
MAX 90 OR ABOVE: 3 0.10 INCH OR MORE: 10
MIN 32 OR BELOW: 0 0.50 INCH OR MORE: 3
MIN 0 OR BELOW: 0 1.00 INCH OR MORE: 3
[HDD (BASE 65) ]
TOTAL THIS MO. 87 CLEAR (SCALE 0-3) 8
DPTR FM NORMAL -35 PTCLDY (SCALE 4-7) 14
TOTAL FM JUL 1 3689 CLOUDY (SCALE 8-10) 9
DPTR FM NORMAL -505
[CDD (BASE 65) ]
TOTAL THIS MO. 126
DPTR FM NORMAL 42 [PRESSURE DATA]
TOTAL FM JAN 1 150 HIGHEST SLP M ON M
DPTR FM NORMAL 42 LOWEST SLP 29.51 ON 7
[REMARKS]
#FINAL-05-22#