000
CXUS55 KPSR 221504
CF6SDL
PRELIMINARY LOCAL CLIMATOLOGICAL DATA (WS FORM: F-6)
STATION: SCOTTSDALE AZ
MONTH: JANUARY
YEAR: 2021
LATITUDE: 33 37 N
LONGITUDE: 111 54 W
TEMPERATURE IN F: :PCPN: SNOW: WIND :SUNSHINE: SKY :PK WND
================================================================================
1 2 3 4 5 6A 6B 7 8 9 10 11 12 13 14 15 16 17 18
12Z AVG MX 2MIN
DY MAX MIN AVG DEP HDD CDD WTR SNW DPTH SPD SPD DIR MIN PSBL S-S WX SPD DR
================================================================================
1 64 38 51 -3 14 0 0.00 M M 2.2 8 220 M M 0 13 210
2 62 37 50 -4 15 0 0.00 M M 2.3 8 160 M M 0 11 150
3 62 35 49 -5 16 0 0.00 M M 1.6 6 30 M M 0 8 170
4 69 38 54 0 11 0 0.00 M M 1.0 6 360 M M 0 7 360
5 69 42 56 2 9 0 0.00 M M 2.2 9 40 M M 0 12 260
6 71 39 55 1 10 0 0.00 M M 1.6 8 270 M M 0 11 270
7 70 39 55 1 10 0 0.00 M M 1.6 7 270 M M 0 11 270
8 70 40 55 1 10 0 0.00 M M 2.9 8 250 M M 0 10 250
9 68 39 54 0 11 0 0.00 M M 4.3 14 30 M M 0 21 280
10 65 37 51 -4 14 0 0.00 M M 2.7 9 10 M M 0 10 10
11 65 41 53 -2 12 0 0.00 M M 2.7 9 220 M M 0 13 190
12 66 36 51 -4 14 0 0.00 M M 3.1 9 360 M M 0 10 10
13 67 36 52 -3 13 0 0.00 M M 1.1 7 220 M M 0 10 200
14 72 41 57 2 8 0 0.00 M M 2.3 9 330 M M 0 12 310
15 79 50 65 10 0 0 0.00 M M 3.3 12 50 M M 0 14 360
16 76 45 61 6 4 0 0.00 M M 1.3 8 10 M M 0 11 190
17 78 44 61 6 4 0 0.00 M M 1.8 9 10 M M 0 13 10
18 72 41 57 2 8 0 0.00 M M 1.9 8 180 M M 0 9 180
19 70 55 63 8 2 0 0.02 M M 9.6 30 50 M M 5 8 36 50
20 73 61 67 12 0 2 T M M 7.7 17 80 M M 3 27 100
21 71 57 64 9 1 0 T M M 2.9 10 90 M M 7 16 120
22 67 55 61 5 4 0 0.00 M M 4.3 13 170 M M 8 19 180
23 61 50 56 0 9 0 0.08 M M 4.3 14 70 M M 8 3 21 70
24 52 45 49 -7 16 0 0.29 M M 4.0 16 250 M M 9 13 23 260
25 51 35 43 -13 22 0 0.64 M M 5.9 31 240 M M 8 13 44 240
26 50 40 45 -11 20 0 0.07 M M 5.2 14 250 M M 9 20 220
27 60 36 48 -8 17 0 0.00 M M 3.2 13 30 M M 0 16 70
28 70 44 57 1 8 0 0.00 M M 3.1 12 100 M M 0 17 120
29 65 45 55 -1 10 0 0.16 M M 4.5 18 270 M M 1 1 26 300
30 61 41 51 -5 14 0 0.00 M M 2.1 8 260 M M 0 1 11 250
31 73 40 57 1 8 0 0.00 M M 1.6 9 110 M M 0 13 110
================================================================================
SM 2069 1322 314 2 1.26 M 98.3 M 58
================================================================================
AV 66.7 42.6 3.2 FASTST M M 2 MAX(MPH)
MISC ----> 31 240 44 240
================================================================================
NOTES:
# LAST OF SEVERAL OCCURRENCES
COLUMN 17 PEAK WIND IN M.P.H.
PRELIMINARY LOCAL CLIMATOLOGICAL DATA (WS FORM: F-6) , PAGE 2
STATION: SCOTTSDALE AZ
MONTH: JANUARY
YEAR: 2021
LATITUDE: 33 37 N
LONGITUDE: 111 54 W
[TEMPERATURE DATA] [PRECIPITATION DATA] SYMBOLS USED IN COLUMN 16
AVERAGE MONTHLY: 54.7 TOTAL FOR MONTH: 1.26 1 = FOG OR MIST
DPTR FM NORMAL: -0.2 DPTR FM NORMAL: 0.15 2 = FOG REDUCING VISIBILITY
HIGHEST: 79 ON 15 GRTST 24HR 1.12 ON 20-20 TO 1/4 MILE OR LESS
LOWEST: 35 ON 25, 3 3 = THUNDER
SNOW, ICE PELLETS, HAIL 4 = ICE PELLETS
TOTAL MONTH: M 5 = HAIL
GRTST 24HR M ON M 6 = FREEZING RAIN OR DRIZZLE
GRTST DEPTH: M ON M 7 = DUSTSTORM OR SANDSTORM:
VSBY 1/2 MILE OR LESS
8 = SMOKE OR HAZE
[NO. OF DAYS WITH] [WEATHER - DAYS WITH] 9 = BLOWING SNOW
X = TORNADO
MAX 32 OR BELOW: 0 0.01 INCH OR MORE: 6
MAX 90 OR ABOVE: 0 0.10 INCH OR MORE: 3
MIN 32 OR BELOW: 0 0.50 INCH OR MORE: 1
MIN 0 OR BELOW: 0 1.00 INCH OR MORE: 0
[HDD (BASE 65) ]
TOTAL THIS MO. 314 CLEAR (SCALE 0-3) 24
DPTR FM NORMAL 2 PTCLDY (SCALE 4-7) 4
TOTAL FM JUL 1 772 CLOUDY (SCALE 8-10) 3
DPTR FM NORMAL -28
[CDD (BASE 65) ]
TOTAL THIS MO. 2
DPTR FM NORMAL 1 [PRESSURE DATA]
TOTAL FM JAN 1 2 HIGHEST SLP 30.32 ON 12
DPTR FM NORMAL 1 LOWEST SLP 29.64 ON 25
[REMARKS]
#FINAL-01-21#