000
CXUS52 KMLB 010724
CF6SFB
PRELIMINARY LOCAL CLIMATOLOGICAL DATA (WS FORM: F-6)
STATION: SANFORD
MONTH: JANUARY
YEAR: 2023
LATITUDE: 28 46 N
LONGITUDE: 81 15 W
TEMPERATURE IN F: :PCPN: SNOW: WIND :SUNSHINE: SKY :PK WND
================================================================================
1 2 3 4 5 6A 6B 7 8 9 10 11 12 13 14 15 16 17 18
12Z AVG MX 2MIN
DY MAX MIN AVG DEP HDD CDD WTR SNW DPTH SPD SPD DIR MIN PSBL S-S WX SPD DR
================================================================================
1 81 63 72 11 0 7 0.00 0.0 0 3.3 9 90 M M 4 12 12 350
2 81 58 70 9 0 5 0.00 0.0 0 4.0 14 110 M M 4 12 17 100
3 83 57 70 9 0 5 0.00 0.0 0 5.6 15 170 M M 3 12 19 180
4 83 67 75 15 0 10 0.00 0.0 0 6.7 16 200 M M 6 22 210
5 76 60 68 8 0 3 0.01 0.0 0 7.7 15 320 M M 7 1 20 330
6 69 47 58 -2 7 0 0.00 0.0 0 5.9 15 350 M M 0 18 350
7 72 44 58 -2 7 0 0.00 0.0 0 4.6 12 50 M M 0 15 50
8 77 48 63 3 2 0 0.00 0.0 0 4.2 15 140 M M 1 20 140
9 77 53 65 5 0 0 0.00 0.0 0 5.6 16 290 M M 1 20 300
10 73 50 62 2 3 0 0.00 0.0 0 5.1 14 280 M M 0 18 280
11 74 43 59 -1 6 0 0.00 0.0 0 3.5 8 110 M M 0 11 350
12 78 49 64 4 1 0 0.00 0.0 0 5.5 17 160 M M 0 21 160
13 67 45 56 -4 9 0 0.34 0.0 0 13.5 25 310 M M 6 1 34 310
14 53 37 45 -15 20 0 0.00 0.0 0 13.5 24 310 M M 0 32 320
15 59 33 46 -14 19 0 0.00 0.0 0 5.8 13 320 M M 0 20 340
16 67 36 52 -8 13 0 0.00 0.0 0 3.3 10 270 M M 0 13 260
17 75 39 57 -3 8 0 0.00 0.0 0 4.6 17 210 M M 0 21 210
18 77 49 63 3 2 0 0.00 0.0 0 4.3 12 160 M M 0 1 17 180
19 83 59 71 11 0 6 0.00 0.0 0 8.1 18 200 M M 1 21 180
20 81 58 70 10 0 5 0.00 0.0 0 5.8 14 300 M M 2 19 300
21 68 56 62 2 3 0 T 0.0 0 5.3 14 10 M M 8 16 360
22 84 58 71 11 0 6 0.00 0.0 0 10.3 24 210 M M 4 42 250
23 70 53 62 2 3 0 0.25 0.0 0 8.0 20 330 M M 4 13 26 340
24 74 49 62 1 3 0 0.00 0.0 0 8.7 17 120 M M 1 22 90
25 85 58 72 11 0 7 0.13 0.0 0 11.1 23 210 M M 2 1 32 220
26 68 51 60 -1 5 0 0.02 0.0 0 9.0 15 310 M M 5 1 24 330
27 64 45 55 -6 10 0 0.00 0.0 0 7.0 15 10 M M 0 19 350
28 72 48 60 -1 5 0 0.00 0.0 0 8.6 16 60 M M 6 20 70
29 82 60 71 10 0 6 0.00 0.0 0 6.7 17 140 M M 4 23 140
30 85 60 73 12 0 8 0.00 0.0 0 3.7 12 240 M M 2 1 13 250
31 85 64 75 14 0 10 0.00 0.0 0 4.7 9 250 M M 5 1 12 220
================================================================================
SM 2323 1597 126 78 0.75 0.0 203.7 M 76
================================================================================
AV 74.9 51.5 6.6 FASTST M M 2 MAX(MPH)
MISC ----> 25 310 42 250
================================================================================
NOTES:
# LAST OF SEVERAL OCCURRENCES
COLUMN 17 PEAK WIND IN M.P.H.
PRELIMINARY LOCAL CLIMATOLOGICAL DATA (WS FORM: F-6) , PAGE 2
STATION: SANFORD
MONTH: JANUARY
YEAR: 2023
LATITUDE: 28 46 N
LONGITUDE: 81 15 W
[TEMPERATURE DATA] [PRECIPITATION DATA] SYMBOLS USED IN COLUMN 16
AVERAGE MONTHLY: 63.2 TOTAL FOR MONTH: 0.75 1 = FOG OR MIST
DPTR FM NORMAL: 2.8 DPTR FM NORMAL: -1.61 2 = FOG REDUCING VISIBILITY
HIGHEST: 85 ON 31,30 GRTST 24HR 0.34 ON 13-13 TO 1/4 MILE OR LESS
LOWEST: 33 ON 15 3 = THUNDER
SNOW, ICE PELLETS, HAIL 4 = ICE PELLETS
TOTAL MONTH: 0.0 INCH 5 = HAIL
GRTST 24HR 0.0 6 = FREEZING RAIN OR DRIZZLE
GRTST DEPTH: 0 7 = DUSTSTORM OR SANDSTORM:
VSBY 1/2 MILE OR LESS
8 = SMOKE OR HAZE
[NO. OF DAYS WITH] [WEATHER - DAYS WITH] 9 = BLOWING SNOW
X = TORNADO
MAX 32 OR BELOW: 0 0.01 INCH OR MORE: 5
MAX 90 OR ABOVE: 0 0.10 INCH OR MORE: 3
MIN 32 OR BELOW: 0 0.50 INCH OR MORE: 0
MIN 0 OR BELOW: 0 1.00 INCH OR MORE: 0
[HDD (BASE 65) ]
TOTAL THIS MO. 126 CLEAR (SCALE 0-3) 19
DPTR FM NORMAL -62 PTCLDY (SCALE 4-7) 12
TOTAL FM JUL 1 292 CLOUDY (SCALE 8-10) 0
DPTR FM NORMAL -76
[CDD (BASE 65) ]
TOTAL THIS MO. 78
DPTR FM NORMAL 31 [PRESSURE DATA]
TOTAL FM JAN 1 78 HIGHEST SLP 30.39 ON 28
DPTR FM NORMAL 31 LOWEST SLP 29.83 ON 13
[REMARKS]
#FINAL-01-23#