000
CXUS56 KMTR 010900
CF6SFD
PRELIMINARY LOCAL CLIMATOLOGICAL DATA (WS FORM: F-6)
STATION: SAN FRANCISCO DWTN CA
MONTH: JUNE
YEAR: 2022
LATITUDE: 37 46 N
LONGITUDE: 122 26 W
TEMPERATURE IN F: :PCPN: SNOW: WIND :SUNSHINE: SKY :PK WND
================================================================================
1 2 3 4 5 6A 6B 7 8 9 10 11 12 13 14 15 16 17 18
12Z AVG MX 2MIN
DY MAX MIN AVG DEP HDD CDD WTR SNW DPTH SPD SPD DIR MIN PSBL S-S WX SPD DR
================================================================================
1 66 50 58 -1 7 0 0.00 M 0 M M M M M M M M
2 60 50 55 -4 10 0 0.00 M 0 M M M M M M M M
3 64 52 58 -1 7 0 0.00 M 0 M M M M M M M M
4 68 54 61 2 4 0 0.01 M 0 M M M M M M M M
5 69 56 63 4 2 0 0.22 M 0 M M M M M M M M
6 66 53 60 1 5 0 0.00 M 0 M M M M M M M M
7 61 52 57 -2 8 0 0.00 M 0 M M M M M M M M
8 63 53 58 -1 7 0 0.00 M 0 M M M M M M M M
9 78 52 65 5 0 0 0.00 M 0 M M M M M M M M
10 85 60 73 13 0 8 0.00 M 0 M M M M M M M M
11 76 57 67 7 0 2 0.00 M 0 M M M M M M M M
12 66 54 60 0 5 0 0.00 M 0 M M M M M M M M
13 67 53 60 0 5 0 0.00 M 0 M M M M M M M M
14 73 53 63 3 2 0 0.00 M 0 M M M M M M M M
15 67 53 60 0 5 0 0.00 M 0 M M M M M M M M
16 64 52 58 -2 7 0 0.00 M 0 M M M M M M M M
17 64 52 58 -2 7 0 0.00 M 0 M M M M M M M M
18 63 52 58 -2 7 0 0.00 M 0 M M M M M M M M
19 71 53 62 2 3 0 0.00 M 0 M M M M M M M M
20 72 53 63 3 2 0 0.00 M 0 M M M M M M M M
21 92 59 76 16 0 11 0.00 M 0 M M M M M M M M
22 79 57 68 8 0 3 0.00 M 0 M M M M M M M M
23 67 52 60 0 5 0 0.00 M 0 M M M M M M M M
24 69 51 60 0 5 0 0.00 M 0 M M M M M M M M
25 63 54 59 -1 6 0 0.00 M 0 M M M M M M M M
26 63 54 59 -1 6 0 0.00 M 0 M M M M M M M M
27 63 54 59 -1 6 0 0.00 M 0 M M M M M M M M
28 66 53 60 0 5 0 0.00 M 0 M M M M M M M M
29 60 53 57 -3 8 0 0.00 M 0 M M M M M M M M
30 59 52 56 -4 9 0 0.00 M 0 M M M M M M M M
================================================================================
SM 2044 1603 143 24 0.23 M M M M
================================================================================
AV 68.1 53.4 M FASTST M M M MAX(MPH)
MISC ----> M M M M
================================================================================
NOTES:
# LAST OF SEVERAL OCCURRENCES
COLUMN 17 PEAK WIND IN M.P.H.
PRELIMINARY LOCAL CLIMATOLOGICAL DATA (WS FORM: F-6) , PAGE 2
STATION: SAN FRANCISCO DWTN CA
MONTH: JUNE
YEAR: 2022
LATITUDE: 37 46 N
LONGITUDE: 122 26 W
[TEMPERATURE DATA] [PRECIPITATION DATA] SYMBOLS USED IN COLUMN 16
AVERAGE MONTHLY: 60.8 TOTAL FOR MONTH: 0.23 1 = FOG OR MIST
DPTR FM NORMAL: 1.1 DPTR FM NORMAL: 0.03 2 = FOG REDUCING VISIBILITY
HIGHEST: 92 ON 21 GRTST 24HR 0.23 ON 4- 5 TO 1/4 MILE OR LESS
LOWEST: 50 ON 2, 1 3 = THUNDER
SNOW, ICE PELLETS, HAIL 4 = ICE PELLETS
TOTAL MONTH: M 5 = HAIL
GRTST 24HR M ON M 6 = FREEZING RAIN OR DRIZZLE
GRTST DEPTH: 0 7 = DUSTSTORM OR SANDSTORM:
VSBY 1/2 MILE OR LESS
8 = SMOKE OR HAZE
[NO. OF DAYS WITH] [WEATHER - DAYS WITH] 9 = BLOWING SNOW
X = TORNADO
MAX 32 OR BELOW: 0 0.01 INCH OR MORE: 2
MAX 90 OR ABOVE: 1 0.10 INCH OR MORE: 1
MIN 32 OR BELOW: 0 0.50 INCH OR MORE: 0
MIN 0 OR BELOW: 0 1.00 INCH OR MORE: 0
[HDD (BASE 65) ]
TOTAL THIS MO. 143 CLEAR (SCALE 0-3) 0
DPTR FM NORMAL -26 PTCLDY (SCALE 4-7) 0
TOTAL FM JUL 1 2677 CLOUDY (SCALE 8-10) 30
DPTR FM NORMAL -104
[CDD (BASE 65) ]
TOTAL THIS MO. 24
DPTR FM NORMAL 12 [PRESSURE DATA]
TOTAL FM JAN 1 33 HIGHEST SLP M ON M
DPTR FM NORMAL 6 LOWEST SLP 9999.00 ON 1
[REMARKS]
#FINAL-06-22#