000
CXUS56 KOTX 010910
CF6SFF
PRELIMINARY LOCAL CLIMATOLOGICAL DATA (WS FORM: F-6)
STATION: SPOKANE WA FELTS AIRPORT
MONTH: OCTOBER
YEAR: 2022
LATITUDE: 47 40 N
LONGITUDE: 117 20 W
TEMPERATURE IN F: :PCPN: SNOW: WIND :SUNSHINE: SKY :PK WND
================================================================================
1 2 3 4 5 6A 6B 7 8 9 10 11 12 13 14 15 16 17 18
12Z AVG MX 2MIN
DY MAX MIN AVG DEP HDD CDD WTR SNW DPTH SPD SPD DIR MIN PSBL S-S WX SPD DR
================================================================================
1 79 48 64 8 1 0 0.00 M M 2.8 10 120 M M 0 1 14 90
2 79 49 64 9 1 0 0.00 M M 3.2 12 210 M M 0 1 14 200
3 81 48 65 10 0 0 0.00 M M 1.7 7 220 M M 0 1 9 100
4 82 47 65 11 0 0 0.00 M M 1.6 7 50 M M 0 1 8 50
5 79 47 63 9 2 0 0.00 M M 2.0 6 50 M M 0 10 90
6 81 47 64 10 1 0 0.00 M M 0.6 7 70 M M 0 18 8 80
7 79 48 64 11 1 0 0.00 M M 1.3 7 160 M M 0 1 9 290
8 76 46 61 8 4 0 0.00 M M 1.2 6 30 M M 0 1 7 170
9 77 45 61 9 4 0 0.00 M M 1.2 6 60 M M 0 1 8 290
10 75 45 60 8 5 0 0.00 M M 5.5 18 240 M M 1 18 25 230
11 73 44 59 8 6 0 0.00 M M 4.0 16 290 M M 0 8 25 290
12 76 43 60 9 5 0 0.00 M M 2.0 9 340 M M 0 8 12 330
13 73 41 57 7 8 0 0.00 M M 1.5 7 240 M M 0 9 230
14 74 42 58 8 7 0 0.00 M M 1.0 6 60 M M 0 8 230
15 78 43 61 11 4 0 0.00 M M 2.9 13 110 M M 0 1 16 120
16 77 41 59 10 6 0 0.00 M M 1.0 6 130 M M 0 10 130
17 76 41 59 10 6 0 0.00 M M 1.1 7 60 M M 0 8 8 70
18 73 40 57 9 8 0 0.00 M M 1.4 6 60 M M 0 18 7 50
19 72 38 55 7 10 0 0.00 M M 2.2 8 90 M M 0 18 10 110
20 64 39 52 5 13 0 T M M 1.1 7 290 M M 4 18 9 290
21 53 41 47 0 18 0 0.31 M M 4.8 22 240 M M 8 1 27 240
22 50 36 43 -3 22 0 0.02 M M 2.5 10 230 M M 8 1 15 250
23 52 36 44 -2 21 0 0.00 M M 2.8 13 200 M M 7 15 200
24 45 38 42 -4 23 0 0.08 M M 6.0 20 190 M M 8 1 24 190
25 50 37 44 -1 21 0 T M M 5.1 16 200 M M 5 20 210
26 50 38 44 -1 21 0 0.06 M M 5.1 14 210 M M 8 8 18 220
27 56 38 47 3 18 0 0.00 M M 9.9 24 210 M M 4 32 190
28 56 42 49 5 16 0 T M M 5.9 14 190 M M 4 18 200
29 58 38 48 4 17 0 0.00 M M 3.7 13 240 M M 4 16 220
30 59 45 52 9 13 0 T M M 9.3 22 220 M M 8 28 200
31 56 45 51 8 14 0 0.09 M M 9.3 22 210 M M 10 1 29 220
================================================================================
SM 2109 1316 296 0 0.56 M 103.7 M 79
================================================================================
AV 68.0 42.5 3.3 FASTST M M 3 MAX(MPH)
MISC ----> 24 210 32 190
================================================================================
NOTES:
# LAST OF SEVERAL OCCURRENCES
COLUMN 17 PEAK WIND IN M.P.H.
PRELIMINARY LOCAL CLIMATOLOGICAL DATA (WS FORM: F-6) , PAGE 2
STATION: SPOKANE WA FELTS AIRPORT
MONTH: OCTOBER
YEAR: 2022
LATITUDE: 47 40 N
LONGITUDE: 117 20 W
[TEMPERATURE DATA] [PRECIPITATION DATA] SYMBOLS USED IN COLUMN 16
AVERAGE MONTHLY: 55.2 TOTAL FOR MONTH: 0.56 1 = FOG OR MIST
DPTR FM NORMAL: 6.1 DPTR FM NORMAL: -0.90 2 = FOG REDUCING VISIBILITY
HIGHEST: 82 ON 4 GRTST 24HR 0.33 ON 21-22 TO 1/4 MILE OR LESS
LOWEST: 36 ON 23,22 3 = THUNDER
SNOW, ICE PELLETS, HAIL 4 = ICE PELLETS
TOTAL MONTH: M 5 = HAIL
GRTST 24HR M ON M 6 = FREEZING RAIN OR DRIZZLE
GRTST DEPTH: M ON M 7 = DUSTSTORM OR SANDSTORM:
VSBY 1/2 MILE OR LESS
8 = SMOKE OR HAZE
[NO. OF DAYS WITH] [WEATHER - DAYS WITH] 9 = BLOWING SNOW
X = TORNADO
MAX 32 OR BELOW: 0 0.01 INCH OR MORE: 5
MAX 90 OR ABOVE: 0 0.10 INCH OR MORE: 1
MIN 32 OR BELOW: 0 0.50 INCH OR MORE: 0
MIN 0 OR BELOW: 0 1.00 INCH OR MORE: 0
[HDD (BASE 65) ]
TOTAL THIS MO. 296 CLEAR (SCALE 0-3) 19
DPTR FM NORMAL -196 PTCLDY (SCALE 4-7) 10
TOTAL FM JUL 1 351 CLOUDY (SCALE 8-10) 2
DPTR FM NORMAL -319
[CDD (BASE 65) ]
TOTAL THIS MO. 0
DPTR FM NORMAL 0 [PRESSURE DATA]
TOTAL FM JAN 1 744 HIGHEST SLP M ON M
DPTR FM NORMAL 237 LOWEST SLP 29.52 ON 22
[REMARKS]
#FINAL-10-22#