077
CXUS56 KOTX 011010
CF6SFF
PRELIMINARY LOCAL CLIMATOLOGICAL DATA (WS FORM: F-6)
STATION: SPOKANE WA FELTS AIRPORT
MONTH: FEBRUARY
YEAR: 2021
LATITUDE: 47 40 N
LONGITUDE: 117 20 W
TEMPERATURE IN F: :PCPN: SNOW: WIND :SUNSHINE: SKY :PK WND
================================================================================
1 2 3 4 5 6A 6B 7 8 9 10 11 12 13 14 15 16 17 18
12Z AVG MX 2MIN
DY MAX MIN AVG DEP HDD CDD WTR SNW DPTH SPD SPD DIR MIN PSBL S-S WX SPD DR
================================================================================
1 54 37 46 13 19 0 T M M 3.6 13 160 M M 9 18 190
2 51 31 41 8 24 0 0.02 M M 10.0 26 230 M M 7 35 240
3 42 27 35 2 30 0 0.00 M M 3.4 10 230 M M 5 13 250
4 41 31 36 3 29 0 0.04 M M 6.5 16 240 M M 9 21 240
5 50 31 41 8 24 0 0.01 M M 5.8 21 250 M M 4 28 250
6 47 32 40 7 25 0 T M M 7.7 21 240 M M 9 30 250
7 37 27 32 -1 33 0 T M M 2.6 15 240 M M 9 19 230
8 34 25 30 -3 35 0 0.00 M M 4.0 14 340 M M 10 18 340
9 27 19 23 -11 42 0 0.00 M M 3.0 12 350 M M 9 16 340
10 32 18 25 -9 40 0 0.00 M M 3.5 13 340 M M 7 17 330
11 23 13 18 -16 47 0 0.00 M M 11.6 23 70 M M 9 28 70
12 21 11 16 -18 49 0 0.00 M M 11.5 21 60 M M 8 29 60
13 25 17 21 -13 44 0 0.00 M M 11.2 22 80 M M 9 8 29 80
14 24 18 21 -13 44 0 0.01 M M 3.8 12 90 M M 10 18 15 80
15 27 21 24 -10 41 0 0.16 M M 1.9 9 230 M M 10 18 10 230
16 27 22 25 -9 40 0 0.05 M M 1.8 8 240 M M 10 18 10 240
17 37 19 28 -6 37 0 0.00 M M 4.2 12 230 M M 7 1 17 260
18 34 13 24 -10 41 0 0.08 M M 1.8 12 140 M M 7 128 14 140
19 34 30 32 -3 33 0 0.01 M M 4.2 12 200 M M 10 1 13 190
20 33 30 32 -3 33 0 0.00 M M 6.7 15 190 M M 10 1 18 200
21 43 32 38 3 27 0 T M M 10.3 21 230 M M 9 1 27 220
22 47 38 43 8 22 0 0.01 M M 13.2 29 230 M M 7 36 250
23 43 28 36 1 29 0 0.00 M M 7.1 22 240 M M 3 29 230
24 39 23 31 -5 34 0 0.00 M M 4.5 14 190 M M 3 18 18 200
25 45 31 38 2 27 0 0.11 M M 11.4 25 240 M M 6 128 33 230
26 45 34 40 4 25 0 0.00 M M 7.1 20 230 M M 7 8 28 230
27 42 28 35 -1 30 0 T M M 5.1 14 290 M M 3 1 20 260
28 45 32 39 2 26 0 0.00 M M 6.8 15 230 M M 9 20 250
================================================================================
SM 1049 718 930 0 0.50 M 174.3 M 215
================================================================================
AV 37.5 25.6 6.2 FASTST M M 8 MAX(MPH)
MISC ----> 29 230 36 250
================================================================================
NOTES:
# LAST OF SEVERAL OCCURRENCES
COLUMN 17 PEAK WIND IN M.P.H.
PRELIMINARY LOCAL CLIMATOLOGICAL DATA (WS FORM: F-6) , PAGE 2
STATION: SPOKANE WA FELTS AIRPORT
MONTH: FEBRUARY
YEAR: 2021
LATITUDE: 47 40 N
LONGITUDE: 117 20 W
[TEMPERATURE DATA] [PRECIPITATION DATA] SYMBOLS USED IN COLUMN 16
AVERAGE MONTHLY: 31.6 TOTAL FOR MONTH: 0.50 1 = FOG OR MIST
DPTR FM NORMAL: -2.7 DPTR FM NORMAL: -0.88 2 = FOG REDUCING VISIBILITY
HIGHEST: 54 ON 1 GRTST 24HR 0.17 ON 14-15 TO 1/4 MILE OR LESS
LOWEST: 11 ON 12 3 = THUNDER
SNOW, ICE PELLETS, HAIL 4 = ICE PELLETS
TOTAL MONTH: M 5 = HAIL
GRTST 24HR M ON M 6 = FREEZING RAIN OR DRIZZLE
GRTST DEPTH: M ON M 7 = DUSTSTORM OR SANDSTORM:
VSBY 1/2 MILE OR LESS
8 = SMOKE OR HAZE
[NO. OF DAYS WITH] [WEATHER - DAYS WITH] 9 = BLOWING SNOW
X = TORNADO
MAX 32 OR BELOW: 8 0.01 INCH OR MORE: 10
MAX 90 OR ABOVE: 0 0.10 INCH OR MORE: 2
MIN 32 OR BELOW: 25 0.50 INCH OR MORE: 0
MIN 0 OR BELOW: 0 1.00 INCH OR MORE: 0
[HDD (BASE 65) ]
TOTAL THIS MO. 930 CLEAR (SCALE 0-3) 3
DPTR FM NORMAL 71 PTCLDY (SCALE 4-7) 9
TOTAL FM JUL 1 4139 CLOUDY (SCALE 8-10) 16
DPTR FM NORMAL -433
[CDD (BASE 65) ]
TOTAL THIS MO. 0
DPTR FM NORMAL 0 [PRESSURE DATA]
TOTAL FM JAN 1 0 HIGHEST SLP M ON M
DPTR FM NORMAL 0 LOWEST SLP 29.69 ON 6
[REMARKS]
#FINAL-02-21#