000
CXUS54 KLZK 011410
CF6SGT
PRELIMINARY LOCAL CLIMATOLOGICAL DATA (WS FORM: F-6)
STATION: STUTTGART AIRPORT
MONTH: AUGUST
YEAR: 2022
LATITUDE: 34 35 N
LONGITUDE: 91 34 W
TEMPERATURE IN F: :PCPN: SNOW: WIND :SUNSHINE: SKY :PK WND
================================================================================
1 2 3 4 5 6A 6B 7 8 9 10 11 12 13 14 15 16 17 18
12Z AVG MX 2MIN
DY MAX MIN AVG DEP HDD CDD WTR SNW DPTH SPD SPD DIR MIN PSBL S-S WX SPD DR
================================================================================
1 92 75 84 2 0 19 0.00 M M 8.8 13 180 M M 3 M M
2 94 75 85 4 0 20 0.00 M M 7.2 14 190 M M 1 M M
3 92 75 84 3 0 19 0.00 M M 8.9 12 140 M M 3 8 M M
4 86 75 81 0 0 16 0.00 M M 7.1 16 50 M M 3 18 M M
5 92 77 85 4 0 20 0.00 M M 7.0 14 140 M M 4 M M
6 94 76 85 4 0 20 0.00 M M 9.8 16 180 M M 0 17 190
7 93 74 84 3 0 19 0.00 M M 7.7 13 180 M M 1 M M
8 97 73 85 4 0 20 0.54 M M 6.9 20 220 M M 1 13 39 220
9 88 73 81 0 0 16 0.00 M M 6.4 12 250 M M 2 M M
10 88 73 81 0 0 16 T M M 5.4 10 30 M M 3 M M
11 87 73 80 -1 0 15 0.00 M M 7.7 13 10 M M 4 1 18 20
12 90 71 81 0 0 16 0.00 M M 8.8 13 60 M M 1 M M
13 89 64 77 -4 0 12 0.00 M M 6.2 9 90 M M 0 M M
14 94 66 80 -1 0 15 0.00 M M 4.6 10 260 M M 0 M M
15 97 73 85 4 0 20 0.00 M M 6.7 13 70 M M 0 M M
16 89 71 80 -1 0 15 0.00 M M 8.2 16 60 M M 1 1 M M
17 74 69 72 -9 0 7 1.39 M M 7.6 18 10 M M 8 1 24 10
18 86 67 77 -4 0 12 0.00 M M 5.9 10 40 M M 2 1 M M
19 88 66 77 -4 0 12 T M M 4.5 7 30 M M 2 M M
20 90 71 81 0 0 16 0.00 M M 5.4 9 200 M M 3 M M
21 82 74 78 -3 0 13 0.00 M M 7.7 14 230 M M 3 M M
22 84 72 78 -2 0 13 0.08 M M 4.0 8 220 M M 5 1 M M
23 84 71 78 -2 0 13 T M M 7.3 15 150 M M 5 M M
24 86 70 78 -2 0 13 T M M 8.2 13 50 M M 7 M M
25 89 68 79 -1 0 14 0.00 M M 5.3 10 90 M M 4 M M
26 92 70 81 1 0 16 0.00 M M 3.5 8 140 M M 2 8 M M
27 94 72 83 3 0 18 0.00 M M 3.8 8 110 M M 0 M M
28 93 74 84 5 0 19 0.00 M M 8.4 15 170 M M 1 M M
29 95 76 86 7 0 21 0.00 M M 7.6 13 200 M M 1 17 200
30 95 73 84 5 0 19 T M M 4.2 10 30 M M 4 M M
31 93 73 83 4 0 18 M M M 5.8 8 60 M M 3 M M
================================================================================
SM 2787 2230 0 502 2.01 M 206.6 M 77
================================================================================
AV 89.9 71.9 6.7 FASTST M M 2 MAX(MPH)
MISC ----> 20 220 39 220
================================================================================
NOTES:
# LAST OF SEVERAL OCCURRENCES
COLUMN 17 PEAK WIND IN M.P.H.
PRELIMINARY LOCAL CLIMATOLOGICAL DATA (WS FORM: F-6) , PAGE 2
STATION: STUTTGART AIRPORT
MONTH: AUGUST
YEAR: 2022
LATITUDE: 34 35 N
LONGITUDE: 91 34 W
[TEMPERATURE DATA] [PRECIPITATION DATA] SYMBOLS USED IN COLUMN 16
AVERAGE MONTHLY: 80.9 TOTAL FOR MONTH: 2.01 1 = FOG OR MIST
DPTR FM NORMAL: 0.3 DPTR FM NORMAL: -0.18 2 = FOG REDUCING VISIBILITY
HIGHEST: 97 ON 15, 8 GRTST 24HR 1.39 ON 17-17 TO 1/4 MILE OR LESS
LOWEST: 64 ON 13 3 = THUNDER
SNOW, ICE PELLETS, HAIL 4 = ICE PELLETS
TOTAL MONTH: M 5 = HAIL
GRTST 24HR M ON M 6 = FREEZING RAIN OR DRIZZLE
GRTST DEPTH: M ON M 7 = DUSTSTORM OR SANDSTORM:
VSBY 1/2 MILE OR LESS
8 = SMOKE OR HAZE
[NO. OF DAYS WITH] [WEATHER - DAYS WITH] 9 = BLOWING SNOW
X = TORNADO
MAX 32 OR BELOW: 0 0.01 INCH OR MORE: 3
MAX 90 OR ABOVE: 17 0.10 INCH OR MORE: 2
MIN 32 OR BELOW: 0 0.50 INCH OR MORE: 2
MIN 0 OR BELOW: 0 1.00 INCH OR MORE: 1
[HDD (BASE 65) ]
TOTAL THIS MO. 0 CLEAR (SCALE 0-3) 19
DPTR FM NORMAL 0 PTCLDY (SCALE 4-7) 12
TOTAL FM JUL 1 0 CLOUDY (SCALE 8-10) 0
DPTR FM NORMAL 0
[CDD (BASE 65) ]
TOTAL THIS MO. 502
DPTR FM NORMAL 21 [PRESSURE DATA]
TOTAL FM JAN 1 1963 HIGHEST SLP 30.18 ON 7
DPTR FM NORMAL 284 LOWEST SLP 29.85 ON 28
[REMARKS]
#FINAL-08-22#