000
CXUS55 KBYZ 011127
CLMSHR
CLIMATE REPORT
NATIONAL WEATHER SERVICE BILLINGS MT
527 AM MDT TUE AUG 01 2023
...................................
...THE SHERIDAN WY CLIMATE SUMMARY FOR THE MONTH OF JULY 2023...
CLIMATE NORMAL PERIOD 1991 TO 2020
CLIMATE RECORD PERIOD 1907 TO 2023
WEATHER OBSERVED NORMAL DEPART
VALUE DATE(S) VALUE FROM
NORMAL
................................................
TEMPERATURE (F)
HIGHEST 101 07/24
LOWEST 45 07/06
AVG. MAXIMUM 85.8 87.8 -2.0
AVG. MINIMUM 53.4 53.5 -0.1
MEAN 69.6 70.7 -1.1
DAYS MAX >= 90 9
DAYS MAX <= 32 0
DAYS MIN <= 32 0
DAYS MIN <= 0 0
PRECIPITATION (INCHES)
TOTALS 1.36 1.07 0.29
DAYS >= .01 6
DAYS >= .10 3
DAYS >= .50 1
DAYS >= 1.00 0
GREATEST
24 HR. TOTAL 0.74 07/03 TO 07/04
DEGREE DAYS
HEATING TOTAL 16 22 -6
SINCE 7/1 16 18 -2
COOLING TOTAL 167 197 -30
SINCE 1/1 179 244 -65
................................................
WIND (MPH)
AVERAGE WIND SPEED 5.1
HIGHEST WIND SPEED/DIRECTION 38/210 DATE 07/27
HIGHEST GUST SPEED/DIRECTION 47/210 DATE 07/27
AVERAGE RH (PERCENT) 58
WEATHER CONDITIONS. NUMBER OF DAYS WITH
THUNDERSTORM 13 MIXED PRECIP 0
HEAVY RAIN 3 RAIN 3
LIGHT RAIN 11 FREEZING RAIN 0
LT FREEZING RAIN 0 HAIL 0
HEAVY SNOW 0 SNOW 0
LIGHT SNOW 0 SLEET 0
FOG 5 FOG W/VIS <= 1/4 MILE 0
HAZE 6
- INDICATES NEGATIVE NUMBERS.
R INDICATES RECORD WAS SET OR TIED.
MM INDICATES DATA IS MISSING.
T INDICATES TRACE AMOUNT.
$$