000
CXUS56 KMTR 010900
CF6SJC
PRELIMINARY LOCAL CLIMATOLOGICAL DATA (WS FORM: F-6)
STATION: SAN JOSE AIRPORT
MONTH: JUNE
YEAR: 2023
LATITUDE: 37 21 N
LONGITUDE: 121 55 W
TEMPERATURE IN F: :PCPN: SNOW: WIND :SUNSHINE: SKY :PK WND
================================================================================
1 2 3 4 5 6A 6B 7 8 9 10 11 12 13 14 15 16 17 18
12Z AVG MX 2MIN
DY MAX MIN AVG DEP HDD CDD WTR SNW DPTH SPD SPD DIR MIN PSBL S-S WX SPD DR
================================================================================
1 74 53 64 -1 1 0 0.00 M M 9.2 18 340 M M 2 24 330
2 74 52 63 -3 2 0 0.00 M M 8.4 17 330 M M 1 23 320
3 80 51 66 0 0 1 0.00 M M 6.0 16 340 M M 2 18 20 340
4 80 54 67 1 0 2 0.00 M M 6.0 15 310 M M 1 8 20 310
5 74 54 64 -2 1 0 0.00 M M 12.4 22 190 M M 6 35 220
6 71 59 65 -1 0 0 0.09 M M 11.1 22 170 M M 6 34 190
7 74 59 67 1 0 2 0.00 M M 8.1 16 340 M M 8 21 340
8 72 57 65 -1 0 0 0.00 M M 8.2 20 330 M M 2 26 340
9 70 56 63 -3 2 0 0.00 M M 7.2 17 320 M M 9 23 320
10 69 56 63 -4 2 0 0.00 M M 5.8 14 330 M M 8 18 340
11 77 56 67 0 0 2 0.00 M M 9.3 15 160 M M 7 22 340
12 76 57 67 0 0 2 0.00 M M 8.2 16 160 M M 5 20 150
13 72 57 65 -2 0 0 0.00 M M 7.7 18 330 M M 3 23 320
14 77 58 68 1 0 3 0.00 M M 6.4 15 310 M M 7 20 320
15 77 56 67 0 0 2 0.00 M M 8.9 18 320 M M 4 24 110
16 76 58 67 -1 0 2 0.00 M M 7.3 16 330 M M 3 21 300
17 78 57 68 0 0 3 0.00 M M 7.0 21 330 M M 5 25 340
18 75 56 66 -2 0 1 0.00 M M 9.1 22 330 M M 2 29 330
19 69 54 62 -6 3 0 0.00 M M 12.4 23 340 M M 1 32 340
20 74 50 62 -6 3 0 0.00 M M 7.6 22 330 M M 1 31 360
21 73 49 61 -7 4 0 0.00 M M 7.7 20 340 M M 1 29 340
22 74 56 65 -3 0 0 0.00 M M 6.9 16 340 M M 8 27 340
23 73 57 65 -3 0 0 0.00 M M 10.1 21 340 M M 7 29 350
24 70 56 63 -5 2 0 0.00 M M 8.8 22 330 M M 6 31 10
25 70 57 64 -4 1 0 0.00 M M 9.2 20 320 M M 6 25 340
26 72 57 65 -4 0 0 0.00 M M 7.3 18 330 M M 5 28 340
27 71 56 64 -5 1 0 0.00 M M 7.2 18 320 M M 8 8 24 360
28 70 56 63 -6 2 0 0.00 M M 6.8 16 310 M M 5 22 300
29 82 56 69 0 0 4 0.00 M M 5.4 15 310 M M 3 18 310
30 88 58 73 4 0 8 0.00 M M 5.5 14 320 M M 1 17 330
================================================================================
SM 2232 1668 24 32 0.09 M 241.2 M 133
================================================================================
AV 74.4 55.6 8.0 FASTST M M 4 MAX(MPH)
MISC ----> 23 340 35 220
================================================================================
NOTES:
# LAST OF SEVERAL OCCURRENCES
COLUMN 17 PEAK WIND IN M.P.H.
PRELIMINARY LOCAL CLIMATOLOGICAL DATA (WS FORM: F-6) , PAGE 2
STATION: SAN JOSE AIRPORT
MONTH: JUNE
YEAR: 2023
LATITUDE: 37 21 N
LONGITUDE: 121 55 W
[TEMPERATURE DATA] [PRECIPITATION DATA] SYMBOLS USED IN COLUMN 16
AVERAGE MONTHLY: 65.0 TOTAL FOR MONTH: 0.09 1 = FOG OR MIST
DPTR FM NORMAL: -2.3 DPTR FM NORMAL: -0.09 2 = FOG REDUCING VISIBILITY
HIGHEST: 88 ON 30 GRTST 24HR 0.09 ON 6- 6 TO 1/4 MILE OR LESS
LOWEST: 49 ON 21 3 = THUNDER
SNOW, ICE PELLETS, HAIL 4 = ICE PELLETS
TOTAL MONTH: M 5 = HAIL
GRTST 24HR M ON M 6 = FREEZING RAIN OR DRIZZLE
GRTST DEPTH: M ON M 7 = DUSTSTORM OR SANDSTORM:
VSBY 1/2 MILE OR LESS
8 = SMOKE OR HAZE
[NO. OF DAYS WITH] [WEATHER - DAYS WITH] 9 = BLOWING SNOW
X = TORNADO
MAX 32 OR BELOW: 0 0.01 INCH OR MORE: 1
MAX 90 OR ABOVE: 0 0.10 INCH OR MORE: 0
MIN 32 OR BELOW: 0 0.50 INCH OR MORE: 0
MIN 0 OR BELOW: 0 1.00 INCH OR MORE: 0
[HDD (BASE 65) ]
TOTAL THIS MO. 24 CLEAR (SCALE 0-3) 13
DPTR FM NORMAL 0 PTCLDY (SCALE 4-7) 16
TOTAL FM JUL 1 2410 CLOUDY (SCALE 8-10) 1
DPTR FM NORMAL 227
[CDD (BASE 65) ]
TOTAL THIS MO. 32
DPTR FM NORMAL -61 [PRESSURE DATA]
TOTAL FM JAN 1 68 HIGHEST SLP M ON M
DPTR FM NORMAL -76 LOWEST SLP 29.76 ON 4
[REMARKS]
#FINAL-06-23#