000
CXUS56 KMTR 010900
CF6SJC
PRELIMINARY LOCAL CLIMATOLOGICAL DATA (WS FORM: F-6)
STATION: SAN JOSE AIRPORT
MONTH: APRIL
YEAR: 2022
LATITUDE: 37 21 N
LONGITUDE: 121 55 W
TEMPERATURE IN F: :PCPN: SNOW: WIND :SUNSHINE: SKY :PK WND
================================================================================
1 2 3 4 5 6A 6B 7 8 9 10 11 12 13 14 15 16 17 18
12Z AVG MX 2MIN
DY MAX MIN AVG DEP HDD CDD WTR SNW DPTH SPD SPD DIR MIN PSBL S-S WX SPD DR
================================================================================
1 76 46 61 4 4 0 0.00 M M 5.8 18 350 M M 1 23 340
2 78 45 62 5 3 0 0.00 M M 5.0 20 330 M M 5 23 340
3 74 49 62 5 3 0 0.00 M M 6.9 22 360 M M 2 30 360
4 69 49 59 1 6 0 0.00 M M 9.2 22 350 M M 4 28 350
5 73 49 61 3 4 0 0.00 M M 9.1 20 340 M M 2 25 340
6 85 48 67 9 0 2 0.00 M M 5.8 20 330 M M 0 24 340
7 94 52 73 15 0 8 0.00 M M 5.3 16 340 M M 4 20 340
8 84 53 69 11 0 4 0.00 M M 7.4 20 350 M M 3 26 340
9 74 49 62 4 3 0 0.00 M M 8.3 22 340 M M 2 32 350
10 72 50 61 3 4 0 0.00 M M 12.4 25 340 M M 5 33 330
11 60 47 54 -4 11 0 T M M 13.7 31 310 M M 5 18 42 310
12 62 41 52 -6 13 0 0.00 M M 10.9 23 340 M M 2 31 340
13 62 41 52 -6 13 0 0.00 M M 6.1 17 340 M M 6 23 310
14 62 50 56 -2 9 0 0.01 M M 7.8 14 160 M M 9 20 110
15 72 50 61 2 4 0 0.00 M M 8.1 20 330 M M 7 27 330
16 66 48 57 -2 8 0 0.11 M M 10.2 18 340 M M 5 1 24 130
17 64 40 52 -7 13 0 0.00 M M 6.7 18 330 M M 2 22 330
18 75 42 59 0 6 0 0.00 M M 6.0 18 240 M M 5 25 220
19 68 52 60 1 5 0 0.02 M M 9.1 20 330 M M 8 26 330
20 73 47 60 1 5 0 0.05 M M 10.0 22 190 M M 5 32 190
21 66 53 60 1 5 0 0.09 M M 8.9 18 200 M M 9 1 26 210
22 65 50 58 -2 7 0 0.01 M M 8.7 21 340 M M 6 27 360
23 74 45 60 0 5 0 0.00 M M 6.2 20 330 M M 2 26 360
24 77 47 62 2 3 0 0.00 M M 5.8 17 330 M M 1 22 10
25 75 49 62 2 3 0 0.00 M M 7.7 22 350 M M 3 31 330
26 68 52 60 0 5 0 0.00 M M 8.0 20 340 M M 3 28 330
27 68 45 57 -3 8 0 0.00 M M 8.6 22 350 M M 6 28 330
28 65 48 57 -3 8 0 0.00 M M 10.4 23 330 M M 2 31 340
29 74 45 60 0 5 0 0.00 M M 7.0 21 350 M M 3 27 340
30 73 49 61 0 4 0 0.00 M M 7.5 21 350 M M 2 29 320
================================================================================
SM 2148 1431 167 14 0.29 M 242.6 M 119
================================================================================
AV 71.6 47.7 8.1 FASTST M M 4 MAX(MPH)
MISC ----> 31 310 42 310
================================================================================
NOTES:
# LAST OF SEVERAL OCCURRENCES
COLUMN 17 PEAK WIND IN M.P.H.
PRELIMINARY LOCAL CLIMATOLOGICAL DATA (WS FORM: F-6) , PAGE 2
STATION: SAN JOSE AIRPORT
MONTH: APRIL
YEAR: 2022
LATITUDE: 37 21 N
LONGITUDE: 121 55 W
[TEMPERATURE DATA] [PRECIPITATION DATA] SYMBOLS USED IN COLUMN 16
AVERAGE MONTHLY: 59.7 TOTAL FOR MONTH: 0.29 1 = FOG OR MIST
DPTR FM NORMAL: 0.9 DPTR FM NORMAL: -0.78 2 = FOG REDUCING VISIBILITY
HIGHEST: 94 ON 7 GRTST 24HR 0.14 ON 20-21 TO 1/4 MILE OR LESS
LOWEST: 40 ON 17 3 = THUNDER
SNOW, ICE PELLETS, HAIL 4 = ICE PELLETS
TOTAL MONTH: M 5 = HAIL
GRTST 24HR M ON M 6 = FREEZING RAIN OR DRIZZLE
GRTST DEPTH: M ON M 7 = DUSTSTORM OR SANDSTORM:
VSBY 1/2 MILE OR LESS
8 = SMOKE OR HAZE
[NO. OF DAYS WITH] [WEATHER - DAYS WITH] 9 = BLOWING SNOW
X = TORNADO
MAX 32 OR BELOW: 0 0.01 INCH OR MORE: 6
MAX 90 OR ABOVE: 1 0.10 INCH OR MORE: 1
MIN 32 OR BELOW: 0 0.50 INCH OR MORE: 0
MIN 0 OR BELOW: 0 1.00 INCH OR MORE: 0
[HDD (BASE 65) ]
TOTAL THIS MO. 167 CLEAR (SCALE 0-3) 15
DPTR FM NORMAL -30 PTCLDY (SCALE 4-7) 13
TOTAL FM JUL 1 1815 CLOUDY (SCALE 8-10) 2
DPTR FM NORMAL -245
[CDD (BASE 65) ]
TOTAL THIS MO. 14
DPTR FM NORMAL 3 [PRESSURE DATA]
TOTAL FM JAN 1 16 HIGHEST SLP M ON M
DPTR FM NORMAL 3 LOWEST SLP 29.85 ON 16
[REMARKS]
#FINAL-04-22#