000
CXUS45 KSLC 010807
CLMSLC
CLIMATE REPORT
NATIONAL WEATHER SERVICE SALT LAKE CITY UT
207 AM MDT FRI SEP 01 2023
...................................
...THE SALT LAKE CITY UT CLIMATE SUMMARY FOR THE MONTH OF AUGUST 2023...
CLIMATE NORMAL PERIOD 1991 TO 2020
CLIMATE RECORD PERIOD 1874 TO 2023
WEATHER OBSERVED NORMAL DEPART LAST YEAR`S
VALUE DATE(S) VALUE FROM VALUE DATE(S)
NORMAL
................................................................
TEMPERATURE (F)
RECORD
HIGH 106 08/04/1994
LOW 37 08/31/1965
08/29/1964
HIGHEST 100 08/29 102 08/31
LOWEST 60 08/31 64 08/07
AVG. MAXIMUM 90.2 91.7 -1.5 94.2
AVG. MINIMUM 67.5 66.6 0.9 70.1
MEAN 78.9 79.1 -0.2 82.1
DAYS MAX >= 90 16 21.4 -5.4 25
DAYS MAX <= 32 0 0.0 0.0 0
DAYS MIN <= 32 0 0.0 0.0 0
DAYS MIN <= 0 0 0.0 0.0 0
PRECIPITATION (INCHES)
TOTALS 2.75 0.58 2.17 1.13
DAYS >= .01 9 4.9 4.1 8
DAYS >= .10 6 1.6 4.4 2
DAYS >= .50 1 0.1 0.9 1
DAYS >= 1.00 1 0.1 0.9 0
SNOWFALL (INCHES)
TOTALS 0.0 0.0 0.0 0.0
SINCE 7/1 0.0 0.0 MM
DEGREE DAYS
HEATING TOTAL 0 2 -2 0
SINCE 7/1 0 1 -1 MM
COOLING TOTAL 438 441 -3 538
SINCE 1/1 1418 1243 175 MM
................................................................
WIND (MPH)
AVERAGE WIND SPEED 8.3
HIGHEST WIND SPEED/DIRECTION 44/260 DATE 08/17
HIGHEST GUST SPEED/DIRECTION 69/320 DATE 08/17
WEATHER CONDITIONS. NUMBER OF DAYS WITH
THUNDERSTORM 8 RAIN 3
HAIL 0 SNOW 0
FOG 5 FOG W/VIS <= 1/4 MILE 0
HAZE 1
- INDICATES NEGATIVE NUMBERS.
R INDICATES RECORD WAS SET OR TIED.
MM INDICATES DATA IS MISSING.
T INDICATES TRACE AMOUNT.
$$