000
CXUS54 KMAF 011110
CF6SNK
PRELIMINARY LOCAL CLIMATOLOGICAL DATA (WS FORM: F-6)
STATION: SNYDER WINSTON FIELD
MONTH: MAY
YEAR: 2022
LATITUDE: 32 41 N
LONGITUDE: 100 57 W
TEMPERATURE IN F: :PCPN: SNOW: WIND :SUNSHINE: SKY :PK WND
================================================================================
1 2 3 4 5 6A 6B 7 8 9 10 11 12 13 14 15 16 17 18
12Z AVG MX 2MIN
DY MAX MIN AVG DEP HDD CDD WTR SNW DPTH SPD SPD DIR MIN PSBL S-S WX SPD DR
================================================================================
1 83 56 70 M 0 5 3.21 M M 10.2 24 250 M M 6 3 31 250
2 93 64 79 M 0 14 M M M 0.0 M M M M 2 M M
3 67 47 57 M 8 0 M M M 0.2 6 90 M M 5 M M
4 87 58 73 M 0 8 M M M 5.4 22 150 M M 6 28 150
5 82 56 69 M 0 4 M M M 10.2 17 280 M M 2 24 220
6 97 53 75 M 0 10 M M M 7.1 17 270 M M 0 24 270
7 103 63 83 M 0 18 M M M 9.8 22 240 M M 0 29 240
8 102 67 85 M 0 20 M M M 11.1 21 210 M M 0 28 210
9 100 69 85 M 0 20 M M M 11.9 23 220 M M 0 33 210
10 92 71 82 M 0 17 0.09 M M 13.3 29 200 M M 3 38 200
11 94 65 80 M 0 15 M M M 13.3 21 160 M M 0 29 160
12 97 70 84 M 0 19 M M M 13.1 20 200 M M 0 25 190
13 98 67 83 M 0 18 M M M 6.5 14 230 M M 0 17 230
14 98 65 82 M 0 17 M M M 7.7 15 150 M M 0 18 140
15 103 68 86 M 0 21 M M M 10.9 20 240 M M 0 28 240
16 98 67 83 M 0 18 M M M 10.3 20 50 M M 1 30 50
17 101 74 88 M 0 23 M M M 17.6 26 180 M M 0 37 180
18 103 74 89 M 0 24 M M M 8.8 17 210 M M 0 24 210
19 103 71 87 M 0 22 M M M 9.9 16 190 M M 0 26 190
20 101 75 88 M 0 23 M M M 9.6 17 200 M M 0 24 200
21 78 61 70 M 0 5 M M M 14.0 22 20 M M 0 30 30
22 75 52 64 M 1 0 M M M 12.2 21 40 M M 4 29 40
23 78 58 68 M 0 3 M M M 13.0 21 140 M M 5 25 140
24 66 54 60 M 5 0 0.14 M M 11.0 25 300 M M 7 43 290
25 75 46 61 M 4 0 M M M 10.6 20 310 M M 1 28 310
26 90 53 72 M 0 7 M M M 4.6 12 240 M M 0 M M
27 96 62 79 M 0 14 M M M 10.1 15 150 M M 0 21 160
28 104 70 87 M 0 22 M M M 14.0 23 180 M M 0 31 210
29 101 76 89 M 0 24 M M M 18.1 24 160 M M 0 33 160
30 100 73 87 M 0 22 M M M 15.2 24 170 M M 0 31 170
31 93 76 85 M 0 20 M M M 14.5 21 180 M M 3 26 150
================================================================================
SM 2858 1981 18 433 3.44 M 324.3 M 45
================================================================================
AV 92.2 63.9 10.5 FASTST M M 1 MAX(MPH)
MISC ----> 29 200 43 290
================================================================================
NOTES:
# LAST OF SEVERAL OCCURRENCES
COLUMN 17 PEAK WIND IN M.P.H.
PRELIMINARY LOCAL CLIMATOLOGICAL DATA (WS FORM: F-6) , PAGE 2
STATION: SNYDER WINSTON FIELD
MONTH: MAY
YEAR: 2022
LATITUDE: 32 41 N
LONGITUDE: 100 57 W
[TEMPERATURE DATA] [PRECIPITATION DATA] SYMBOLS USED IN COLUMN 16
AVERAGE MONTHLY: 78.0 TOTAL FOR MONTH: 3.44 1 = FOG OR MIST
DPTR FM NORMAL: 0.0 DPTR FM NORMAL: M 2 = FOG REDUCING VISIBILITY
HIGHEST: 104 ON 28 GRTST 24HR 3.21 ON 1- 1 TO 1/4 MILE OR LESS
LOWEST: 46 ON 25 3 = THUNDER
SNOW, ICE PELLETS, HAIL 4 = ICE PELLETS
TOTAL MONTH: M 5 = HAIL
GRTST 24HR M ON M 6 = FREEZING RAIN OR DRIZZLE
GRTST DEPTH: M ON M 7 = DUSTSTORM OR SANDSTORM:
VSBY 1/2 MILE OR LESS
8 = SMOKE OR HAZE
[NO. OF DAYS WITH] [WEATHER - DAYS WITH] 9 = BLOWING SNOW
X = TORNADO
MAX 32 OR BELOW: 0 0.01 INCH OR MORE: 3
MAX 90 OR ABOVE: 22 0.10 INCH OR MORE: 2
MIN 32 OR BELOW: 0 0.50 INCH OR MORE: 1
MIN 0 OR BELOW: 0 1.00 INCH OR MORE: 1
[HDD (BASE 65) ]
TOTAL THIS MO. 18 CLEAR (SCALE 0-3) 25
DPTR FM NORMAL M PTCLDY (SCALE 4-7) 6
TOTAL FM JUL 1 2391 CLOUDY (SCALE 8-10) 0
DPTR FM NORMAL M
[CDD (BASE 65) ]
TOTAL THIS MO. 433
DPTR FM NORMAL M [PRESSURE DATA]
TOTAL FM JAN 1 615 HIGHEST SLP M ON M
DPTR FM NORMAL M LOWEST SLP M ON M
[REMARKS]
#FINAL-05-22#