000
CXUS54 KMAF 011110
CF6SNK
PRELIMINARY LOCAL CLIMATOLOGICAL DATA (WS FORM: F-6)
STATION: SNYDER WINSTON FIELD
MONTH: MAY
YEAR: 2021
LATITUDE: 32 41 N
LONGITUDE: 100 57 W
TEMPERATURE IN F: :PCPN: SNOW: WIND :SUNSHINE: SKY :PK WND
================================================================================
1 2 3 4 5 6A 6B 7 8 9 10 11 12 13 14 15 16 17 18
12Z AVG MX 2MIN
DY MAX MIN AVG DEP HDD CDD WTR SNW DPTH SPD SPD DIR MIN PSBL S-S WX SPD DR
================================================================================
1 72 58 65 M 0 0 0.35 M M 7.1 13 150 M M 7 3 18 70
2 93 55 74 M 0 9 M M M 9.4 18 260 M M 3 1 26 260
3 75 55 65 M 0 0 0.15 M M 11.2 18 10 M M 3 3 28 360
4 67 53 60 M 5 0 M M M 11.8 21 360 M M 5 28 350
5 79 51 65 M 0 0 M M M 8.4 14 130 M M 0 21 160
6 81 54 68 M 0 3 M M M 10.3 14 120 M M 0 22 110
7 88 57 73 M 0 8 M M M 14.0 23 180 M M 0 32 180
8 93 62 78 M 0 13 M M M 14.1 21 200 M M 0 30 200
9 79 60 70 M 0 5 M M M 12.5 21 30 M M 0 28 30
10 62 5 34 M 31 0 M M M 14.4 18 60 M M 9 1 28 60
11 58 51 55 M 10 0 M M M 12.4 17 40 M M 10 13 28 40
12 66 48 57 M 8 0 M M M 10.6 15 50 M M 6 1 22 10
13 72 46 59 M 6 0 M M M 5.7 12 90 M M 1 17 120
14 79 55 67 M 0 2 M M M 12.8 18 150 M M 4 25 160
15 81 62 72 M 0 7 0.01 M M 13.1 22 140 M M 5 3 28 140
16 85 60 73 M 0 8 0.05 M M 6.1 16 80 M M 6 29 220
17 86 60 73 M 0 8 0.02 M M 13.9 37 170 M M 6 3 45 170
18 64 57 61 M 4 0 1.02 M M 11.5 24 80 M M 5 3 31 140
19 75 61 68 M 0 3 0.29 M M 9.2 16 140 M M 4 3 29 320
20 83 57 70 M 0 5 M M M 9.0 16 130 M M 0 22 130
21 85 63 74 M 0 9 M M M 13.7 18 130 M M 1 26 130
22 81 1 41 M 24 0 M M M 14.0 21 100 M M 6 1 28 90
23 81 66 74 M 0 9 0.01 M M 14.0 18 130 M M 8 26 120
24 86 66 76 M 0 11 M M M 13.0 21 130 M M 8 3 31 160
25 91 60 76 M 0 11 1.12 M M 11.0 17 360 M M 6 3 29 10
26 90 65 78 M 0 13 M M M 12.0 21 120 M M 3 24 150
27 92 65 79 M 0 14 M M M 8.8 17 180 M M 4 25 210
28 81 64 73 M 0 8 M M M 13.5 20 90 M M 6 1 28 80
29 82 61 72 M 0 7 M M M 10.0 28 120 M M 7 3 35 120
30 82 63 73 M 0 8 M M M 11.3 16 140 M M 8 3 26 120
31 71 60 66 M 0 1 2.80 M M 7.2 20 60 M M 7 3 29 280
================================================================================
SM 2460 1701 88 162 5.82 M 345.9 M 138
================================================================================
AV 79.4 54.9 11.2 FASTST M M 4 MAX(MPH)
MISC ----> 37 170 45 170
================================================================================
NOTES:
# LAST OF SEVERAL OCCURRENCES
COLUMN 17 PEAK WIND IN M.P.H.
PRELIMINARY LOCAL CLIMATOLOGICAL DATA (WS FORM: F-6) , PAGE 2
STATION: SNYDER WINSTON FIELD
MONTH: MAY
YEAR: 2021
LATITUDE: 32 41 N
LONGITUDE: 100 57 W
[TEMPERATURE DATA] [PRECIPITATION DATA] SYMBOLS USED IN COLUMN 16
AVERAGE MONTHLY: 67.1 TOTAL FOR MONTH: 5.82 1 = FOG OR MIST
DPTR FM NORMAL: 0.0 DPTR FM NORMAL: M 2 = FOG REDUCING VISIBILITY
HIGHEST: 93 ON 8, 2 GRTST 24HR 2.80 ON 31-31 TO 1/4 MILE OR LESS
LOWEST: 1 ON 22 3 = THUNDER
SNOW, ICE PELLETS, HAIL 4 = ICE PELLETS
TOTAL MONTH: M 5 = HAIL
GRTST 24HR M ON M 6 = FREEZING RAIN OR DRIZZLE
GRTST DEPTH: M ON M 7 = DUSTSTORM OR SANDSTORM:
VSBY 1/2 MILE OR LESS
8 = SMOKE OR HAZE
[NO. OF DAYS WITH] [WEATHER - DAYS WITH] 9 = BLOWING SNOW
X = TORNADO
MAX 32 OR BELOW: 0 0.01 INCH OR MORE: 10
MAX 90 OR ABOVE: 5 0.10 INCH OR MORE: 6
MIN 32 OR BELOW: 2 0.50 INCH OR MORE: 3
MIN 0 OR BELOW: 0 1.00 INCH OR MORE: 3
[HDD (BASE 65) ]
TOTAL THIS MO. 88 CLEAR (SCALE 0-3) 11
DPTR FM NORMAL M PTCLDY (SCALE 4-7) 18
TOTAL FM JUL 1 3041 CLOUDY (SCALE 8-10) 2
DPTR FM NORMAL M
[CDD (BASE 65) ]
TOTAL THIS MO. 162
DPTR FM NORMAL M [PRESSURE DATA]
TOTAL FM JAN 1 244 HIGHEST SLP M ON M
DPTR FM NORMAL M LOWEST SLP M ON M
[REMARKS]
#FINAL-05-21#