742
CXUS55 KPIH 020138
CF6SNT
PRELIMINARY LOCAL CLIMATOLOGICAL DATA (WS FORM: F-6)
STATION: STANLEY_ID
MONTH: MAY
YEAR: 2020
LATITUDE: 44 10 N
LONGITUDE: 114 56 W
TEMPERATURE IN F: :PCPN: SNOW: WIND :SUNSHINE: SKY :PK WND
================================================================================
1 2 3 4 5 6A 6B 7 8 9 10 11 12 13 14 15 16 17 18
12Z AVG MX 2MIN
DY MAX MIN AVG DEP HDD CDD WTR SNW DPTH SPD SPD DIR MIN PSBL S-S WX SPD DR
================================================================================
1 56 28 42 4 23 0 0.00 M M 4.2 13 250 M M 0 23 270
2 62 23 43 4 22 0 0.00 M M 4.6 22 170 M M 0 30 200
3 52 M M M M M M M M 4.5 14 350 M M 0 19 340
4 54 21 38 -2 27 0 0.00 M M 3.9 15 270 M M 0 23 330
5 64 21 43 3 22 0 0.00 M M 3.9 15 210 M M 0 20 210
6 57 24 41 1 24 0 0.03 M M 7.4 20 310 M M 0 34 330
7 58 18 38 -2 27 0 0.00 M M 3.7 12 340 M M 0 15 10
8 63 21 42 1 23 0 0.00 M M 4.4 15 360 M M 0 20 320
9 67 22 45 4 20 0 0.00 M M 3.3 10 260 M M 0 15 260
10 74 25 50 8 15 0 0.00 M M 2.7 13 260 M M 0 18 320
11 71 35 53 11 12 0 0.00 M M 4.5 14 280 M M 0 21 280
12 53 36 45 3 20 0 0.03 M M 4.7 14 220 M M 0 22 220
13 49 31 40 -2 25 0 0.07 M M 3.2 14 220 M M 0 22 220
14 50 28 39 -4 26 0 0.04 M M 3.1 12 90 M M 0 20 230
15 47 28 38 -5 27 0 0.06 M M 3.3 17 350 M M 0 27 350
16 58 30 44 1 21 0 0.00 M M 4.9 12 190 M M 0 17 220
17 67 41 54 10 11 0 0.01 M M 5.5 20 190 M M 0 30 180
18 66 36 51 7 14 0 0.47 M M 7.1 20 170 M M 0 32 170
19 46 35 41 -3 24 0 0.25 M M 2.8 10 160 M M 0 16 140
20 50 35 43 -1 22 0 0.09 M M 5.5 15 150 M M 0 21 150
21 49 32 41 -4 24 0 0.05 M M 4.1 16 210 M M 0 24 200
22 48 29 39 -6 26 0 0.08 M M 4.2 14 320 M M 0 21 320
23 53 27 40 -5 25 0 0.00 M M 3.2 13 350 M M 0 17 320
24 60 24 42 -3 23 0 0.00 M M 3.7 14 330 M M 0 21 360
25 68 27 48 2 17 0 0.00 M M 3.7 12 320 M M 0 18 300
26 66 42 54 8 11 0 0.00 M M 2.2 10 330 M M 0 15 340
27 72 33 53 7 12 0 0.00 M M 4.3 12 310 M M 0 18 300
28 80 32 56 10 9 0 0.00 M M 4.0 13 310 M M 0 17 290
29 84 41 63 17 2 0 0.00 M M 3.0 15 180 M M 0 22 330
30 82 42 62 16 3 0 0.00 M M 6.3 31 150 M M 0 48 180
31 70 44 57 10 8 0 0.03 M M 4.8 14 260 M M 0 19 230
================================================================================
SM 1896 911 565 0 1.21 M 130.7 M 0
================================================================================
AV 61.2 30.4 4.2 FASTST M M 0 MAX(MPH)
MISC ----> # 31 150 # 48 180
================================================================================
NOTES:
# LAST OF SEVERAL OCCURRENCES
PRECIPITATION SUSPECT DURING FREEZING/FROZEN EVENTS.
COLUMN 17 PEAK WIND IN M.P.H.
PRELIMINARY LOCAL CLIMATOLOGICAL DATA (WS FORM: F-6) , PAGE 2
STATION: STANLEY_ID
MONTH: MAY
YEAR: 2020
LATITUDE: 44 10 N
LONGITUDE: 114 56 W
[TEMPERATURE DATA] [PRECIPITATION DATA] SYMBOLS USED IN COLUMN 16
AVERAGE MONTHLY: 45.8 TOTAL FOR MONTH: 1.21 1 = FOG OR MIST
DPTR FM NORMAL: 2.8 DPTR FM NORMAL: -0.48 2 = FOG REDUCING VISIBILITY
HIGHEST: 84 ON 29 GRTST 24HR 0.47 ON 18-18 TO 1/4 MILE OR LESS
LOWEST: 18 ON 7 3 = THUNDER
SNOW, ICE PELLETS, HAIL 4 = ICE PELLETS
TOTAL MONTH: M 5 = HAIL
GRTST 24HR M ON M 6 = FREEZING RAIN OR DRIZZLE
GRTST DEPTH: M ON M 7 = DUSTSTORM OR SANDSTORM:
VSBY 1/2 MILE OR LESS
8 = SMOKE OR HAZE
[NO. OF DAYS WITH] [WEATHER - DAYS WITH] 9 = BLOWING SNOW
X = TORNADO
MAX 32 OR BELOW: 0 0.01 INCH OR MORE: 12
MAX 90 OR ABOVE: 0 0.10 INCH OR MORE: 2
MIN 32 OR BELOW: 19 0.50 INCH OR MORE: 0
MIN 0 OR BELOW: 0 1.00 INCH OR MORE: 0
[HDD (BASE 65) ]
TOTAL THIS MO. 565 CLEAR (SCALE 0-3) 31
DPTR FM NORMAL -117 PTCLDY (SCALE 4-7) 0
TOTAL FM JUL 1 9733 CLOUDY (SCALE 8-10) 0
DPTR FM NORMAL -609
[CDD (BASE 65) ]
TOTAL THIS MO. 0
DPTR FM NORMAL 0 [PRESSURE DATA]
TOTAL FM JAN 1 0 HIGHEST SLP 30.31 ON 7
DPTR FM NORMAL 0 LOWEST SLP 29.49 ON 18
[REMARKS]
3RD: FOUR MISSING OBSERVATIONS DURING PRECIPITATION EVENT AND MORNING
LOW. BOTH MARKED AS MISSING. TOTAL RECORDED PRECIPITATION ON EITHER
SIDE OF OUTAGE WAS 0.07 INCHES.
29TH: HIGH OF 84 BREAKS OLD RECORD OF 82 SET IN 2003.
#FINAL-05-20#