000
CXUS55 KCYS 031630
CF6SNY
PRELIMINARY LOCAL CLIMATOLOGICAL DATA (WS FORM: F-6) ...CORRECTED...
STATION: SIDNEY NEBRASKA AIRPORT
MONTH: NOVEMBER
YEAR: 2020
LATITUDE: 41 5 N
LONGITUDE: 102 59 W
TEMPERATURE IN F: :PCPN: SNOW: WIND :SUNSHINE: SKY :PK WND
================================================================================
1 2 3 4 5 6A 6B 7 8 9 10 11 12 13 14 15 16 17 18
12Z AVG MX 2MIN
DY MAX MIN AVG DEP HDD CDD WTR SNW DPTH SPD SPD DIR MIN PSBL S-S WX SPD DR
================================================================================
1 63 20 42 -2 23 0 0.00 M M 6.7 18 150 M M 0 23 150
2 77 30 54 10 11 0 0.00 M M 9.2 18 290 M M 0 24 290
3 81 30 56 12 9 0 0.00 M M 8.9 18 200 M M 0 23 210
4 77 37 57 14 8 0 0.00 M M 14.0 26 330 M M 0 34 340
5 73 31 52 9 13 0 0.00 M M 10.5 20 200 M M 0 24 200
6 75 29 52 10 13 0 0.00 M M 6.8 15 170 M M 0 19 160
7 76 37 57 15 8 0 0.00 M M 11.4 33 180 M M 0 46 180
8 63 39 51 10 14 0 0.02 M M 15.9 35 170 M M 2 47 180
9 44 24 34 -7 31 0 0.01 M M 13.4 24 350 M M 9 1 30 10
10 39 6 23 -17 42 0 0.02 M M 12.1 28 300 M M 4 12 37 300
11 49 17 33 -7 32 0 0.00 M M 11.2 25 300 M M 3 31 290
12 41 15 28 -11 37 0 0.00 M M 10.2 26 310 M M 2 33 310
13 59 19 39 0 26 0 0.00 M M 13.3 22 200 M M 0 8 28 200
14 49 27 38 0 27 0 T M M 22.8 52 310 M M 4 18 68 310
15 56 22 39 1 26 0 0.00 M M 16.0 33 270 M M 0 44 270
16 60 31 46 9 19 0 0.00 M M 11.3 32 280 M M 0 42 280
17 70 21 46 9 19 0 0.00 M M 9.2 18 210 M M 0 23 220
18 68 31 50 14 15 0 0.00 M M 9.2 22 320 M M 0 29 330
19 63 38 51 15 14 0 0.00 M M 15.9 30 320 0 0 0 40 310
20 53 27 40 4 25 0 0.00 M M 6.2 15 300 M M 2 20 330
21 52 16 34 -1 31 0 0.00 M M 9.1 24 190 M M 2 31 180
22 46 17 32 -3 33 0 0.00 M M 11.9 22 170 M M 0 30 180
23 56 24 40 6 25 0 T M M 10.4 21 170 M M 2 12 27 160
24 43 12 28 -6 37 0 T M M 12.4 25 340 M M 5 12 32 330
25 54 10 32 -1 33 0 0.00 M M 11.4 22 220 M M 0 27 210
26 45 16 31 -2 34 0 0.00 M M 8.9 20 330 M M 0 M M
27 47 12 30 -2 35 0 0.00 M M 11.1 23 240 M M 0 29 240
28 59 13 36 4 29 0 0.00 M M 10.0 22 20 M M 0 31 10
29 40 7 24 -8 41 0 0.00 M M 12.9 25 340 M M 0 33 340
30 59 8 34 3 31 0 0.00 M M 10.4 20 320 M M 0 23 310
================================================================================
SM 1737 666 741 0 0.05 M 342.7 0 35
================================================================================
AV 57.9 22.2 11.4 FASTST 0 0 1 MAX(MPH)
MISC ----> # 52 310 # 68 310
================================================================================
NOTES:
# LAST OF SEVERAL OCCURRENCES
COLUMN 17 PEAK WIND IN M.P.H.
PRELIMINARY LOCAL CLIMATOLOGICAL DATA (WS FORM: F-6) , PAGE 2
STATION: SIDNEY NEBRASKA AIRPORT
MONTH: NOVEMBER
YEAR: 2020
LATITUDE: 41 5 N
LONGITUDE: 102 59 W
[TEMPERATURE DATA] [PRECIPITATION DATA] SYMBOLS USED IN COLUMN 16
AVERAGE MONTHLY: 40.1 TOTAL FOR MONTH: 0.05 1 = FOG OR MIST
DPTR FM NORMAL: 2.4 DPTR FM NORMAL: -0.52 2 = FOG REDUCING VISIBILITY
HIGHEST: 81 ON 3 GRTST 24HR 0.02 ON 10-10 TO 1/4 MILE OR LESS
LOWEST: 6 ON 10 3 = THUNDER
SNOW, ICE PELLETS, HAIL 4 = ICE PELLETS
TOTAL MONTH: M 5 = HAIL
GRTST 24HR M ON M 6 = FREEZING RAIN OR DRIZZLE
GRTST DEPTH: M ON M 7 = DUSTSTORM OR SANDSTORM:
VSBY 1/2 MILE OR LESS
8 = SMOKE OR HAZE
[NO. OF DAYS WITH] [WEATHER - DAYS WITH] 9 = BLOWING SNOW
X = TORNADO
MAX 32 OR BELOW: 0 0.01 INCH OR MORE: 3
MAX 90 OR ABOVE: 0 0.10 INCH OR MORE: 0
MIN 32 OR BELOW: 26 0.50 INCH OR MORE: 0
MIN 0 OR BELOW: 0 1.00 INCH OR MORE: 0
[HDD (BASE 65) ]
TOTAL THIS MO. 741 CLEAR (SCALE 0-3) 25
DPTR FM NORMAL -78 PTCLDY (SCALE 4-7) 4
TOTAL FM JUL 1 1495 CLOUDY (SCALE 8-10) 1
DPTR FM NORMAL 73
[CDD (BASE 65) ]
TOTAL THIS MO. 0
DPTR FM NORMAL 0 [PRESSURE DATA]
TOTAL FM JAN 1 616 HIGHEST SLP 30.61 ON 29
DPTR FM NORMAL -214 LOWEST SLP 29.21 ON 8
[REMARKS]
NOVEMBER 2ND...TIED RECORD HIGH 77 DEGREES PREVIOUSLY SET IN 2008.
NOVEMBER 3RD...RECORD HIGH 81 DEGREES (PREVIOUS 78 DEGREES IN 2015).
NOVEMBER 26TH...PEAK WIND MISSING.
*81 DEGREES ON NOVEMBER 3RD IS HIGHEST TEMPERATURE FOR NOVEMBER.
MONTHLY MEAN TEMPERATURE 40.1 DEGREES IS 8TH WARMEST.
MONTHLY PRECIPITATION 0.05 INCH IS 4TH DRIEST.
#FINAL-11-20#