000
CXUS55 KCYS 011516
CLMSNY
CLIMATE REPORT
NATIONAL WEATHER SERVICE CHEYENNE WY
916 AM MDT TUE AUG 01 2023
...................................
...THE SIDNEY NEBRASKA AIRPORT CLIMATE SUMMARY FOR THE MONTH OF JULY 2023...
CLIMATE NORMAL PERIOD 1991 TO 2020
CLIMATE RECORD PERIOD 1948 TO 2023
WEATHER OBSERVED NORMAL DEPART LAST YEAR`S
VALUE DATE(S) VALUE FROM VALUE DATE(S)
NORMAL
................................................................
TEMPERATURE (F)
RECORD
HIGH 108 07/08/1989
LOW 37 07/30/1971
07/08/1952
HIGHEST 101 07/25 MM MM 106
LOWEST 47 07/09 MM MM 53
AVG. MAXIMUM 86.5 90.0 -3.5 92.9
AVG. MINIMUM 57.1 57.4 -0.3 60.4
MEAN 71.8 73.7 -1.9 76.7
DAYS MAX >= 90 14 18.4 -4.4 20
DAYS MAX <= 32 0 0.0 0.0 0
DAYS MIN <= 32 0 0.0 0.0 0
DAYS MIN <= 0 0 0.0 0.0 0
PRECIPITATION (INCHES)
RECORD
MAXIMUM 7.94 1957
TOTALS 1.68 2.15 -0.47 1.55
DAYS >= .01 7 10.1 -3.1 10
DAYS >= .10 3 4.5 -1.5 5
DAYS >= .50 1 1.5 -0.5 0
DAYS >= 1.00 0 0.4 -0.4 0
GREATEST
24 HR. TOTAL 0.89 07/20 TO 07/20 0.54 07/05 TO 07/06
DEGREE DAYS
HEATING TOTAL 22 6 16 0
SINCE 7/1 22
COOLING TOTAL 242 275 -33 357
SINCE 1/1 293
................................................................
WIND (MPH)
AVERAGE WIND SPEED 9.1
HIGHEST WIND SPEED/DIRECTION 32/200 DATE 07/13
32/270 07/24
HIGHEST GUST SPEED/DIRECTION 57/270 DATE 07/24
SKY COVER
POSSIBLE SUNSHINE (PERCENT) MM
AVERAGE SKY COVER 0.17
NUMBER OF DAYS FAIR 27
NUMBER OF DAYS PC 2
NUMBER OF DAYS CLOUDY 2
AVERAGE RH (PERCENT) 64
WEATHER CONDITIONS. NUMBER OF DAYS WITH
THUNDERSTORM 13 MIXED PRECIP 0
HEAVY RAIN 2 RAIN 3
LIGHT RAIN 12 FREEZING RAIN 0
LT FREEZING RAIN 0 HAIL 0
HEAVY SNOW 0 SNOW 0
LIGHT SNOW 0 SLEET 0
FOG 15 FOG W/VIS <= 1/4 MILE 3
HAZE 6
- INDICATES NEGATIVE NUMBERS.
R INDICATES RECORD WAS SET OR TIED.
MM INDICATES DATA IS MISSING.
T INDICATES TRACE AMOUNT.
$$