000
CXUS56 KPQR 021107
CF6SPB
PRELIMINARY LOCAL CLIMATOLOGICAL DATA (WS FORM: F-6)
STATION: SCAPPOOSE OR
MONTH: JUNE
YEAR: 2021
LATITUDE: 45 46 N
LONGITUDE: 122 50 W
TEMPERATURE IN F: :PCPN: SNOW: WIND :SUNSHINE: SKY :PK WND
================================================================================
1 2 3 4 5 6A 6B 7 8 9 10 11 12 13 14 15 16 17 18
12Z AVG MX 2MIN
DY MAX MIN AVG DEP HDD CDD WTR SNW DPTH SPD SPD DIR MIN PSBL S-S WX SPD DR
================================================================================
1 96 67 82 22 0 17 0.00 M M 7.0 14 10 M M 0 18 340
2 90 60 75 15 0 10 0.00 M M 5.9 17 360 M M 0 22 20
3 85 57 71 11 0 6 0.00 M M 7.9 17 320 M M 1 25 280
4 77 51 64 4 1 0 0.00 M M 4.6 14 340 M M 1 18 340
5 69 44 57 -3 8 0 T M M 5.9 17 310 M M 6 29 310
6 64 42 53 -7 12 0 0.02 M M 5.0 14 210 M M 9 20 210
7 67 43 55 -5 10 0 0.00 M M 4.3 9 80 M M 4 13 280
8 67 49 58 -3 7 0 T M M 5.0 17 330 M M 7 3 26 310
9 69 44 57 -4 8 0 T M M 4.2 14 340 M M 5 17 290
10 68 44 56 -5 9 0 T M M 4.3 16 230 M M 8 22 240
11 63 52 58 -3 7 0 0.24 M M 1.9 8 170 M M 9 1 12 170
12 77 50 64 3 1 0 0.30 M M 2.9 12 230 M M 5 1 13 230
13 68 62 65 4 0 0 0.89 M M 2.6 10 130 M M 10 1 13 120
14 72 53 63 2 2 0 0.12 M M 3.0 13 130 M M 8 1 16 100
15 72 48 60 -2 5 0 T M M 4.5 17 220 M M 4 1 23 220
16 80 46 63 1 2 0 0.00 M M 6.4 14 350 M M 1 12 18 350
17 84 56 70 8 0 5 0.00 M M 8.2 15 330 M M 0 20 10
18 80 56 68 6 0 3 0.00 M M 8.9 17 10 M M 0 23 320
19 83 51 67 5 0 2 0.00 M M 6.4 16 360 M M 0 23 10
20 91 61 76 14 0 11 0.00 M M 8.9 16 360 M M 0 22 360
21 96 61 79 16 0 14 0.00 M M 5.3 14 310 M M 0 20 310
22 86 57 72 9 0 7 0.00 M M 5.6 14 20 M M 0 19 20
23 82 57 70 7 0 5 0.00 M M 7.7 16 10 M M 0 20 360
24 90 52 71 8 0 6 0.00 M M 5.1 17 360 M M 0 22 10
25 96 60 78 14 0 13 0.00 M M 3.8 13 350 M M 0 18 350
26 107 64 86 22 0 21 0.00 M M 3.3 13 350 M M 0 17 10
27 112 69 91 27 0 26 0.00 M M 3.4 10 350 M M 0 14 350
28 116 68 92 28 0 27 0.00 M M 5.2 17 350 M M 0 24 340
29 91 62 77 13 0 12 0.00 M M 5.4 14 10 M M 0 18 10
30 76 61 69 4 0 4 0.00 M M 3.6 12 10 M M 8 15 350
================================================================================
SM 2474 1647 72 189 1.57 M 156.2 M 86
================================================================================
AV 82.5 54.9 5.2 FASTST M M 3 MAX(MPH)
MISC ----> # 17 360 29 310
================================================================================
NOTES:
# LAST OF SEVERAL OCCURRENCES
COLUMN 17 PEAK WIND IN M.P.H.
PRELIMINARY LOCAL CLIMATOLOGICAL DATA (WS FORM: F-6) , PAGE 2
STATION: SCAPPOOSE OR
MONTH: JUNE
YEAR: 2021
LATITUDE: 45 46 N
LONGITUDE: 122 50 W
[TEMPERATURE DATA] [PRECIPITATION DATA] SYMBOLS USED IN COLUMN 16
AVERAGE MONTHLY: 68.7 TOTAL FOR MONTH: 1.57 1 = FOG OR MIST
DPTR FM NORMAL: 6.9 DPTR FM NORMAL: 0.20 2 = FOG REDUCING VISIBILITY
HIGHEST: 116 ON 28 GRTST 24HR 1.18 ON 12-13 TO 1/4 MILE OR LESS
LOWEST: 42 ON 6 3 = THUNDER
SNOW, ICE PELLETS, HAIL 4 = ICE PELLETS
TOTAL MONTH: M 5 = HAIL
GRTST 24HR M ON M 6 = FREEZING RAIN OR DRIZZLE
GRTST DEPTH: M ON M 7 = DUSTSTORM OR SANDSTORM:
VSBY 1/2 MILE OR LESS
8 = SMOKE OR HAZE
[NO. OF DAYS WITH] [WEATHER - DAYS WITH] 9 = BLOWING SNOW
X = TORNADO
MAX 32 OR BELOW: 0 0.01 INCH OR MORE: 5
MAX 90 OR ABOVE: 10 0.10 INCH OR MORE: 4
MIN 32 OR BELOW: 0 0.50 INCH OR MORE: 1
MIN 0 OR BELOW: 0 1.00 INCH OR MORE: 0
[HDD (BASE 65) ]
TOTAL THIS MO. 72 CLEAR (SCALE 0-3) 18
DPTR FM NORMAL -58 PTCLDY (SCALE 4-7) 8
TOTAL FM JUL 1 4331 CLOUDY (SCALE 8-10) 4
DPTR FM NORMAL -360
[CDD (BASE 65) ]
TOTAL THIS MO. 189
DPTR FM NORMAL 154 [PRESSURE DATA]
TOTAL FM JAN 1 201 HIGHEST SLP 30.36 ON 16
DPTR FM NORMAL 154 LOWEST SLP 29.53 ON 28
[REMARKS]
#FINAL-06-21#