000
CXUS55 KPUB 021651
CF6SPD
PRELIMINARY LOCAL CLIMATOLOGICAL DATA (WS FORM: F-6)
STATION: SPRINGFIELD CO
MONTH: MAY
YEAR: 2022
LATITUDE: 37 16 N
LONGITUDE: 102 37 W
TEMPERATURE IN F: :PCPN: SNOW: WIND :SUNSHINE: SKY :PK WND
================================================================================
1 2 3 4 5 6A 6B 7 8 9 10 11 12 13 14 15 16 17 18
12Z AVG MX 2MIN
DY MAX MIN AVG DEP HDD CDD WTR SNW DPTH SPD SPD DIR MIN PSBL S-S WX SPD DR
================================================================================
1 79 34 57 3 8 0 0.01 M M 21.7 39 150 M M 0 53 150
2 64 37 51 -4 14 0 0.01 M M 21.2 36 340 M M 0 47 320
3 68 35 52 -3 13 0 0.00 M M 16.7 31 150 M M 0 42 160
4 52 40 46 -9 19 0 0.15 M M 12.3 25 70 M M 0 33 70
5 69 36 53 -3 12 0 0.00 M M 9.5 24 330 M M 0 34 310
6 87 38 63 7 2 0 0.00 M M 10.7 23 150 M M 0 29 170
7 98 41 70 14 0 5 0.00 M M 13.0 33 190 M M 0 46 180
8 90 50 70 13 0 5 0.00 M M 16.2 32 210 M M 0 49 200
9 95 63 79 22 0 14 0.00 M M 16.9 33 220 M M 0 48 210
10 95 46 71 13 0 6 0.00 M M 16.5 44 130 M M 0 61 130
11 95 57 76 18 0 11 0.00 M M 23.8 45 150 M M 0 59 150
12 92 49 71 13 0 6 0.00 M M 15.1 35 190 M M 0 46 190
13 80 44 62 3 3 0 0.00 M M 8.5 18 150 M M 0 29 150
14 88 44 66 7 0 1 0.00 M M 7.9 23 340 M M 0 36 320
15 86 46 66 6 0 1 0.00 M M 13.5 30 340 M M 0 39 340
16 86 56 71 11 0 6 0.09 M M 19.0 40 190 M M 0 57 190
17 96 58 77 16 0 12 0.00 M M 14.3 35 20 M M 0 45 20
18 87 53 70 9 0 5 0.05 M M 11.8 47 340 M M 0 61 350
19 96 51 74 12 0 9 0.00 M M 13.7 38 350 M M 0 50 360
20 68 42 55 -7 10 0 0.00 M M 20.2 38 350 M M 0 49 350
21 50 37 44 -18 21 0 0.01 M M 13.2 26 350 M M 0 33 10
22 65 43 54 -9 11 0 0.00 M M 15.0 31 180 M M 0 39 170
23 66 46 56 -7 9 0 0.14 M M 17.5 32 160 M M 0 38 170
24 48 42 45 -19 20 0 0.99 M M 16.2 30 20 M M 0 39 20
25 70 41 56 -8 9 0 0.00 M M 17.6 32 340 M M 0 44 350
26 83 45 64 -1 1 0 0.00 M M 9.2 16 350 M M 0 23 340
27 98 52 75 10 0 10 0.00 M M 9.9 24 200 M M 0 34 190
28 98 57 78 13 0 13 0.00 M M 13.6 32 220 M M 0 49 230
29 93 62 78 12 0 13 0.00 M M 15.6 43 180 M M 0 70 180
30 86 51 69 3 0 4 0.00 M M 13.0 32 240 M M 0 49 240
31 77 47 62 -4 3 0 0.00 M M 12.7 21 10 M M 0 28 10
================================================================================
SM 2505 1443 155 121 1.45 M 456.0 M 0
================================================================================
AV 80.8 46.5 14.7 FASTST M M 0 MAX(MPH)
MISC ----> 47 340 70 180
================================================================================
NOTES:
# LAST OF SEVERAL OCCURRENCES
COLUMN 17 PEAK WIND IN M.P.H.
PRELIMINARY LOCAL CLIMATOLOGICAL DATA (WS FORM: F-6) , PAGE 2
STATION: SPRINGFIELD CO
MONTH: MAY
YEAR: 2022
LATITUDE: 37 16 N
LONGITUDE: 102 37 W
[TEMPERATURE DATA] [PRECIPITATION DATA] SYMBOLS USED IN COLUMN 16
AVERAGE MONTHLY: 63.7 TOTAL FOR MONTH: 1.45 1 = FOG OR MIST
DPTR FM NORMAL: 3.4 DPTR FM NORMAL: -0.30 2 = FOG REDUCING VISIBILITY
HIGHEST: 98 ON 28,27 GRTST 24HR 1.13 ON 23-24 TO 1/4 MILE OR LESS
LOWEST: 34 ON 1 3 = THUNDER
SNOW, ICE PELLETS, HAIL 4 = ICE PELLETS
TOTAL MONTH: M 5 = HAIL
GRTST 24HR M ON M 6 = FREEZING RAIN OR DRIZZLE
GRTST DEPTH: M ON M 7 = DUSTSTORM OR SANDSTORM:
VSBY 1/2 MILE OR LESS
8 = SMOKE OR HAZE
[NO. OF DAYS WITH] [WEATHER - DAYS WITH] 9 = BLOWING SNOW
X = TORNADO
MAX 32 OR BELOW: 0 0.01 INCH OR MORE: 8
MAX 90 OR ABOVE: 11 0.10 INCH OR MORE: 3
MIN 32 OR BELOW: 0 0.50 INCH OR MORE: 1
MIN 0 OR BELOW: 0 1.00 INCH OR MORE: 0
[HDD (BASE 65) ]
TOTAL THIS MO. 155 CLEAR (SCALE 0-3) 31
DPTR FM NORMAL -38 PTCLDY (SCALE 4-7) 0
TOTAL FM JUL 1 4561 CLOUDY (SCALE 8-10) 0
DPTR FM NORMAL -829
[CDD (BASE 65) ]
TOTAL THIS MO. 121
DPTR FM NORMAL 74 [PRESSURE DATA]
TOTAL FM JAN 1 132 HIGHEST SLP 30.36 ON 22
DPTR FM NORMAL 83 LOWEST SLP 29.13 ON 29
[REMARKS]
#FINAL-05-22#