000
CXUS52 KTBW 020626
CF6SPG
PRELIMINARY LOCAL CLIMATOLOGICAL DATA (WS FORM: F-6)
STATION: Saint Petersburg
MONTH: JULY
YEAR: 2020
LATITUDE: 27 46 N
LONGITUDE: 82 38 W
TEMPERATURE IN F: :PCPN: SNOW: WIND :SUNSHINE: SKY :PK WND
================================================================================
1 2 3 4 5 6A 6B 7 8 9 10 11 12 13 14 15 16 17 18
12Z AVG MX 2MIN
DY MAX MIN AVG DEP HDD CDD WTR SNW DPTH SPD SPD DIR MIN PSBL S-S WX SPD DR
================================================================================
1 90 84 87 3 0 22 0.00 0.0 0 6.8 16 260 M M 2 21 260
2 89 82 86 2 0 21 T 0.0 0 7.8 18 240 M M 1 3 25 240
3 89 81 85 1 0 20 0.00 0.0 0 9.2 18 260 M M 2 22 260
4 89 83 86 2 0 21 T 0.0 0 7.6 18 240 M M 2 8 25 250
5 88 75 82 -2 0 17 1.45 0.0 0 8.6 22 270 M M 2 138 28 280
6 89 77 83 -1 0 18 0.06 0.0 0 10.1 20 190 M M 2 138 26 180
7 88 79 84 0 0 19 0.13 0.0 0 9.7 20 210 M M 2 138 26 250
8 89 83 86 2 0 21 0.00 0.0 0 7.5 16 270 M M 2 24 270
9 90 83 87 3 0 22 0.02 0.0 0 8.1 17 340 M M 1 24 350
10 90 81 86 2 0 21 0.11 0.0 0 9.3 18 340 M M 2 18 25 360
11 89 80 85 1 0 20 0.21 0.0 0 8.0 22 340 M M 3 13 29 330
12 89 84 87 3 0 22 T 0.0 0 7.4 17 250 M M 3 22 270
13 90 81 86 2 0 21 0.00 0.0 0 8.6 22 270 M M 1 29 270
14 91 81 86 2 0 21 T 0.0 0 6.9 15 250 M M 1 20 240
15 91 79 85 1 0 20 T 0.0 0 7.1 23 180 M M 1 3 30 180
16 95 78 87 3 0 22 0.78 0.0 0 7.3 36 60 M M 1 13 44 40
17 92 76 84 0 0 19 0.66 0.0 0 11.0 36 140 M M 1 13 44 200
18 91 79 85 1 0 20 0.19 0.0 0 12.7 37 80 M M 0 13 44 70
19 91 76 84 0 0 19 0.50 0.0 0 10.2 32 140 M M 0 138 38 130
20 92 77 85 1 0 20 0.01 0.0 0 11.7 28 170 M M 0 3 31 170
21 90 76 83 -1 0 18 0.44 0.0 0 13.3 44 120 M M 1 138 50 120
22 88 77 83 -1 0 18 T 0.0 0 15.1 32 100 M M 2 3 39 110
23 89 75 82 -2 0 17 0.73 0.0 0 12.6 32 120 M M 3 13 37 170
24 91 76 84 0 0 19 0.21 0.0 0 10.5 25 130 M M 4 138 34 170
25 93 79 86 2 0 21 T 0.0 0 8.7 25 140 M M 0 3 30 50
26 89 79 84 0 0 19 0.00 0.0 0 9.2 18 80 M M 1 3 23 190
27 90 77 84 0 0 19 0.73 0.0 0 8.5 22 80 M M 2 13 25 70
28 89 77 83 -1 0 18 0.01 0.0 0 5.9 17 20 M M 0 20 50
29 91 78 85 1 0 20 0.00 0.0 0 6.7 15 60 M M 1 17 60
30 91 79 85 1 0 20 0.00 0.0 0 6.8 13 250 M M 1 16 340
31 95 82 89 5 0 24 0.00 0.0 0 5.7 14 330 M M 0 17 320
================================================================================
SM 2798 2454 0 619 6.24 0.0 278.6 M 44
================================================================================
AV 90.3 79.2 9.0 FASTST M M 1 MAX(MPH)
MISC ----> # 44 120 # 50 120
================================================================================
NOTES:
# LAST OF SEVERAL OCCURRENCES
COLUMN 17 PEAK WIND IN M.P.H.
PRELIMINARY LOCAL CLIMATOLOGICAL DATA (WS FORM: F-6) , PAGE 2
STATION: Saint Petersburg
MONTH: JULY
YEAR: 2020
LATITUDE: 27 46 N
LONGITUDE: 82 38 W
[TEMPERATURE DATA] [PRECIPITATION DATA] SYMBOLS USED IN COLUMN 16
AVERAGE MONTHLY: 84.7 TOTAL FOR MONTH: 6.24 1 = FOG OR MIST
DPTR FM NORMAL: 0.8 DPTR FM NORMAL: -1.10 2 = FOG REDUCING VISIBILITY
HIGHEST: 95 ON 31,16 GRTST 24HR 1.45 ON 5- 5 TO 1/4 MILE OR LESS
LOWEST: 75 ON 23, 5 3 = THUNDER
SNOW, ICE PELLETS, HAIL 4 = ICE PELLETS
TOTAL MONTH: 0.0 INCH 5 = HAIL
GRTST 24HR 0.0 6 = FREEZING RAIN OR DRIZZLE
GRTST DEPTH: 0 7 = DUSTSTORM OR SANDSTORM:
VSBY 1/2 MILE OR LESS
8 = SMOKE OR HAZE
[NO. OF DAYS WITH] [WEATHER - DAYS WITH] 9 = BLOWING SNOW
X = TORNADO
MAX 32 OR BELOW: 0 0.01 INCH OR MORE: 16
MAX 90 OR ABOVE: 18 0.10 INCH OR MORE: 12
MIN 32 OR BELOW: 0 0.50 INCH OR MORE: 6
MIN 0 OR BELOW: 0 1.00 INCH OR MORE: 1
[HDD (BASE 65) ]
TOTAL THIS MO. 0 CLEAR (SCALE 0-3) 30
DPTR FM NORMAL 0 PTCLDY (SCALE 4-7) 1
TOTAL FM JUL 1 0 CLOUDY (SCALE 8-10) 0
DPTR FM NORMAL 0
[CDD (BASE 65) ]
TOTAL THIS MO. 619
DPTR FM NORMAL 35 [PRESSURE DATA]
TOTAL FM JAN 1 2536 HIGHEST SLP 30.12 ON 29
DPTR FM NORMAL 507 LOWEST SLP 29.85 ON 12
[REMARKS]
#FINAL-07-20#