000
CXUS53 KILX 011000
CF6SPI
PRELIMINARY LOCAL CLIMATOLOGICAL DATA (WS FORM: F-6)
STATION: SPRINGFIELD IL
MONTH: NOVEMBER
YEAR: 2022
LATITUDE: 39 50 N
LONGITUDE: 89 41 W
TEMPERATURE IN F: :PCPN: SNOW: WIND :SUNSHINE: SKY :PK WND
================================================================================
1 2 3 4 5 6A 6B 7 8 9 10 11 12 13 14 15 16 17 18
12Z AVG MX 2MIN
DY MAX MIN AVG DEP HDD CDD WTR SNW DPTH SPD SPD DIR MIN PSBL S-S WX SPD DR
================================================================================
1 71 39 55 6 10 0 0.00 0.0 0 2.7 12 250 M M 0 12 16 240
2 73 43 58 9 7 0 0.00 0.0 0 6.9 14 180 M M 0 18 160
3 74 50 62 13 3 0 0.00 0.0 0 14.2 25 170 M M 0 35 190
4 79 62 71 23 0 6 0.17 0.0 0 19.1 30 180 M M 5 1 41 160
5 65 42 54 6 11 0 0.59 0.0 0 17.9 38 170 M M 7 18 56 180
6 66 42 54 7 11 0 0.00 0.0 0 9.7 17 190 M M 0 23 170
7 58 40 49 2 16 0 0.00 0.0 0 9.7 18 70 M M 0 24 70
8 64 39 52 6 13 0 0.00 0.0 0 10.7 18 110 M M 2 24 100
9 78 50 64 18 1 0 0.00 0.0 0 11.4 20 160 M M 0 25 160
10 74 53 64 18 1 0 0.00 0.0 0 14.4 23 160 M M 0 33 190
11 53 30 42 -3 23 0 0.00 0.0 0 15.1 23 310 M M 6 34 300
12 32 30 31 -14 34 0 T T 0 12.1 20 310 M M 10 27 300
13 38 22 30 -14 35 0 0.00 0.0 0 4.9 14 300 M M 2 17 300
14 42 20 31 -13 34 0 0.00 0.0 0 7.4 15 160 M M 2 20 160
15 36 33 35 -9 30 0 0.03 T 0 6.8 16 270 M M 10 1 28 280
16 35 28 32 -11 33 0 0.01 T 0 15.0 22 290 M M 10 18 31 260
17 39 23 31 -12 34 0 T T 0 12.7 23 270 M M 7 33 290
18 29 18 24 -18 41 0 0.00 0.0 0 12.8 23 260 M M 6 30 280
19 32 15 24 -18 41 0 0.00 0.0 0 13.9 29 250 M M 3 42 240
20 39 11 25 -17 40 0 0.00 0.0 0 10.1 17 180 M M 0 25 200
21 55 25 40 -1 25 0 0.00 0.0 0 9.7 18 250 M M 0 29 230
22 59 23 41 0 24 0 0.00 0.0 0 5.8 16 220 M M 0 24 210
23 62 30 46 6 19 0 0.00 0.0 0 7.3 15 160 M M 0 20 160
24 52 39 46 6 19 0 T 0.0 0 7.4 13 200 M M 8 12 17 200
25 53 27 40 0 25 0 T 0.0 0 5.0 16 340 M M 2 1 22 340
26 55 26 41 2 24 0 0.03 0.0 0 7.0 16 180 M M 2 22 170
27 49 41 45 6 20 0 1.39 0.0 0 10.2 23 20 M M 9 1 33 20
28 47 40 44 6 21 0 0.00 0.0 0 7.6 18 160 M M 7 26 160
29 61 31 46 8 19 0 0.03 0.0 0 19.7 33 180 M M 4 8 47 190
30 33 22 28 -10 37 0 0.00 0.0 0 15.2 30 300 M M 1 41 300
================================================================================
SM 1603 994 651 6 2.25 T 322.4 M 103
================================================================================
AV 53.4 33.1 10.7 FASTST M M 3 MAX(MPH)
MISC ----> 38 170 56 180
================================================================================
NOTES:
# LAST OF SEVERAL OCCURRENCES
COLUMN 17 PEAK WIND IN M.P.H.
PRELIMINARY LOCAL CLIMATOLOGICAL DATA (WS FORM: F-6) , PAGE 2
STATION: SPRINGFIELD IL
MONTH: NOVEMBER
YEAR: 2022
LATITUDE: 39 50 N
LONGITUDE: 89 41 W
[TEMPERATURE DATA] [PRECIPITATION DATA] SYMBOLS USED IN COLUMN 16
AVERAGE MONTHLY: 43.3 TOTAL FOR MONTH: 2.25 1 = FOG OR MIST
DPTR FM NORMAL: -0.2 DPTR FM NORMAL: -0.46 2 = FOG REDUCING VISIBILITY
HIGHEST: 79 ON 4 GRTST 24HR 1.42 ON 26-27 TO 1/4 MILE OR LESS
LOWEST: 11 ON 20 3 = THUNDER
SNOW, ICE PELLETS, HAIL 4 = ICE PELLETS
TOTAL MONTH: T 5 = HAIL
GRTST 24HR T ON 12-12 6 = FREEZING RAIN OR DRIZZLE
GRTST DEPTH: 0 7 = DUSTSTORM OR SANDSTORM:
VSBY 1/2 MILE OR LESS
8 = SMOKE OR HAZE
[NO. OF DAYS WITH] [WEATHER - DAYS WITH] 9 = BLOWING SNOW
X = TORNADO
MAX 32 OR BELOW: 3 0.01 INCH OR MORE: 7
MAX 90 OR ABOVE: 0 0.10 INCH OR MORE: 3
MIN 32 OR BELOW: 16 0.50 INCH OR MORE: 2
MIN 0 OR BELOW: 0 1.00 INCH OR MORE: 1
[HDD (BASE 65) ]
TOTAL THIS MO. 651 CLEAR (SCALE 0-3) 17
DPTR FM NORMAL 3 PTCLDY (SCALE 4-7) 8
TOTAL FM JUL 1 1094 CLOUDY (SCALE 8-10) 5
DPTR FM NORMAL 72
[CDD (BASE 65) ]
TOTAL THIS MO. 6
DPTR FM NORMAL 5 [PRESSURE DATA]
TOTAL FM JAN 1 1285 HIGHEST SLP 30.54 ON 8
DPTR FM NORMAL 34 LOWEST SLP 29.35 ON 27
[REMARKS]
#FINAL-11-22#