496
CXUS52 KTBW 051618
CF6SRQ
PRELIMINARY LOCAL CLIMATOLOGICAL DATA (WS FORM: F-6)
STATION: SARASOTA BRADENTON
MONTH: DECEMBER
YEAR: 2020
LATITUDE: 27 23 N
LONGITUDE: 82 33 W
TEMPERATURE IN F: :PCPN: SNOW: WIND :SUNSHINE: SKY :PK WND
================================================================================
1 2 3 4 5 6A 6B 7 8 9 10 11 12 13 14 15 16 17 18
12Z AVG MX 2MIN
DY MAX MIN AVG DEP HDD CDD WTR SNW DPTH SPD SPD DIR MIN PSBL S-S WX SPD DR
================================================================================
1 64 45 55 -11 10 0 0.00 0.0 0 10.0 21 320 M M 2 27 330
2 66 41 54 -12 11 0 0.00 0.0 0 8.5 16 60 M M 0 23 60
3 76 47 62 -4 3 0 0.00 0.0 0 7.9 18 120 M M 0 24 120
4 78 62 70 4 0 5 T 0.0 0 7.8 18 150 M M 3 23 150
5 78 58 68 3 0 3 0.02 0.0 0 5.9 12 330 M M 3 1 15 330
6 74 51 63 -2 2 0 0.03 0.0 0 5.9 14 10 M M 0 19 10
7 70 56 63 -2 2 0 0.38 0.0 0 11.3 24 320 M M 3 31 320
8 57 48 53 -12 12 0 0.00 0.0 0 10.0 15 320 M M 0 23 330
9 67 45 56 -8 9 0 0.00 0.0 0 4.7 14 340 M M 0 19 330
10 72 48 60 -4 5 0 0.00 0.0 0 3.9 9 260 M M 1 11 250
11 74 53 64 0 1 0 0.00 0.0 0 5.0 14 100 M M 2 17 110
12 77 61 69 5 0 4 0.00 0.0 0 4.6 10 240 M M 6 14 110
13 78 62 70 6 0 5 0.00 0.0 0 4.6 13 190 M M 2 12 15 170
14 76 66 71 7 0 6 0.22 0.0 0 9.2 18 270 M M 5 1 23 280
15 71 61 66 2 0 1 0.00 0.0 0 4.9 12 300 M M 7 16 290
16 79 61 70 7 0 5 0.48 0.0 0 9.6 23 180 M M 5 13 28 180
17 71 55 63 0 2 0 0.00 0.0 0 10.3 20 340 M M 6 25 360
18 63 44 54 -9 11 0 0.00 0.0 0 8.3 15 40 M M 1 20 40
19 75 47 61 -2 4 0 0.00 0.0 0 6.8 17 140 M M 0 23 130
20 75 57 66 3 0 1 0.29 0.0 0 10.2 22 180 M M 6 1 29 190
21 70 52 61 -1 4 0 0.02 0.0 0 9.0 18 330 M M 2 24 330
22 73 51 62 0 3 0 0.00 0.0 0 6.0 15 50 M M 0 20 40
23 77 47 62 0 3 0 0.00 0.0 0 6.1 17 140 M M 1 22 140
24 78 58 68 6 0 3 0.44 0.0 0 12.2 28 310 M M 3 1 34 310
25 62 48 55 -7 10 0 0.05 0.0 0 12.2 25 330 M M 6 33 340
26 55 40 48 -14 17 0 0.00 0.0 0 7.4 15 30 M M 0 21 40
27 72 40 56 -6 9 0 0.00 0.0 0 7.5 14 100 M M 1 19 110
28 77 53 65 3 0 0 0.00 0.0 0 8.1 15 80 M M 2 18 60
29 78 55 67 5 0 2 0.00 0.0 0 9.0 18 80 M M 2 22 100
30 79 58 69 7 0 4 0.00 0.0 0 10.9 21 110 M M 4 26 110
31 84 69 77 16 0 12 0.00 0.0 0 13.3 25 140 M M 3 31 140
================================================================================
SM 2246 1639 118 51 1.93 0.0 251.1 M 76
================================================================================
AV 72.5 52.9 8.1 FASTST M M 2 MAX(MPH)
MISC ----> 28 310 34 310
================================================================================
NOTES:
# LAST OF SEVERAL OCCURRENCES
COLUMN 17 PEAK WIND IN M.P.H.
PRELIMINARY LOCAL CLIMATOLOGICAL DATA (WS FORM: F-6) , PAGE 2
STATION: SARASOTA BRADENTON
MONTH: DECEMBER
YEAR: 2020
LATITUDE: 27 23 N
LONGITUDE: 82 33 W
[TEMPERATURE DATA] [PRECIPITATION DATA] SYMBOLS USED IN COLUMN 16
AVERAGE MONTHLY: 62.7 TOTAL FOR MONTH: 1.93 1 = FOG OR MIST
DPTR FM NORMAL: -0.8 DPTR FM NORMAL: -0.60 2 = FOG REDUCING VISIBILITY
HIGHEST: 84 ON 31 GRTST 24HR 0.49 ON 24-25 TO 1/4 MILE OR LESS
LOWEST: 40 ON 27,26 3 = THUNDER
SNOW, ICE PELLETS, HAIL 4 = ICE PELLETS
TOTAL MONTH: 0.0 INCH 5 = HAIL
GRTST 24HR 0.0 6 = FREEZING RAIN OR DRIZZLE
GRTST DEPTH: 0 7 = DUSTSTORM OR SANDSTORM:
VSBY 1/2 MILE OR LESS
8 = SMOKE OR HAZE
[NO. OF DAYS WITH] [WEATHER - DAYS WITH] 9 = BLOWING SNOW
X = TORNADO
MAX 32 OR BELOW: 0 0.01 INCH OR MORE: 9
MAX 90 OR ABOVE: 0 0.10 INCH OR MORE: 5
MIN 32 OR BELOW: 0 0.50 INCH OR MORE: 0
MIN 0 OR BELOW: 0 1.00 INCH OR MORE: 0
[HDD (BASE 65) ]
TOTAL THIS MO. 118 CLEAR (SCALE 0-3) 21
DPTR FM NORMAL -4 PTCLDY (SCALE 4-7) 10
TOTAL FM JUL 1 118 CLOUDY (SCALE 8-10) 0
DPTR FM NORMAL -35
[CDD (BASE 65) ]
TOTAL THIS MO. 51
DPTR FM NORMAL -23 [PRESSURE DATA]
TOTAL FM JAN 1 4485 HIGHEST SLP 30.32 ON 18
DPTR FM NORMAL 1111 LOWEST SLP 29.77 ON 7
[REMARKS]
#FINAL-12-20#