000
CXUS54 KEWX 011110
CF6SSF
PRELIMINARY LOCAL CLIMATOLOGICAL DATA (WS FORM: F-6)
STATION: SAN ANTONIO STINSON FIELD
MONTH: JANUARY
YEAR: 2023
LATITUDE: 29 19 N
LONGITUDE: 98 29 W
TEMPERATURE IN F: :PCPN: SNOW: WIND :SUNSHINE: SKY :PK WND
================================================================================
1 2 3 4 5 6A 6B 7 8 9 10 11 12 13 14 15 16 17 18
12Z AVG MX 2MIN
DY MAX MIN AVG DEP HDD CDD WTR SNW DPTH SPD SPD DIR MIN PSBL S-S WX SPD DR
================================================================================
1 80 46 63 10 2 0 0.00 M M 4.2 17 150 M M 3 128 26 140
2 85 65 75 22 0 10 T M M 8.3 18 160 M M 6 18 26 160
3 80 54 67 14 0 2 0.00 M M 5.3 14 350 M M 2 18 23 360
4 79 45 62 9 3 0 0.00 M M 6.1 22 290 M M 0 32 330
5 76 43 60 7 5 0 0.00 M M 4.5 12 20 M M 0 15 350
6 82 47 65 12 0 0 0.00 M M 6.6 20 170 M M 3 1 29 180
7 75 62 69 16 0 4 0.00 M M 6.0 17 30 M M 9 25 30
8 73 54 64 11 1 0 0.00 M M 8.3 18 10 M M 2 26 360
9 74 47 61 8 4 0 0.00 M M 3.1 13 150 M M 0 15 170
10 80 55 68 15 0 3 0.00 M M 6.5 15 230 M M 4 12 22 260
11 83 50 67 14 0 2 0.00 M M 3.3 14 150 M M 3 12 19 170
12 68 51 60 7 5 0 0.00 M M 10.4 24 360 M M 0 40 10
13 67 34 51 -2 14 0 0.00 M M 3.8 10 120 M M 0 15 50
14 68 33 51 -2 14 0 0.00 M M 4.1 15 160 M M 0 20 160
15 77 41 59 6 6 0 0.00 M M 8.0 22 170 M M 0 31 160
16 76 53 65 12 0 0 0.00 M M 2.3 10 160 M M 5 15 170
17 79 49 64 11 1 0 0.00 M M 6.1 16 130 M M 1 20 130
18 81 55 68 15 0 3 0.01 M M 6.3 20 360 M M 4 18 35 10
19 72 41 57 4 8 0 0.00 M M 4.7 13 130 M M 0 18 30
20 61 55 58 4 7 0 T M M 8.7 15 60 M M 10 23 60
21 67 45 56 2 9 0 0.00 M M 4.6 10 30 M M 5 1 15 100
22 67 41 54 0 11 0 0.00 M M 5.9 15 270 M M 0 1 22 280
23 61 39 50 -4 15 0 0.00 M M 10.6 20 110 M M 6 27 130
24 64 47 56 2 9 0 0.31 M M 11.8 25 290 M M 7 1 38 300
25 63 36 50 -4 15 0 0.00 M M 7.9 18 280 M M 0 26 320
26 60 33 47 -7 18 0 0.00 M M 2.7 10 360 M M 0 14 10
27 58 37 48 -6 17 0 0.02 M M 3.3 12 130 M M 6 1 14 120
28 61 50 56 1 9 0 0.05 M M 1.9 7 230 M M 10 1 10 200
29 79 49 64 9 1 0 T M M 6.5 22 40 M M 8 128 32 70
30 49 34 42 -13 23 0 0.02 M M 12.9 18 30 M M 10 1 28 20
31 37 32 35 -20 30 0 0.03 M M 10.7 17 20 M M 10 1 26 10
================================================================================
SM 2182 1423 227 24 0.44 M 195.4 M 114
================================================================================
AV 70.4 45.9 6.3 FASTST M M 4 MAX(MPH)
MISC ----> 25 290 40 10
================================================================================
NOTES:
# LAST OF SEVERAL OCCURRENCES
COLUMN 17 PEAK WIND IN M.P.H.
PRELIMINARY LOCAL CLIMATOLOGICAL DATA (WS FORM: F-6) , PAGE 2
STATION: SAN ANTONIO STINSON FIELD
MONTH: JANUARY
YEAR: 2023
LATITUDE: 29 19 N
LONGITUDE: 98 29 W
[TEMPERATURE DATA] [PRECIPITATION DATA] SYMBOLS USED IN COLUMN 16
AVERAGE MONTHLY: 58.1 TOTAL FOR MONTH: 0.44 1 = FOG OR MIST
DPTR FM NORMAL: 4.6 DPTR FM NORMAL: -1.35 2 = FOG REDUCING VISIBILITY
HIGHEST: 85 ON 2 GRTST 24HR 0.71 ON 24-24 TO 1/4 MILE OR LESS
LOWEST: 32 ON 31 3 = THUNDER
SNOW, ICE PELLETS, HAIL 4 = ICE PELLETS
TOTAL MONTH: M 5 = HAIL
GRTST 24HR M ON M 6 = FREEZING RAIN OR DRIZZLE
GRTST DEPTH: M ON M 7 = DUSTSTORM OR SANDSTORM:
VSBY 1/2 MILE OR LESS
8 = SMOKE OR HAZE
[NO. OF DAYS WITH] [WEATHER - DAYS WITH] 9 = BLOWING SNOW
X = TORNADO
MAX 32 OR BELOW: 0 0.01 INCH OR MORE: 6
MAX 90 OR ABOVE: 0 0.10 INCH OR MORE: 1
MIN 32 OR BELOW: 1 0.50 INCH OR MORE: 0
MIN 0 OR BELOW: 0 1.00 INCH OR MORE: 0
[HDD (BASE 65) ]
TOTAL THIS MO. 227 CLEAR (SCALE 0-3) 15
DPTR FM NORMAL -140 PTCLDY (SCALE 4-7) 11
TOTAL FM JUL 1 753 CLOUDY (SCALE 8-10) 5
DPTR FM NORMAL -117
[CDD (BASE 65) ]
TOTAL THIS MO. 24
DPTR FM NORMAL 13 [PRESSURE DATA]
TOTAL FM JAN 1 24 HIGHEST SLP 30.48 ON 13
DPTR FM NORMAL 13 LOWEST SLP 29.61 ON 2
[REMARKS]
#FINAL-01-23#