000
CXUS53 KMPX 010632
CF6STC
PRELIMINARY LOCAL CLIMATOLOGICAL DATA (WS FORM: F-6)
STATION: ST CLOUD MN
MONTH: NOVEMBER
YEAR: 2020
LATITUDE: 45 32 N
LONGITUDE: 94 4 W
TEMPERATURE IN F: :PCPN: SNOW: WIND :SUNSHINE: SKY :PK WND
================================================================================
1 2 3 4 5 6A 6B 7 8 9 10 11 12 13 14 15 16 17 18
12Z AVG MX 2MIN
DY MAX MIN AVG DEP HDD CDD WTR SNW DPTH SPD SPD DIR MIN PSBL S-S WX SPD DR
================================================================================
1 38 23 31 -8 34 0 0.00 0.0 0 12.3 32 310 M M 1 45 300
2 62 22 42 4 23 0 0.00 0.0 0 6.1 16 250 M M 0 21 260
3 74 27 51 13 14 0 0.00 0.0 0 5.9 12 210 M M 0 M M
4 75 29 52 15 13 0 0.00 0.0 0 4.3 10 230 M M 0 M M
5 65 39 52 16 13 0 0.00 0.0 0 6.4 12 190 M M 0 17 270
6 76 45 61 25 4 0 0.00 0.0 0 10.7 22 190 M M 0 8 28 160
7 69 56 63 28 2 0 0.00 0.0 0 13.6 26 180 M M 0 38 160
8 71 57 64 29 1 0 0.00 0.0 0 18.7 31 170 M M 2 46 160
9 65 28 47 13 18 0 1.44 0.0 0 11.5 22 310 M M 8 13 34 180
10 30 24 27 -7 38 0 0.59 7.2 0 8.7 18 300 M M 5 12 24 290
11 33 10 22 -11 43 0 0.00 0.0 5 7.9 13 170 M M 1 1 17 190
12 28 16 22 -10 43 0 0.04 0.5 4 9.4 18 290 M M 7 1 23 280
13 33 4 19 -13 46 0 0.00 0.0 4 8.5 18 150 M M 0 26 170
14 38 31 35 4 30 0 0.00 0.0 4 10.4 25 140 M M 5 12 32 150
15 37 22 30 -1 35 0 0.00 0.0 1 17.3 31 300 M M 8 1 43 320
16 35 18 27 -3 38 0 0.02 0.1 1 7.1 16 330 M M 5 25 340
17 31 11 21 -9 44 0 0.00 0.0 1 4.4 9 120 M M 3 14 110
18 46 29 38 9 27 0 0.00 0.0 1 10.2 24 170 M M 0 35 150
19 57 31 44 16 21 0 T 0.0 T 4.8 18 310 M M 1 1 24 300
20 40 23 32 4 33 0 0.00 0.0 0 10.5 20 300 M M 8 29 320
21 39 18 29 2 36 0 0.00 0.0 0 5.9 12 170 M M 2 16 160
22 41 25 33 7 32 0 0.15 0.1 T 10.7 23 310 M M 9 1 30 290
23 34 17 26 0 39 0 0.00 0.0 0 6.2 13 140 M M 2 17 140
24 35 31 33 8 32 0 0.03 0.1 T 6.4 16 140 M M 10 128 24 120
25 37 33 35 10 30 0 0.00 0.0 0 5.5 12 220 M M 10 1 15 220
26 35 27 31 7 34 0 0.00 0.0 0 9.0 14 310 M M 8 M M
27 35 24 30 6 35 0 0.00 0.0 0 9.2 16 260 M M 0 22 290
28 48 27 38 15 27 0 0.00 0.0 0 6.7 13 220 M M 0 16 230
29 41 20 31 9 34 0 0.00 0.0 0 15.9 28 310 M M 5 40 340
30 29 13 21 -1 44 0 0.00 0.0 0 3.4 12 350 M M 3 17 330
================================================================================
SM 1377 780 863 0 2.27 8.0 267.6 M 103
================================================================================
AV 45.9 26.0 8.9 FASTST M M 3 MAX(MPH)
MISC ----> 32 310 46 160
================================================================================
NOTES:
# LAST OF SEVERAL OCCURRENCES
COLUMN 17 PEAK WIND IN M.P.H.
PRELIMINARY LOCAL CLIMATOLOGICAL DATA (WS FORM: F-6) , PAGE 2
STATION: ST CLOUD MN
MONTH: NOVEMBER
YEAR: 2020
LATITUDE: 45 32 N
LONGITUDE: 94 4 W
[TEMPERATURE DATA] [PRECIPITATION DATA] SYMBOLS USED IN COLUMN 16
AVERAGE MONTHLY: 36.0 TOTAL FOR MONTH: 2.27 1 = FOG OR MIST
DPTR FM NORMAL: 5.6 DPTR FM NORMAL: 0.89 2 = FOG REDUCING VISIBILITY
HIGHEST: 76 ON 6 GRTST 24HR 1.44 ON 9- 9 TO 1/4 MILE OR LESS
LOWEST: 4 ON 13 3 = THUNDER
SNOW, ICE PELLETS, HAIL 4 = ICE PELLETS
TOTAL MONTH: 8.0 INCHES 5 = HAIL
GRTST 24HR 7.2 ON 10-10 6 = FREEZING RAIN OR DRIZZLE
GRTST DEPTH: 5 ON 11 7 = DUSTSTORM OR SANDSTORM:
VSBY 1/2 MILE OR LESS
8 = SMOKE OR HAZE
[NO. OF DAYS WITH] [WEATHER - DAYS WITH] 9 = BLOWING SNOW
X = TORNADO
MAX 32 OR BELOW: 4 0.01 INCH OR MORE: 6
MAX 90 OR ABOVE: 0 0.10 INCH OR MORE: 3
MIN 32 OR BELOW: 25 0.50 INCH OR MORE: 2
MIN 0 OR BELOW: 0 1.00 INCH OR MORE: 1
[HDD (BASE 65) ]
TOTAL THIS MO. 863 CLEAR (SCALE 0-3) 18
DPTR FM NORMAL -177 PTCLDY (SCALE 4-7) 9
TOTAL FM JUL 1 1890 CLOUDY (SCALE 8-10) 3
DPTR FM NORMAL -35
[CDD (BASE 65) ]
TOTAL THIS MO. 0
DPTR FM NORMAL 0 [PRESSURE DATA]
TOTAL FM JAN 1 579 HIGHEST SLP M ON M
DPTR FM NORMAL 114 LOWEST SLP 29.46 ON 14
[REMARKS]
#FINAL-11-20#