000
CXUS53 KMPX 011916
CLMSTC
CLIMATE REPORT
NATIONAL WEATHER SERVICE TWIN CITIES/CHANHASSEN MN
216 PM CDT TUE AUG 01 2023
...................................
...THE ST CLOUD MN CLIMATE SUMMARY FOR THE MONTH OF JULY 2023...
CLIMATE NORMAL PERIOD 1991 TO 2020
CLIMATE RECORD PERIOD 1893 TO 2023
WEATHER OBSERVED NORMAL DEPART LAST YEAR`S
VALUE DATE(S) VALUE FROM VALUE DATE(S)
NORMAL
................................................................
TEMPERATURE (F)
RECORD
HIGH 107 07/13/1936
07/23/1934
07/22/1934
LOW 40 07/07/1972
HIGHEST 95 07/27 93 2 96 07/18
LOWEST 45 07/11 52 -7 50 07/25
AVG. MAXIMUM 84.1 81.6 2.5 82.5
AVG. MINIMUM 56.7 58.9 -2.2 60.6
MEAN 70.4 70.3 0.1 71.6
DAYS MAX >= 90 7 4.0 3.0 2
DAYS MAX <= 32 0 0.0 0.0 0
DAYS MIN <= 32 0 0.0 0.0 0
DAYS MIN <= 0 0 0.0 0.0 0
PRECIPITATION (INCHES)
RECORD
MAXIMUM 12.81 1897
MINIMUM 0.21 1975
TOTALS 1.83 3.60 -1.77 2.20
DAILY AVG. 0.06 0.12 -0.06 0.07
DAYS >= .01 11 10.6 0.4 10
DAYS >= .10 7 6.2 0.8 5
DAYS >= .50 1 2.5 -1.5 2
DAYS >= 1.00 0 1.0 -1.0 0
GREATEST
24 HR. TOTAL 0.58 07/24 TO 07/24
SNOWFALL (INCHES)
RECORDS
TOTAL 0.0 5
TOTALS 0.0 0.0 0.0 0.0
SINCE 7/1 0.0 0.0 0.0 MM
SNOWDEPTH AVG. 0 0
DAYS >= 1.0 0 0.0 0.0 0
GREATEST
SNOW DEPTH 0 0 MM
24 HR TOTAL MM
DEGREE DAYS
HEATING TOTAL 11 17 -6 0
SINCE 7/1 11 9 2 MM
COOLING TOTAL 184 180 4 212
SINCE 1/1 457 302 155 MM
................................................................
WIND (MPH)
AVERAGE WIND SPEED 5.7
HIGHEST WIND SPEED/DIRECTION 30/310 DATE 07/24
HIGHEST GUST SPEED/DIRECTION 39/350 DATE 07/13
SKY COVER
POSSIBLE SUNSHINE (PERCENT) MM
AVERAGE SKY COVER 0.21
NUMBER OF DAYS FAIR 26
NUMBER OF DAYS PC 5
NUMBER OF DAYS CLOUDY 0
AVERAGE RH (PERCENT) 65
WEATHER CONDITIONS. NUMBER OF DAYS WITH
THUNDERSTORM 9 MIXED PRECIP 0
HEAVY RAIN 4 RAIN 2
LIGHT RAIN 10 FREEZING RAIN 0
LT FREEZING RAIN 0 HAIL 0
HEAVY SNOW 0 SNOW 0
LIGHT SNOW 0 SLEET 0
FOG 15 FOG W/VIS <= 1/4 MILE 1
HAZE 8
- INDICATES NEGATIVE NUMBERS.
R INDICATES RECORD WAS SET OR TIED.
MM INDICATES DATA IS MISSING.
T INDICATES TRACE AMOUNT.
$$