000
CXUS53 KEAX 010836
CF6STJ
PRELIMINARY LOCAL CLIMATOLOGICAL DATA (WS FORM: F-6)
STATION: ST. JOSEPH MO
MONTH: DECEMBER
YEAR: 2022
LATITUDE: 39 46 N
LONGITUDE: 94 55 W
TEMPERATURE IN F: :PCPN: SNOW: WIND :SUNSHINE: SKY :PK WND
================================================================================
1 2 3 4 5 6A 6B 7 8 9 10 11 12 13 14 15 16 17 18
12Z AVG MX 2MIN
DY MAX MIN AVG DEP HDD CDD WTR SNW DPTH SPD SPD DIR MIN PSBL S-S WX SPD DR
================================================================================
1 50 13 32 -4 33 0 0.00 M M 13.0 31 180 M M 1 41 180
2 60 26 43 8 22 0 0.00 M M 20.5 37 330 M M 2 50 330
3 32 12 22 -13 43 0 0.00 M M 7.8 28 320 M M 0 37 320
4 43 16 30 -4 35 0 0.00 M M 5.2 12 190 M M 0 13 190
5 51 22 37 3 28 0 0.00 M M 5.1 13 360 M M 3 8 15 10
6 45 22 34 0 31 0 0.00 M M 5.0 10 360 M M 5 1 14 350
7 46 20 33 -1 32 0 0.00 M M 1.9 9 360 M M 4 18 10 360
8 46 29 38 5 27 0 0.04 M M 7.0 15 240 M M 10 18 21 100
9 45 33 39 6 26 0 0.00 M M 7.7 23 260 M M 9 1 30 260
10 40 20 30 -2 35 0 0.00 M M 3.5 14 300 M M 9 12 19 290
11 33 20 27 -5 38 0 0.00 M M 4.3 13 130 M M 9 12 16 140
12 41 31 36 4 29 0 0.19 M M 11.3 22 110 M M 10 18 33 110
13 51 36 44 12 21 0 0.66 M M 12.6 28 120 M M 8 138 35 110
14 38 27 33 2 32 0 0.00 M M 12.9 21 210 M M 4 26 190
15 33 26 30 -1 35 0 0.00 M M 18.2 31 270 M M 9 41 270
16 31 20 26 -5 39 0 0.00 M M 15.0 25 290 M M 8 34 280
17 31 12 22 -8 43 0 T M M 11.5 22 290 M M 6 29 300
18 36 6 21 -9 44 0 0.00 M M 3.7 14 110 M M 0 17 110
19 37 24 31 1 34 0 0.01 M M 6.9 22 330 M M 8 1 25 340
20 24 15 20 -10 45 0 0.00 M M 9.7 21 330 M M 10 1 25 330
21 33 14 24 -6 41 0 0.02 M M 9.2 32 340 M M 10 168 43 340
22 14 -7 4 -25 61 0 T M M 22.6 35 340 M M 8 189 47 310
23 7 -6 1 -28 64 0 0.00 M M 18.5 29 300 M M 3 39 310
24 17 2 10 -19 55 0 0.00 M M 11.1 23 310 M M 1 34 310
25 24 -1 12 -17 53 0 T M M 7.9 18 180 M M 2 46 25 180
26 34 5 20 -8 45 0 T M M 12.9 32 320 M M 6 46 310
27 37 5 21 -7 44 0 0.00 M M 13.4 23 190 M M 0 31 190
28 52 36 44 16 21 0 0.00 M M 14.6 29 210 M M 0 39 210
29 66 32 49 21 16 0 0.00 M M 16.1 37 210 M M 3 8 52 200
30 47 22 35 7 30 0 0.00 M M 4.2 12 300 M M 4 1 18 300
31 58 21 40 12 25 0 T M M 4.7 16 210 M M 5 1 22 190
================================================================================
SM 1202 553 1127 0 0.92 M 318.0 M 157
================================================================================
AV 38.8 17.8 10.3 FASTST M M 5 MAX(MPH)
MISC ----> # 37 330 52 200
================================================================================
NOTES:
# LAST OF SEVERAL OCCURRENCES
COLUMN 17 PEAK WIND IN M.P.H.
PRELIMINARY LOCAL CLIMATOLOGICAL DATA (WS FORM: F-6) , PAGE 2
STATION: ST. JOSEPH MO
MONTH: DECEMBER
YEAR: 2022
LATITUDE: 39 46 N
LONGITUDE: 94 55 W
[TEMPERATURE DATA] [PRECIPITATION DATA] SYMBOLS USED IN COLUMN 16
AVERAGE MONTHLY: 28.3 TOTAL FOR MONTH: 0.92 1 = FOG OR MIST
DPTR FM NORMAL: -2.8 DPTR FM NORMAL: -0.33 2 = FOG REDUCING VISIBILITY
HIGHEST: 66 ON 29 GRTST 24HR 0.85 ON 12-13 TO 1/4 MILE OR LESS
LOWEST: -7 ON 22 3 = THUNDER
SNOW, ICE PELLETS, HAIL 4 = ICE PELLETS
TOTAL MONTH: M 5 = HAIL
GRTST 24HR M ON M 6 = FREEZING RAIN OR DRIZZLE
GRTST DEPTH: M ON M 7 = DUSTSTORM OR SANDSTORM:
VSBY 1/2 MILE OR LESS
8 = SMOKE OR HAZE
[NO. OF DAYS WITH] [WEATHER - DAYS WITH] 9 = BLOWING SNOW
X = TORNADO
MAX 32 OR BELOW: 8 0.01 INCH OR MORE: 5
MAX 90 OR ABOVE: 0 0.10 INCH OR MORE: 2
MIN 32 OR BELOW: 28 0.50 INCH OR MORE: 1
MIN 0 OR BELOW: 3 1.00 INCH OR MORE: 0
[HDD (BASE 65) ]
TOTAL THIS MO. 1127 CLEAR (SCALE 0-3) 12
DPTR FM NORMAL 76 PTCLDY (SCALE 4-7) 10
TOTAL FM JUL 1 2313 CLOUDY (SCALE 8-10) 9
DPTR FM NORMAL 171
[CDD (BASE 65) ]
TOTAL THIS MO. 0
DPTR FM NORMAL 0 [PRESSURE DATA]
TOTAL FM JAN 1 1173 HIGHEST SLP 30.65 ON 20
DPTR FM NORMAL -114 LOWEST SLP 29.48 ON 28
[REMARKS]
#FINAL-12-22#