000
CXUS53 KEAX 010736
CF6STJ
PRELIMINARY LOCAL CLIMATOLOGICAL DATA (WS FORM: F-6)
STATION: ST. JOSEPH MO
MONTH: AUGUST
YEAR: 2021
LATITUDE: 39 46 N
LONGITUDE: 94 55 W
TEMPERATURE IN F: :PCPN: SNOW: WIND :SUNSHINE: SKY :PK WND
================================================================================
1 2 3 4 5 6A 6B 7 8 9 10 11 12 13 14 15 16 17 18
12Z AVG MX 2MIN
DY MAX MIN AVG DEP HDD CDD WTR SNW DPTH SPD SPD DIR MIN PSBL S-S WX SPD DR
================================================================================
1 81 57 69 -9 0 4 0.00 M M 6.1 16 10 M M 3 128 23 10
2 80 57 69 -9 0 4 0.00 M M 4.7 13 30 M M 1 18 18 30
3 81 53 67 -11 0 2 0.00 M M 2.7 12 20 M M 1 1 15 40
4 82 53 68 -9 0 3 0.00 M M 6.0 14 140 M M 0 20 150
5 82 66 74 -3 0 9 0.00 M M 8.5 18 190 M M 2 26 190
6 88 66 77 0 0 12 0.00 M M 8.1 15 360 M M 0 18 21 360
7 91 71 81 4 0 16 0.10 M M 11.4 29 230 M M 0 13 41 220
8 84 67 76 -1 0 11 0.16 M M 7.0 15 200 M M 3 13 21 190
9 92 74 83 6 0 18 0.00 M M 7.7 14 180 M M 0 19 170
10 88 77 83 6 0 18 0.10 M M 7.8 31 120 M M 2 13 43 130
11 92 77 85 9 0 20 0.00 M M 10.7 20 200 M M 0 29 210
12 88 70 79 3 0 14 1.05 M M 8.1 25 180 M M 2 13 38 190
13 83 64 74 -2 0 9 0.47 M M 7.0 35 180 M M 3 13 46 180
14 84 61 73 -3 0 8 0.00 M M 2.3 9 10 M M 1 1 11 10
15 84 60 72 -4 0 7 0.00 M M 4.8 13 140 M M 0 19 120
16 85 62 74 -2 0 9 0.00 M M 6.2 12 150 M M 0 16 150
17 88 64 76 1 0 11 0.00 M M 5.4 25 170 M M 1 35 170
18 87 67 77 2 0 12 0.00 M M 6.5 15 160 M M 1 19 160
19 88 69 79 4 0 14 0.00 M M 7.8 15 120 M M 2 1 20 140
20 88 68 78 3 0 13 1.06 M M 10.6 31 330 M M 5 13 42 340
21 80 62 71 -4 0 6 0.00 M M 7.2 15 330 M M 2 13 22 350
22 86 58 72 -2 0 7 0.00 M M 6.3 15 140 M M 0 20 140
23 92 75 84 10 0 19 0.00 M M 7.9 17 190 M M 0 23 190
24 91 72 82 8 0 17 0.00 M M M M M M M 0 M M
25 86 72 79 5 0 14 0.04 M M 7.4 22 130 M M 4 13 28 130
26 93 73 83 10 0 18 0.00 M M 7.6 15 170 M M 1 22 160
27 90 73 82 9 0 17 0.00 M M 10.8 22 190 M M 0 30 190
28 89 72 81 8 0 16 0.00 M M 9.4 21 170 M M 1 27 190
29 83 67 75 2 0 10 0.05 M M 6.1 18 170 M M 2 1 23 350
30 91 65 78 6 0 13 0.00 M M 4.3 10 110 M M 1 1 16 120
31 80 63 72 0 0 7 1.09 M M 8.6 33 10 M M 5 13 46 20
================================================================================
SM 2677 2055 0 358 4.12 M 215.0 M 43
================================================================================
AV 86.4 66.3 7.2 FASTST M M 1 MAX(MPH)
MISC ----> 35 180 # 46 180
================================================================================
NOTES:
# LAST OF SEVERAL OCCURRENCES
COLUMN 17 PEAK WIND IN M.P.H.
PRELIMINARY LOCAL CLIMATOLOGICAL DATA (WS FORM: F-6) , PAGE 2
STATION: ST. JOSEPH MO
MONTH: AUGUST
YEAR: 2021
LATITUDE: 39 46 N
LONGITUDE: 94 55 W
[TEMPERATURE DATA] [PRECIPITATION DATA] SYMBOLS USED IN COLUMN 16
AVERAGE MONTHLY: 76.3 TOTAL FOR MONTH: 4.12 1 = FOG OR MIST
DPTR FM NORMAL: 1.0 DPTR FM NORMAL: 0.28 2 = FOG REDUCING VISIBILITY
HIGHEST: 93 ON 26 GRTST 24HR 1.52 ON 12-13 TO 1/4 MILE OR LESS
LOWEST: 53 ON 4, 3 3 = THUNDER
SNOW, ICE PELLETS, HAIL 4 = ICE PELLETS
TOTAL MONTH: M 5 = HAIL
GRTST 24HR M ON M 6 = FREEZING RAIN OR DRIZZLE
GRTST DEPTH: M ON M 7 = DUSTSTORM OR SANDSTORM:
VSBY 1/2 MILE OR LESS
8 = SMOKE OR HAZE
[NO. OF DAYS WITH] [WEATHER - DAYS WITH] 9 = BLOWING SNOW
X = TORNADO
MAX 32 OR BELOW: 0 0.01 INCH OR MORE: 9
MAX 90 OR ABOVE: 8 0.10 INCH OR MORE: 7
MIN 32 OR BELOW: 0 0.50 INCH OR MORE: 3
MIN 0 OR BELOW: 0 1.00 INCH OR MORE: 3
[HDD (BASE 65) ]
TOTAL THIS MO. 0 CLEAR (SCALE 0-3) 28
DPTR FM NORMAL -3 PTCLDY (SCALE 4-7) 3
TOTAL FM JUL 1 0 CLOUDY (SCALE 8-10) 0
DPTR FM NORMAL -1
[CDD (BASE 65) ]
TOTAL THIS MO. 358
DPTR FM NORMAL 34 [PRESSURE DATA]
TOTAL FM JAN 1 1117 HIGHEST SLP M ON M
DPTR FM NORMAL -11 LOWEST SLP 29.67 ON 20
[REMARKS]
#FINAL-08-21#