451
CXUS53 KEAX 172151
CLSSTJ
CLIMATE REPORT
NATIONAL WEATHER SERVICE
344 PM CST TUE NOV 17 2020
...................................
...THE ST. JOSEPH MO CLIMATE SUMMARY FOR THE SEASON, FROM
12/1/2019 TO 2/29/2020...
CLIMATE NORMAL PERIOD: 1981 TO 2010
CLIMATE RECORD PERIOD: 1892 TO 2020
WEATHER OBSERVED NORMAL DEPART LAST YEAR`S
VALUE DATE(S) VALUE FROM VALUE DATE(S)
NORMAL
................................................................
TEMPERATURE (F)
RECORD
HIGH 83 02/24/1930
LOW -25 01/12/1974
HIGHEST 65 12/25 65 0 62 02/03
LOWEST -5 02/13 -3 -2 -9 01/30
AVG. MAXIMUM 42.9 39.5 3.4 37.2
AVG. MINIMUM 23.1 19.5 3.6 19.4
MEAN 33.0 29.5 3.5 28.3
DAYS MAX >= 90 0 0.0 0.0 0
DAYS MAX <= 32 16 27.6 -11.6 33
DAYS MIN <= 32 78 80.7 -2.7 83
DAYS MIN <= 0 3 8.6 -5.6 2
PRECIPITATION (INCHES)
RECORD
MAXIMUM 7.30 1985
MINIMUM 0.24 2003
TOTALS 3.37 3.01 0.36 5.49
DAILY AVG. 0.04 0.03 0.01 0.06
DAYS >= .01 12 16.2 -4.2 MM
DAYS >= .10 8 7.2 0.8 MM
DAYS >= .50 2 1.9 0.1 MM
DAYS >= 1.00 1 0.3 0.7 MM
GREATEST
24 HR. TOTAL 1.22
DEGREE DAYS
HEATING TOTAL 2757 3197 -440 3267
COOLING TOTAL 0 0 0 0
................................................................
WIND (MPH)
AVERAGE WIND SPEED 8.6
HIGHEST WIND SPEED/DIRECTION 37/310 DATE 01/18
HIGHEST GUST SPEED/DIRECTION 52/210 DATE 01/09
SKY COVER
POSSIBLE SUNSHINE (PERCENT) MM
AVERAGE SKY COVER 0.44
NUMBER OF DAYS FAIR 44
NUMBER OF DAYS PC 18
NUMBER OF DAYS CLOUDY 29
AVERAGE RH (PERCENT) 70
WEATHER CONDITIONS. NUMBER OF DAYS WITH
THUNDERSTORM 0 MIXED PRECIP 0
HEAVY RAIN 0 RAIN 1
LIGHT RAIN 5 FREEZING RAIN 2
LT FREEZING RAIN 2 HAIL 0
HEAVY SNOW 1 SNOW 4
LIGHT SNOW 19 SLEET 0
FOG 49 FOG W/VIS <= 1/4 MILE 12
HAZE 37
- INDICATES NEGATIVE NUMBERS.
R INDICATES RECORD WAS SET OR TIED.
MM INDICATES DATA IS MISSING.
T INDICATES TRACE AMOUNT.
$$