000
CXUS55 KSTO 190349
CF6STO
PRELIMINARY LOCAL CLIMATOLOGICAL DATA (WS FORM: F-6)
STATION: SACRAMENTO CITY
MONTH: JANUARY
YEAR: 2021
LATITUDE: 38 36 N
LONGITUDE: 121 23 W
TEMPERATURE IN F: :PCPN: SNOW: WIND :SUNSHINE: SKY :PK WND
================================================================================
1 2 3 4 5 6A 6B 7 8 9 10 11 12 13 14 15 16 17 18
12Z AVG MX 2MIN
DY MAX MIN AVG DEP HDD CDD WTR SNW DPTH SPD SPD DIR MIN PSBL S-S WX SPD DR
================================================================================
1 57 38 48 2 17 0 0.00 0.0 M M M M M M M M M
2 52 47 50 4 15 0 0.04 0.0 M M M M M M M M M
3 58 46 52 6 13 0 0.00 0.0 M M M M M M M M M
4 59 45 52 6 13 0 0.23 0.0 M M M M M M M M M
5 57 39 48 2 17 0 0.00 0.0 M M M M M M M M M
6 57 37 47 1 18 0 0.00 0.0 M M M M M M M M M
7 52 41 47 0 18 0 0.00 0.0 M M M M M M M M M
8 58 41 50 3 15 0 0.00 M M M M M M M M M M
9 55 35 45 -2 20 0 0.00 M M M M M M M M M M
10 55 37 46 -1 19 0 0.00 0.0 M M M M M M M M M
11 60 37 49 2 16 0 0.00 0.0 M M M M M M M M M
12 58 44 51 4 14 0 0.00 0.0 M M M M M M M M M
13 69 46 58 11 7 0 0.00 0.0 M M M M M M M M M
14 56 43 50 3 15 0 0.00 M M M M M M M M M M
15 64 41 53 6 12 0 0.00 0.0 M M M M M M M M M
16 71 43 57 10 8 0 0.00 0.0 M M M M M M M M M
17 72 44 58 11 7 0 0.00 0.0 M M M M M M M M M
18 74 50 62 14 3 0 0.00 0.0 M M M M M M M M M
19 68 49 59 11 6 0 0.00 0.0 M M M M M M M M M
20 66 39 53 5 12 0 0.00 M M M M M M M M M M
21 66 35 51 3 14 0 0.00 M M M M M M M M M M
22 56 45 51 3 14 0 0.25 0.0 M M M M M M M M M
23 58 41 50 2 15 0 0.00 0.0 M M M M M M M M M
24 52 37 45 -3 20 0 0.28 0.0 M M M M M M M M M
25 54 38 46 -3 19 0 0.08 0.0 M M M M M M M M M
26 50 30 40 -9 25 0 0.35 0.0 M M M M M M M M M
27 51 40 46 -3 19 0 0.85 M M M M M M M M M M
28 51 45 48 -1 17 0 0.86 0.0 M M M M M M M M M
29 55 43 49 0 16 0 0.05 0.0 M M M M M M M M M
30 61 41 51 2 14 0 0.00 0.0 M M M M M M M M M
31 67 48 58 8 7 0 0.00 0.0 M M M M M M M M M
================================================================================
SM 1839 1285 445 0 2.99 0.0 M M M
================================================================================
AV 59.3 41.5 M FASTST M M 0 MAX(MPH)
MISC ----> M M M M
================================================================================
NOTES:
# LAST OF SEVERAL OCCURRENCES
COLUMN 17 PEAK WIND IN M.P.H.
PRELIMINARY LOCAL CLIMATOLOGICAL DATA (WS FORM: F-6) , PAGE 2
STATION: SACRAMENTO CITY
MONTH: JANUARY
YEAR: 2021
LATITUDE: 38 36 N
LONGITUDE: 121 23 W
[TEMPERATURE DATA] [PRECIPITATION DATA] SYMBOLS USED IN COLUMN 16
AVERAGE MONTHLY: 50.4 TOTAL FOR MONTH: 2.99 1 = FOG OR MIST
DPTR FM NORMAL: 2.9 DPTR FM NORMAL: -0.98 2 = FOG REDUCING VISIBILITY
HIGHEST: 74 ON 18 GRTST 24HR 0.86 ON 28-28 TO 1/4 MILE OR LESS
LOWEST: 30 ON 26 3 = THUNDER
SNOW, ICE PELLETS, HAIL 4 = ICE PELLETS
TOTAL MONTH: 0.0 INCH 5 = HAIL
GRTST 24HR 0.0 6 = FREEZING RAIN OR DRIZZLE
GRTST DEPTH: M ON M 7 = DUSTSTORM OR SANDSTORM:
VSBY 1/2 MILE OR LESS
8 = SMOKE OR HAZE
[NO. OF DAYS WITH] [WEATHER - DAYS WITH] 9 = BLOWING SNOW
X = TORNADO
MAX 32 OR BELOW: 0 0.01 INCH OR MORE: 9
MAX 90 OR ABOVE: 0 0.10 INCH OR MORE: 6
MIN 32 OR BELOW: 1 0.50 INCH OR MORE: 2
MIN 0 OR BELOW: 0 1.00 INCH OR MORE: 0
[HDD (BASE 65) ]
TOTAL THIS MO. 445 CLEAR (SCALE 0-3) 0
DPTR FM NORMAL -96 PTCLDY (SCALE 4-7) 0
TOTAL FM JUL 1 1248 CLOUDY (SCALE 8-10) 0
DPTR FM NORMAL -228
[CDD (BASE 65) ]
TOTAL THIS MO. 0
DPTR FM NORMAL 0 [PRESSURE DATA]
TOTAL FM JAN 1 0 HIGHEST SLP M ON M
DPTR FM NORMAL 0 LOWEST SLP M ON M
[REMARKS]
#FINAL-01-21#