000
CXUS53 KLSX 011400
CF6SUS
PRELIMINARY LOCAL CLIMATOLOGICAL DATA (WS FORM: F-6)
STATION: SPIRIT OF ST LOUIS MO
MONTH: JULY
YEAR: 2023
LATITUDE: 38 39 N
LONGITUDE: 90 38 W
TEMPERATURE IN F: :PCPN: SNOW: WIND :SUNSHINE: SKY :PK WND
================================================================================
1 2 3 4 5 6A 6B 7 8 9 10 11 12 13 14 15 16 17 18
12Z AVG MX 2MIN
DY MAX MIN AVG DEP HDD CDD WTR SNW DPTH SPD SPD DIR MIN PSBL S-S WX SPD DR
================================================================================
1 95 67 81 3 0 16 1.42 0.0 0 4.6 33 290 M M 3 123 46 280
2 84 64 74 -4 0 9 0.14 0.0 0 6.5 23 290 M M 4 13 30 250
3 90 64 77 -1 0 12 0.00 0.0 0 2.2 10 260 M M 2 12 15 240
4 94 68 81 3 0 16 0.00 0.0 0 3.9 13 140 M M 1 138 23 130
5 90 69 80 2 0 15 0.03 0.0 0 5.5 20 280 M M 2 24 290
6 86 64 75 -3 0 10 0.00 0.0 0 5.5 15 320 M M 0 20 320
7 83 60 72 -6 0 7 T 0.0 0 3.5 12 70 M M 2 14 90
8 78 60 69 -10 0 4 0.14 0.0 0 6.5 13 330 M M 7 13 18 330
9 84 59 72 -7 0 7 0.00 0.0 0 2.9 9 30 M M 1 13 40
10 88 59 74 -5 0 9 0.00 0.0 0 3.6 12 210 M M 1 17 230
11 94 66 80 1 0 15 0.00 0.0 0 6.1 13 240 M M 0 23 230
12 93 67 80 1 0 15 0.67 0.0 0 5.9 29 330 M M 2 138 40 330
13 89 69 79 0 0 14 0.02 0.0 0 4.4 15 290 M M 5 13 22 190
14 95 69 82 3 0 17 0.08 0.0 0 4.9 18 70 M M 2 13 24 60
15 88 67 78 -1 0 13 0.07 0.0 0 4.9 21 290 M M 7 18 29 290
16 91 65 78 -1 0 13 0.08 0.0 0 3.6 33 290 M M 1 138 48 310
17 89 67 78 -1 0 13 0.13 0.0 0 5.2 18 240 M M 1 138 23 240
18 81 66 74 -5 0 9 T 0.0 0 2.9 18 170 M M 3 138 27 170
19 84 72 78 -1 0 13 0.03 0.0 0 3.3 14 150 M M 7 13 19 150
20 92 69 81 2 0 16 0.06 0.0 0 4.1 25 240 M M 4 13 38 240
21 81 62 72 -7 0 7 0.00 0.0 0 2.1 10 330 M M 2 1 15 330
22 85 58 72 -7 0 7 0.22 0.0 0 3.7 17 320 M M 3 13 25 320
23 91 65 78 -1 0 13 0.01 0.0 0 3.5 13 220 M M 2 13 18 210
24 90 69 80 1 0 15 0.00 0.0 0 4.3 15 270 M M 1 3 22 260
25 96 67 82 3 0 17 0.00 0.0 0 5.0 15 190 M M 1 3 23 220
26 93 82 88 9 0 23 T 0.0 0 10.9 20 220 M M 1 38 34 220
27 99 79 89 10 0 24 0.00 0.0 0 9.3 18 250 M M 0 8 26 240
28 99 78 89 10 0 24 0.00 0.0 0 8.1 16 220 M M 0 8 26 230
29 96 71 84 5 0 19 0.29 0.0 0 6.9 39 300 M M 2 13 54 300
30 90 70 80 1 0 15 0.00 0.0 0 3.3 10 10 M M 3 14 360
31 83 65 74 -5 0 9 0.04 0.0 0 2.3 9 90 M M 5 1 13 80
================================================================================
SM 2771 2077 0 416 3.43 0.0 149.4 M 75
================================================================================
AV 89.4 67.0 4.8 FASTST M M 2 MAX(MPH)
MISC ----> 39 300 54 300
================================================================================
NOTES:
# LAST OF SEVERAL OCCURRENCES
COLUMN 17 PEAK WIND IN M.P.H.
PRELIMINARY LOCAL CLIMATOLOGICAL DATA (WS FORM: F-6) , PAGE 2
STATION: SPIRIT OF ST LOUIS MO
MONTH: JULY
YEAR: 2023
LATITUDE: 38 39 N
LONGITUDE: 90 38 W
[TEMPERATURE DATA] [PRECIPITATION DATA] SYMBOLS USED IN COLUMN 16
AVERAGE MONTHLY: 78.2 TOTAL FOR MONTH: 3.43 1 = FOG OR MIST
DPTR FM NORMAL: -0.5 DPTR FM NORMAL: 0.13 2 = FOG REDUCING VISIBILITY
HIGHEST: 99 ON 28,27 GRTST 24HR 1.42 ON 1- 1 TO 1/4 MILE OR LESS
LOWEST: 58 ON 22 3 = THUNDER
SNOW, ICE PELLETS, HAIL 4 = ICE PELLETS
TOTAL MONTH: 0.0 INCH 5 = HAIL
GRTST 24HR 0.0 6 = FREEZING RAIN OR DRIZZLE
GRTST DEPTH: 0 7 = DUSTSTORM OR SANDSTORM:
VSBY 1/2 MILE OR LESS
8 = SMOKE OR HAZE
[NO. OF DAYS WITH] [WEATHER - DAYS WITH] 9 = BLOWING SNOW
X = TORNADO
MAX 32 OR BELOW: 0 0.01 INCH OR MORE: 16
MAX 90 OR ABOVE: 17 0.10 INCH OR MORE: 7
MIN 32 OR BELOW: 0 0.50 INCH OR MORE: 2
MIN 0 OR BELOW: 0 1.00 INCH OR MORE: 1
[HDD (BASE 65) ]
TOTAL THIS MO. 0 CLEAR (SCALE 0-3) 23
DPTR FM NORMAL 0 PTCLDY (SCALE 4-7) 8
TOTAL FM JUL 1 0 CLOUDY (SCALE 8-10) 0
DPTR FM NORMAL 0
[CDD (BASE 65) ]
TOTAL THIS MO. 416
DPTR FM NORMAL -10 [PRESSURE DATA]
TOTAL FM JAN 1 787 HIGHEST SLP 30.12 ON 31
DPTR FM NORMAL -93 LOWEST SLP 29.68 ON 12
[REMARKS]
#FINAL-07-23#