000
CXUS54 KEPZ 011130
CF6SVC
PRELIMINARY LOCAL CLIMATOLOGICAL DATA (WS FORM: F-6)
STATION: SILVER CITY
MONTH: DECEMBER
YEAR: 2021
LATITUDE: 32 37 N
LONGITUDE: 108 10 W
TEMPERATURE IN F: :PCPN: SNOW: WIND :SUNSHINE: SKY :PK WND
================================================================================
1 2 3 4 5 6A 6B 7 8 9 10 11 12 13 14 15 16 17 18
12Z AVG MX 2MIN
DY MAX MIN AVG DEP HDD CDD WTR SNW DPTH SPD SPD DIR MIN PSBL S-S WX SPD DR
================================================================================
1 69 33 51 M 14 0 0.00 M M 6.3 12 360 M M 2 M M
2 68 35 52 M 13 0 0.00 M M 7.2 12 350 M M 5 M M
3 68 37 53 M 12 0 0.00 M M 7.5 12 340 M M 7 M M
4 66 37 52 M 13 0 0.00 M M 7.2 12 350 M M 6 M M
5 67 35 51 M 14 0 0.00 M M 9.7 15 280 M M 7 20 310
6 60 28 44 M 21 0 0.00 M M 6.5 13 350 M M 6 17 160
7 60 31 46 M 19 0 0.00 M M 10.6 15 290 M M 0 22 300
8 63 30 47 M 18 0 0.00 M M 8.3 14 290 M M 0 21 150
9 58 29 44 M 21 0 0.00 M M 9.8 17 240 M M 1 28 240
10 49 38 44 M 21 0 0.01 M M 13.9 30 270 M M 6 39 280
11 51 22 37 M 28 0 0.00 M M 5.6 8 360 M M 0 M M
12 57 20 39 M 26 0 0.00 M M 5.6 10 360 M M 0 M M
13 63 31 47 M 18 0 0.00 M M 7.3 10 290 M M 0 17 290
14 65 37 51 M 14 0 0.00 M M 9.0 21 210 M M 5 27 210
15 55 35 45 M 20 0 0.00 M M 15.2 27 290 M M 1 33 300
16 60 27 44 M 21 0 0.00 M M 8.4 17 190 M M 0 20 210
17 57 29 43 M 22 0 0.00 M M 9.9 15 280 M M 0 21 280
18 48 25 37 M 28 0 0.00 M M 7.1 13 130 M M 8 16 150
19 49 21 35 M 30 0 0.00 M M 5.4 9 340 M M 1 M M
20 59 24 42 M 23 0 0.00 M M 8.8 14 330 M M 0 M M
21 63 29 46 M 19 0 0.00 M M 8.2 15 280 M M 1 18 280
22 68 32 50 M 15 0 0.00 M M 7.7 12 330 M M 0 17 280
23 67 37 52 M 13 0 0.00 M M 8.7 16 280 M M 1 24 280
24 59 38 49 M 16 0 0.06 M M 11.7 31 270 M M 5 37 270
25 59 38 49 M 16 0 0.00 M M 9.3 16 280 M M 3 18 310
26 57 28 43 M 22 0 0.00 M M 12.0 27 280 M M 4 32 270
27 53 25 39 M 26 0 0.00 M M 9.3 17 230 M M 5 33 230
28 47 27 37 M 28 0 0.00 M M 11.6 18 270 M M 1 28 270
29 49 27 38 M 27 0 0.00 M M 9.4 22 270 M M 4 28 290
30 47 22 35 M 30 0 0.01 M M 7.7 14 220 M M 5 20 220
31 48 36 42 M 23 0 0.23 M M 6.5 15 270 M M 10 12 32 220
================================================================================
SM 1809 943 631 0 0.31 M 271.5 M 94
================================================================================
AV 58.4 30.4 8.8 FASTST M M 3 MAX(MPH)
MISC ----> 31 270 39 280
================================================================================
NOTES:
# LAST OF SEVERAL OCCURRENCES
COLUMN 17 PEAK WIND IN M.P.H.
PRELIMINARY LOCAL CLIMATOLOGICAL DATA (WS FORM: F-6) , PAGE 2
STATION: SILVER CITY
MONTH: DECEMBER
YEAR: 2021
LATITUDE: 32 37 N
LONGITUDE: 108 10 W
[TEMPERATURE DATA] [PRECIPITATION DATA] SYMBOLS USED IN COLUMN 16
AVERAGE MONTHLY: 44.4 TOTAL FOR MONTH: 0.31 1 = FOG OR MIST
DPTR FM NORMAL: 0.0 DPTR FM NORMAL: M 2 = FOG REDUCING VISIBILITY
HIGHEST: 69 ON 1 GRTST 24HR 0.23 ON 31-31 TO 1/4 MILE OR LESS
LOWEST: 20 ON 12 3 = THUNDER
SNOW, ICE PELLETS, HAIL 4 = ICE PELLETS
TOTAL MONTH: M 5 = HAIL
GRTST 24HR M ON M 6 = FREEZING RAIN OR DRIZZLE
GRTST DEPTH: M ON M 7 = DUSTSTORM OR SANDSTORM:
VSBY 1/2 MILE OR LESS
8 = SMOKE OR HAZE
[NO. OF DAYS WITH] [WEATHER - DAYS WITH] 9 = BLOWING SNOW
X = TORNADO
MAX 32 OR BELOW: 0 0.01 INCH OR MORE: 4
MAX 90 OR ABOVE: 0 0.10 INCH OR MORE: 1
MIN 32 OR BELOW: 19 0.50 INCH OR MORE: 0
MIN 0 OR BELOW: 0 1.00 INCH OR MORE: 0
[HDD (BASE 65) ]
TOTAL THIS MO. 631 CLEAR (SCALE 0-3) 16
DPTR FM NORMAL M PTCLDY (SCALE 4-7) 13
TOTAL FM JUL 1 1337 CLOUDY (SCALE 8-10) 2
DPTR FM NORMAL M
[CDD (BASE 65) ]
TOTAL THIS MO. 0
DPTR FM NORMAL M [PRESSURE DATA]
TOTAL FM JAN 1 1077 HIGHEST SLP M ON M
DPTR FM NORMAL M LOWEST SLP M ON M
[REMARKS]
#FINAL-12-21#