000
CXUS54 KOUN 010910
CF6SWO
PRELIMINARY LOCAL CLIMATOLOGICAL DATA (WS FORM: F-6)
STATION: STILLWATER
MONTH: JANUARY
YEAR: 2024
LATITUDE: 36 10 N
LONGITUDE: 97 5 W
TEMPERATURE IN F: :PCPN: SNOW: WIND :SUNSHINE: SKY :PK WND
================================================================================
1 2 3 4 5 6A 6B 7 8 9 10 11 12 13 14 15 16 17 18
12Z AVG MX 2MIN
DY MAX MIN AVG DEP HDD CDD WTR SNW DPTH SPD SPD DIR MIN PSBL S-S WX SPD DR
================================================================================
1 43 24 34 -4 31 0 0.00 0.0 M 4.1 13 30 M M 5 17 20
2 49 26 38 0 27 0 0.00 0.0 M 5.7 14 210 M M 0 20 210
3 53 23 38 0 27 0 0.00 0.0 M 2.8 9 20 M M 0 1 12 50
4 54 24 39 1 26 0 T M M 8.9 15 110 M M 0 1 21 130
5 43 36 40 2 25 0 0.25 M M 8.5 17 120 M M 10 1 22 130
6 47 32 40 2 25 0 0.00 M M 5.6 13 320 M M 9 18 19 280
7 57 24 41 3 24 0 0.00 M M 9.7 24 160 M M 0 30 150
8 49 40 45 7 20 0 0.50 M M 14.7 25 120 M M 9 13 36 130
9 40 21 31 -7 34 0 0.01 M M 14.7 32 310 M M 6 18 50 310
10 54 22 38 0 27 0 0.00 M M 7.5 17 270 M M 0 25 230
11 64 23 44 6 21 0 0.00 M M 10.2 28 310 M M 2 8 42 320
12 35 15 25 -13 40 0 T M M 13.2 26 320 M M 4 8 42 320
13 21 3 12 -26 53 0 0.00 M M 12.4 23 350 M M 2 32 350
14 8 -3 3 -35 62 0 0.04 M M 8.6 18 10 M M 5 8 24 10
15 18 -5 7 -31 58 0 0.00 M M 10.0 20 350 M M 3 29 360
16 23 -4 10 -28 55 0 0.00 M M 6.3 13 230 M M 0 16 280
17 46 9 28 -10 37 0 0.00 M M 13.1 29 170 M M 0 38 170
18 49 21 35 -4 30 0 0.00 M M 9.0 26 350 M M 0 41 350
19 25 11 18 -21 47 0 0.00 M M 12.5 24 350 M M 0 35 350
20 29 9 19 -20 46 0 0.00 M M 7.1 14 50 M M 0 18 40
21 37 20 29 -10 36 0 0.04 M M 15.6 25 160 M M 8 16 33 150
22 35 30 33 -6 32 0 0.27 M M 9.2 20 150 M M 10 16 26 140
23 42 34 38 -1 27 0 0.00 M M 4.3 10 10 M M 10 12 13 10
24 44 38 41 2 24 0 0.03 M M 3.8 9 10 M M 10 12 12 20
25 49 40 45 6 20 0 T M M 3.0 10 40 M M 10 128 12 280
26 47 41 44 5 21 0 0.45 M M 7.8 14 60 M M 10 1 17 10
27 41 28 35 -5 30 0 0.20 M M 8.2 16 350 M M 8 1 23 340
28 61 24 43 3 22 0 0.00 M M 2.4 8 200 M M 0 1 14 230
29 72 28 50 10 15 0 0.00 M M 3.5 12 260 M M 0 17 280
30 68 37 53 13 12 0 0.00 M M 4.6 10 310 M M 0 17 260
31 75 32 54 14 11 0 0.00 M M 5.6 16 180 M M 0 20 190
================================================================================
SM 1378 703 965 0 1.79 0.0 252.6 M 121
================================================================================
AV 44.5 22.7 8.1 FASTST M M 4 MAX(MPH)
MISC ----> 32 310 50 310
================================================================================
NOTES:
# LAST OF SEVERAL OCCURRENCES
COLUMN 17 PEAK WIND IN M.P.H.
PRELIMINARY LOCAL CLIMATOLOGICAL DATA (WS FORM: F-6) , PAGE 2
STATION: STILLWATER
MONTH: JANUARY
YEAR: 2024
LATITUDE: 36 10 N
LONGITUDE: 97 5 W
[TEMPERATURE DATA] [PRECIPITATION DATA] SYMBOLS USED IN COLUMN 16
AVERAGE MONTHLY: 33.6 TOTAL FOR MONTH: 1.79 1 = FOG OR MIST
DPTR FM NORMAL: -5.1 DPTR FM NORMAL: 0.87 2 = FOG REDUCING VISIBILITY
HIGHEST: 75 ON 31 GRTST 24HR 0.58 ON 26-27 TO 1/4 MILE OR LESS
LOWEST: -5 ON 15 3 = THUNDER
SNOW, ICE PELLETS, HAIL 4 = ICE PELLETS
TOTAL MONTH: 0.0 INCH 5 = HAIL
GRTST 24HR 0.0 6 = FREEZING RAIN OR DRIZZLE
GRTST DEPTH: 0 7 = DUSTSTORM OR SANDSTORM:
VSBY 1/2 MILE OR LESS
8 = SMOKE OR HAZE
[NO. OF DAYS WITH] [WEATHER - DAYS WITH] 9 = BLOWING SNOW
X = TORNADO
MAX 32 OR BELOW: 6 0.01 INCH OR MORE: 9
MAX 90 OR ABOVE: 0 0.10 INCH OR MORE: 5
MIN 32 OR BELOW: 24 0.50 INCH OR MORE: 1
MIN 0 OR BELOW: 3 1.00 INCH OR MORE: 0
[HDD (BASE 65) ]
TOTAL THIS MO. 965 CLEAR (SCALE 0-3) 17
DPTR FM NORMAL 150 PTCLDY (SCALE 4-7) 6
TOTAL FM JUL 1 2105 CLOUDY (SCALE 8-10) 8
DPTR FM NORMAL -89
[CDD (BASE 65) ]
TOTAL THIS MO. 0
DPTR FM NORMAL 0 [PRESSURE DATA]
TOTAL FM JAN 1 0 HIGHEST SLP 30.72 ON 20
DPTR FM NORMAL 0 LOWEST SLP 29.33 ON 8
[REMARKS]
#FINAL-01-24#