000
CXUS55 KPUB 011210
CF6TAD
PRELIMINARY LOCAL CLIMATOLOGICAL DATA (WS FORM: F-6)
STATION: TRINIDAD CO
MONTH: MARCH
YEAR: 2023
LATITUDE: 37 16 N
LONGITUDE: 104 20 W
TEMPERATURE IN F: :PCPN: SNOW: WIND :SUNSHINE: SKY :PK WND
================================================================================
1 2 3 4 5 6A 6B 7 8 9 10 11 12 13 14 15 16 17 18
12Z AVG MX 2MIN
DY MAX MIN AVG DEP HDD CDD WTR SNW DPTH SPD SPD DIR MIN PSBL S-S WX SPD DR
================================================================================
1 51 15 33 -7 32 0 0.00 M M 9.7 30 180 M M 2 39 180
2 47 20 34 -6 31 0 0.00 M M 6.3 13 260 M M 6 19 70
3 58 21 40 0 25 0 0.00 M M 10.7 24 260 M M 1 32 250
4 56 28 42 2 23 0 0.00 M M 11.5 30 150 M M 4 40 160
5 63 33 48 7 17 0 0.00 M M 19.6 47 280 M M 0 64 260
6 69 15 42 1 23 0 0.00 M M 9.6 26 270 M M 0 36 270
7 39 16 28 -13 37 0 0.00 M M 5.9 15 320 M M 3 1 19 330
8 49 22 36 -6 29 0 0.00 M M 6.4 17 20 M M 5 1 23 20
9 52 13 33 -9 32 0 0.00 M M 8.0 17 140 M M 2 12 23 130
10 71 25 48 6 17 0 0.00 M M 12.4 35 260 M M 0 50 260
11 64 33 49 6 16 0 0.12 M M 15.9 36 270 M M 4 3 48 270
12 45 29 37 -6 28 0 0.03 M M 6.5 17 160 M M 5 22 160
13 52 20 36 -7 29 0 0.00 M M 6.5 18 210 M M 2 24 210
14 65 33 49 5 16 0 0.00 M M 10.7 29 250 M M 0 41 230
15 73 45 59 15 6 0 0.00 M M 16.1 36 260 M M 0 49 240
16 49 26 38 -6 27 0 0.15 M M 8.8 24 40 M M 9 16 34 50
17 38 17 28 -16 37 0 T M M 5.9 15 120 M M 8 1 20 130
18 44 13 29 -16 36 0 T M M 7.3 18 60 M M 2 1 25 50
19 56 13 35 -10 30 0 0.00 M M 11.7 26 240 M M 0 34 210
20 60 35 48 3 17 0 0.00 M M 10.0 25 240 M M 4 35 250
21 65 37 51 6 14 0 0.00 M M 13.1 33 270 M M 1 49 260
22 70 38 54 8 11 0 T M M 19.8 43 250 M M 1 55 240
23 56 30 43 -3 22 0 0.00 M M 8.9 29 250 M M 3 41 230
24 53 20 37 -9 28 0 0.00 M M 6.7 17 50 M M 2 29 40
25 49 19 34 -12 31 0 0.00 M M 14.7 29 310 M M 0 43 330
26 47 11 29 -17 36 0 T M M 10.6 28 280 M M 2 36 310
27 44 14 29 -18 36 0 0.00 M M 14.9 35 310 M M 0 50 330
28 59 8 34 -13 31 0 0.00 M M 11.7 29 200 M M 0 43 200
29 73 32 53 6 12 0 0.00 M M 8.6 24 160 M M 0 33 170
30 73 25 49 2 16 0 0.00 M M 20.9 44 250 M M 0 56 230
31 57 26 42 -5 23 0 0.00 M M 19.4 38 310 M M 0 56 300
================================================================================
SM 1747 732 768 0 0.30 M 348.8 M 66
================================================================================
AV 56.4 23.6 11.3 FASTST M M 2 MAX(MPH)
MISC ----> 47 280 64 260
================================================================================
NOTES:
# LAST OF SEVERAL OCCURRENCES
COLUMN 17 PEAK WIND IN M.P.H.
PRELIMINARY LOCAL CLIMATOLOGICAL DATA (WS FORM: F-6) , PAGE 2
STATION: TRINIDAD CO
MONTH: MARCH
YEAR: 2023
LATITUDE: 37 16 N
LONGITUDE: 104 20 W
[TEMPERATURE DATA] [PRECIPITATION DATA] SYMBOLS USED IN COLUMN 16
AVERAGE MONTHLY: 40.0 TOTAL FOR MONTH: 0.30 1 = FOG OR MIST
DPTR FM NORMAL: -3.8 DPTR FM NORMAL: -0.51 2 = FOG REDUCING VISIBILITY
HIGHEST: 73 ON 30,29 GRTST 24HR 0.15 ON 16-16 TO 1/4 MILE OR LESS
LOWEST: 8 ON 28 3 = THUNDER
SNOW, ICE PELLETS, HAIL 4 = ICE PELLETS
TOTAL MONTH: M 5 = HAIL
GRTST 24HR M ON M 6 = FREEZING RAIN OR DRIZZLE
GRTST DEPTH: M ON M 7 = DUSTSTORM OR SANDSTORM:
VSBY 1/2 MILE OR LESS
8 = SMOKE OR HAZE
[NO. OF DAYS WITH] [WEATHER - DAYS WITH] 9 = BLOWING SNOW
X = TORNADO
MAX 32 OR BELOW: 0 0.01 INCH OR MORE: 3
MAX 90 OR ABOVE: 0 0.10 INCH OR MORE: 2
MIN 32 OR BELOW: 24 0.50 INCH OR MORE: 0
MIN 0 OR BELOW: 0 1.00 INCH OR MORE: 0
[HDD (BASE 65) ]
TOTAL THIS MO. 768 CLEAR (SCALE 0-3) 21
DPTR FM NORMAL 112 PTCLDY (SCALE 4-7) 8
TOTAL FM JUL 1 4921 CLOUDY (SCALE 8-10) 2
DPTR FM NORMAL 314
[CDD (BASE 65) ]
TOTAL THIS MO. 0
DPTR FM NORMAL 0 [PRESSURE DATA]
TOTAL FM JAN 1 0 HIGHEST SLP 30.47 ON 28
DPTR FM NORMAL 0 LOWEST SLP 29.30 ON 30
[REMARKS]
#FINAL-03-23#