000
CXUS52 KTBW 080106
CF6TBW
PRELIMINARY LOCAL CLIMATOLOGICAL DATA (WS FORM: F-6)
STATION: RUSKIN WFO
MONTH: JANUARY
YEAR: 2023
LATITUDE: 27 42 N
LONGITUDE: 82 24 W
TEMPERATURE IN F: :PCPN: SNOW: WIND :SUNSHINE: SKY :PK WND
================================================================================
1 2 3 4 5 6A 6B 7 8 9 10 11 12 13 14 15 16 17 18
12Z AVG MX 2MIN
DY MAX MIN AVG DEP HDD CDD WTR SNW DPTH SPD SPD DIR MIN PSBL S-S WX SPD DR
================================================================================
1 79 66 73 11 0 8 0.00 0.0 0 M M M M M M 1 M M
2 83 65 74 12 0 9 0.00 0.0 0 M M M M M M 12 M M
3 83 64 74 12 0 9 0.00 0.0 0 M M M M M M M M
4 83 67 75 14 0 10 0.06 0.0 0 M M M M M M 13 M M
5 79 65 72 11 0 7 0.18 0.0 0 M M M M M M 13 M M
6 70 50 60 -1 5 0 0.00 0.0 0 M M M M M M M M
7 73 45 59 -2 6 0 0.00 0.0 0 M M M M M M M M
8 77 52 65 4 0 0 0.00 0.0 0 M M M M M M M M
9 76 55 66 5 0 1 0.00 0.0 0 M M M M M M M M
10 71 49 60 -1 5 0 0.00 0.0 0 M M M M M M M M
11 76 45 61 0 4 0 0.00 0.0 0 M M M M M M M M
12 79 51 65 4 0 0 0.00 0.0 0 M M M M M M M M
13 66 52 59 -2 6 0 0.27 0.0 0 M M M M M M 3 M M
14 55 42 49 -12 16 0 T 0.0 0 M M M M M M M M
15 59 37 48 -13 17 0 0.00 0.0 0 M M M M M M M M
16 67 37 52 -9 13 0 0.00 0.0 0 M M M M M M M M
17 73 44 59 -2 6 0 0.00 0.0 0 M M M M M M M M
18 78 55 67 6 0 2 0.00 0.0 0 M M M M M M M M
19 81 57 69 8 0 4 0.00 0.0 0 M M M M M M M M
20 79 63 71 10 0 6 0.02 0.0 0 M M M M M M M M
21 76 60 68 7 0 3 0.00 0.0 0 M M M M M M M M
22 81 61 71 10 0 6 0.45 0.0 0 M M M M M M 3 M M
23 70 51 61 0 4 0 0.13 0.0 0 M M M M M M M M
24 78 49 64 3 1 0 0.00 0.0 0 M M M M M M M M
25 83 64 74 13 0 9 0.23 0.0 0 M M M M M M M M
26 66 51 59 -2 6 0 0.07 0.0 0 M M M M M M M M
27 67 47 57 -5 8 0 0.00 0.0 0 M M M M M M M M
28 71 48 60 -2 5 0 0.00 0.0 0 M M M M M M M M
29 85 60 73 11 0 8 0.00 0.0 0 M M M M M M M M
30 82 62 72 10 0 7 0.00 0.0 0 M M M M M M M M
31 81 63 72 10 0 7 0.00 0.0 0 M M M M M M 1 M M
================================================================================
SM 2327 1677 102 96 1.41 0.0 M M M
================================================================================
AV 75.1 54.1 M FASTST M M M MAX(MPH)
MISC ----> M M M M
================================================================================
NOTES:
# LAST OF SEVERAL OCCURRENCES
COLUMN 17 PEAK WIND IN M.P.H.
PRELIMINARY LOCAL CLIMATOLOGICAL DATA (WS FORM: F-6) , PAGE 2
STATION: RUSKIN WFO
MONTH: JANUARY
YEAR: 2023
LATITUDE: 27 42 N
LONGITUDE: 82 24 W
[TEMPERATURE DATA] [PRECIPITATION DATA] SYMBOLS USED IN COLUMN 16
AVERAGE MONTHLY: 64.6 TOTAL FOR MONTH: 1.41 1 = FOG OR MIST
DPTR FM NORMAL: 3.4 DPTR FM NORMAL: -1.25 2 = FOG REDUCING VISIBILITY
HIGHEST: 85 ON 29 GRTST 24HR 0.45 ON 22-22 TO 1/4 MILE OR LESS
LOWEST: 37 ON 16,15 3 = THUNDER
SNOW, ICE PELLETS, HAIL 4 = ICE PELLETS
TOTAL MONTH: 0.0 INCH 5 = HAIL
GRTST 24HR 0.0 6 = FREEZING RAIN OR DRIZZLE
GRTST DEPTH: 0 7 = DUSTSTORM OR SANDSTORM:
VSBY 1/2 MILE OR LESS
8 = SMOKE OR HAZE
[NO. OF DAYS WITH] [WEATHER - DAYS WITH] 9 = BLOWING SNOW
X = TORNADO
MAX 32 OR BELOW: 0 0.01 INCH OR MORE: 8
MAX 90 OR ABOVE: 0 0.10 INCH OR MORE: 5
MIN 32 OR BELOW: 0 0.50 INCH OR MORE: 0
MIN 0 OR BELOW: 0 1.00 INCH OR MORE: 0
[HDD (BASE 65) ]
TOTAL THIS MO. 102 CLEAR (SCALE 0-3) 0
DPTR FM NORMAL -68 PTCLDY (SCALE 4-7) 0
TOTAL FM JUL 1 254 CLOUDY (SCALE 8-10) 31
DPTR FM NORMAL -89
[CDD (BASE 65) ]
TOTAL THIS MO. 96
DPTR FM NORMAL 42 [PRESSURE DATA]
TOTAL FM JAN 1 96 HIGHEST SLP M ON M
DPTR FM NORMAL 42 LOWEST SLP M ON M
[REMARKS]
#FINAL-01-23#