000
CXUS54 KBMX 021154
CLMTCL
CLIMATE REPORT
NATIONAL WEATHER SERVICE BIRMINGHAM AL
554 AM CST SAT MAR 02 2024
...................................
...THE TUSCALOOSA CLIMATE SUMMARY FOR THE MONTH OF FEBRUARY 2024...
CLIMATE NORMAL PERIOD 1991 TO 2020
CLIMATE RECORD PERIOD 1948 TO 2024
WEATHER OBSERVED NORMAL DEPART LAST YEAR`S
VALUE DATE(S) VALUE FROM VALUE DATE(S)
NORMAL
................................................................
TEMPERATURE (F)
RECORD
HIGH 86 02/13/1962
LOW 02/08/1989
HIGHEST 79 02/28 MM MM 83 02/22
02/23
LOWEST 25 02/19 MM MM 26 02/18
AVG. MAXIMUM 67.2 60.2 7.0 67.8
AVG. MINIMUM 40.5 38.9 1.6 45.1
MEAN 53.9 56.4
DAYS MAX >= 90 0 0.0 0.0 0
DAYS MAX <= 32 0 0.0 0.0 0
DAYS MIN <= 32 6 9.9 -3.9 4
DAYS MIN <= 0 0 0.0 0.0 0
PRECIPITATION (INCHES)
RECORD
MAXIMUM 15.40 2020
MINIMUM 1.60 1968
TOTALS 5.27 5.37 -0.10 5.19
DAILY AVG. 0.18 NAN NAN
DAYS >= .01 8 10.8 -2.8
DAYS >= .10 4 7.6 -3.6
DAYS >= .50 3 3.6 -0.6
DAYS >= 1.00 3 1.6 1.4
DEGREE DAYS
HEATING TOTAL 323 438 -115 270
SINCE 7/1 1849 2034 -185 MM
................................................................
WIND (MPH)
AVERAGE WIND SPEED 6.4
HIGHEST WIND SPEED/DIRECTION 28/310 DATE 02/28
HIGHEST GUST SPEED/DIRECTION 43/280 DATE 02/28
AVERAGE RH (PERCENT) 64
WEATHER CONDITIONS. NUMBER OF DAYS WITH
THUNDERSTORM 3 MIXED PRECIP 0
HEAVY RAIN 3 RAIN 4
LIGHT RAIN 9 FREEZING RAIN 0
LT FREEZING RAIN 0 HAIL 0
HEAVY SNOW 0 SNOW 0
LIGHT SNOW 0 SLEET 0
FOG 13 FOG W/VIS <= 1/4 MILE 1
HAZE 6
- INDICATES NEGATIVE NUMBERS.
R INDICATES RECORD WAS SET OR TIED.
MM INDICATES DATA IS MISSING.
T INDICATES TRACE AMOUNT.
$$