000
CXUS54 KEPZ 221305
CF6TCS
PRELIMINARY LOCAL CLIMATOLOGICAL DATA (WS FORM: F-6)
STATION: TRUTH OR CONSEQUENCES
MONTH: JANUARY
YEAR: 2023
LATITUDE: 33 13 N
LONGITUDE: 107 16 W
TEMPERATURE IN F: :PCPN: SNOW: WIND :SUNSHINE: SKY :PK WND
================================================================================
1 2 3 4 5 6A 6B 7 8 9 10 11 12 13 14 15 16 17 18
12Z AVG MX 2MIN
DY MAX MIN AVG DEP HDD CDD WTR SNW DPTH SPD SPD DIR MIN PSBL S-S WX SPD DR
================================================================================
1 56 38 47 6 18 0 0.05 M M 12.0 31 200 M M 3 42 200
2 50 35 43 2 22 0 0.13 M M 8.9 22 240 M M 5 1 31 270
3 52 31 42 1 23 0 0.00 M M 8.8 33 280 M M 3 47 270
4 52 31 42 1 23 0 0.00 M M 7.5 15 300 M M 0 21 300
5 52 30 41 0 24 0 0.00 M M 3.5 9 320 M M 0 12 340
6 66 32 49 8 16 0 0.00 M M 6.0 12 330 M M 0 17 320
7 56 34 45 4 20 0 0.00 M M 5.9 12 40 M M 0 16 20
8 59 28 44 3 21 0 0.00 M M 6.8 13 190 M M 0 18 170
9 63 31 47 6 18 0 0.00 M M 6.8 15 190 M M 0 18 190
10 66 37 52 11 13 0 0.00 M M 7.6 18 190 M M 0 24 190
11 63 40 52 10 13 0 0.00 M M 10.4 29 290 M M 0 40 310
12 55 27 41 -1 24 0 0.00 M M 7.2 17 30 M M 0 22 20
13 57 26 42 0 23 0 0.00 M M 4.8 12 300 M M 0 14 300
14 65 31 48 6 17 0 0.00 M M 7.0 18 180 M M 0 24 180
15 56 42 49 7 16 0 0.00 M M 12.7 31 240 M M 1 42 240
16 52 38 45 3 20 0 0.00 M M 6.8 18 250 M M 4 27 250
17 52 30 41 -1 24 0 0.04 M M 13.4 29 180 M M 2 42 150
18 48 24 36 -6 29 0 0.00 M M 9.6 24 300 M M 3 33 300
19 48 28 38 -5 27 0 0.00 M M 6.8 17 330 M M 0 24 310
20 54 23 39 -4 26 0 0.00 M M 9.6 30 250 M M 0 44 250
21 50 30 40 -3 25 0 0.00 M M 11.5 24 290 M M 0 32 310
22 51 24 38 -5 27 0 0.00 M M 7.6 22 300 M M 0 29 300
23 48 32 40 -3 25 0 0.03 M M 8.2 25 190 M M 6 1 36 190
24 45 24 35 -8 30 0 0.45 M M 10.2 20 310 M M 4 12 30 320
25 46 26 36 -8 29 0 0.00 M M 12.2 22 310 M M 0 33 310
26 43 22 33 -11 32 0 0.00 M M 6.8 15 300 M M 0 19 300
27 49 20 35 -9 30 0 0.00 M M 4.8 14 310 M M 0 18 300
28 61 23 42 -2 23 0 0.00 M M 5.8 26 280 M M 0 36 260
29 61 26 44 0 21 0 0.00 M M 10.2 25 190 M M 0 37 210
30 62 29 46 2 19 0 0.00 M M 11.8 31 210 M M 0 42 190
31 60 29 45 1 20 0 0.00 M M 7.2 25 210 M M 0 33 200
================================================================================
SM 1698 921 698 0 0.70 M 258.4 M 31
================================================================================
AV 54.8 29.7 8.3 FASTST M M 1 MAX(MPH)
MISC ----> 33 280 47 270
================================================================================
NOTES:
# LAST OF SEVERAL OCCURRENCES
COLUMN 17 PEAK WIND IN M.P.H.
PRELIMINARY LOCAL CLIMATOLOGICAL DATA (WS FORM: F-6) , PAGE 2
STATION: TRUTH OR CONSEQUENCES
MONTH: JANUARY
YEAR: 2023
LATITUDE: 33 13 N
LONGITUDE: 107 16 W
[TEMPERATURE DATA] [PRECIPITATION DATA] SYMBOLS USED IN COLUMN 16
AVERAGE MONTHLY: 42.2 TOTAL FOR MONTH: 0.70 1 = FOG OR MIST
DPTR FM NORMAL: -0.1 DPTR FM NORMAL: 0.25 2 = FOG REDUCING VISIBILITY
HIGHEST: 66 ON 10, 6 GRTST 24HR 0.45 ON 24-24 TO 1/4 MILE OR LESS
LOWEST: 20 ON 27 3 = THUNDER
SNOW, ICE PELLETS, HAIL 4 = ICE PELLETS
TOTAL MONTH: M 5 = HAIL
GRTST 24HR M ON M 6 = FREEZING RAIN OR DRIZZLE
GRTST DEPTH: M ON M 7 = DUSTSTORM OR SANDSTORM:
VSBY 1/2 MILE OR LESS
8 = SMOKE OR HAZE
[NO. OF DAYS WITH] [WEATHER - DAYS WITH] 9 = BLOWING SNOW
X = TORNADO
MAX 32 OR BELOW: 0 0.01 INCH OR MORE: 5
MAX 90 OR ABOVE: 0 0.10 INCH OR MORE: 2
MIN 32 OR BELOW: 24 0.50 INCH OR MORE: 0
MIN 0 OR BELOW: 0 1.00 INCH OR MORE: 0
[HDD (BASE 65) ]
TOTAL THIS MO. 698 CLEAR (SCALE 0-3) 26
DPTR FM NORMAL -6 PTCLDY (SCALE 4-7) 5
TOTAL FM JUL 1 2065 CLOUDY (SCALE 8-10) 0
DPTR FM NORMAL 48
[CDD (BASE 65) ]
TOTAL THIS MO. 0
DPTR FM NORMAL 0 [PRESSURE DATA]
TOTAL FM JAN 1 0 HIGHEST SLP 30.44 ON 12
DPTR FM NORMAL 0 LOWEST SLP 29.57 ON 17
[REMARKS]
#FINAL-01-23#